{"id":11740,"date":"2020-08-19T11:32:27","date_gmt":"2020-08-19T11:32:27","guid":{"rendered":"https:\/\/profaj.co\/auto\/?page_id=11740"},"modified":"2025-04-16T08:21:05","modified_gmt":"2025-04-16T08:21:05","slug":"hakkimizda","status":"publish","type":"page","link":"https:\/\/profaj.co\/auto\/hakkimizda\/","title":{"rendered":"Hakk\u0131m\u0131zda"},"content":{"rendered":"\t\t<div data-elementor-type=\"wp-page\" data-elementor-id=\"11740\" class=\"elementor elementor-11740\" data-elementor-post-type=\"page\">\n\t\t\t\t\t\t<section class=\"elementor-section elementor-top-section elementor-element elementor-element-f095308 elementor-section-boxed elementor-section-height-default elementor-section-height-default sc_fly_static\" data-id=\"f095308\" data-element_type=\"section\">\n\t\t\t\t\t\t<div class=\"elementor-container elementor-column-gap-extended\">\n\t\t\t\t\t<div class=\"elementor-column elementor-col-100 elementor-top-column elementor-element elementor-element-43bb3d0 sc_content_align_inherit sc_layouts_column_icons_position_left sc_fly_static\" data-id=\"43bb3d0\" data-element_type=\"column\">\n\t\t\t<div class=\"elementor-widget-wrap elementor-element-populated\">\n\t\t\t\t\t\t<div class=\"elementor-element elementor-element-6f42515 sc_layouts_hide_on_notebook sc_layouts_hide_on_tablet sc_layouts_hide_on_mobile sc_fly_static elementor-widget elementor-widget-spacer\" data-id=\"6f42515\" data-element_type=\"widget\" data-widget_type=\"spacer.default\">\n\t\t\t\t<div class=\"elementor-widget-container\">\n\t\t\t\t\t\t\t<div class=\"elementor-spacer\">\n\t\t\t<div class=\"elementor-spacer-inner\"><\/div>\n\t\t<\/div>\n\t\t\t\t\t\t<\/div>\n\t\t\t\t<\/div>\n\t\t\t\t<div class=\"elementor-element elementor-element-8976620 sc_height_huge sc_fly_static elementor-widget elementor-widget-spacer\" data-id=\"8976620\" data-element_type=\"widget\" data-widget_type=\"spacer.default\">\n\t\t\t\t<div class=\"elementor-widget-container\">\n\t\t\t\t\t\t\t<div class=\"elementor-spacer\">\n\t\t\t<div class=\"elementor-spacer-inner\"><\/div>\n\t\t<\/div>\n\t\t\t\t\t\t<\/div>\n\t\t\t\t<\/div>\n\t\t\t\t\t<\/div>\n\t\t<\/div>\n\t\t\t\t\t<\/div>\n\t\t<\/section>\n\t\t\t\t<section class=\"elementor-section elementor-top-section elementor-element elementor-element-015ee68 elementor-section-boxed elementor-section-height-default elementor-section-height-default sc_fly_static\" data-id=\"015ee68\" data-element_type=\"section\">\n\t\t\t\t\t\t<div class=\"elementor-container elementor-column-gap-extended\">\n\t\t\t\t\t<div class=\"elementor-column elementor-col-50 elementor-top-column elementor-element elementor-element-f743f82 sc_content_align_inherit sc_layouts_column_icons_position_left sc_fly_static\" data-id=\"f743f82\" data-element_type=\"column\">\n\t\t\t<div class=\"elementor-widget-wrap elementor-element-populated\">\n\t\t\t\t\t\t<div class=\"elementor-element elementor-element-fe540bb no-title sc_fly_static elementor-widget elementor-widget-image\" data-id=\"fe540bb\" data-element_type=\"widget\" data-widget_type=\"image.default\">\n\t\t\t\t<div class=\"elementor-widget-container\">\n\t\t\t\t\t\t\t\t\t\t\t\t\t\t\t<img fetchpriority=\"high\" decoding=\"async\" width=\"620\" height=\"700\" src=\"https:\/\/profaj.co\/auto\/wp-content\/uploads\/2025\/04\/kurumsal.webp\" class=\"attachment-full size-full wp-image-40369\" alt=\"\" srcset=\"https:\/\/profaj.co\/auto\/wp-content\/uploads\/2025\/04\/kurumsal.webp 620w, https:\/\/profaj.co\/auto\/wp-content\/uploads\/2025\/04\/kurumsal-266x300.webp 266w, https:\/\/profaj.co\/auto\/wp-content\/uploads\/2025\/04\/kurumsal-370x418.webp 370w, https:\/\/profaj.co\/auto\/wp-content\/uploads\/2025\/04\/kurumsal-410x463.webp 410w\" sizes=\"(max-width: 620px) 100vw, 620px\" \/>\t\t\t\t\t\t\t\t\t\t\t\t\t\t\t<\/div>\n\t\t\t\t<\/div>\n\t\t\t\t\t<\/div>\n\t\t<\/div>\n\t\t\t\t<div class=\"elementor-column elementor-col-50 elementor-top-column elementor-element elementor-element-4dedad6 sc_content_align_inherit sc_layouts_column_icons_position_left sc_fly_static\" data-id=\"4dedad6\" data-element_type=\"column\">\n\t\t\t<div class=\"elementor-widget-wrap elementor-element-populated\">\n\t\t\t\t\t\t<div class=\"elementor-element elementor-element-2a24bd8 sc_fly_static elementor-widget elementor-widget-heading\" data-id=\"2a24bd8\" data-element_type=\"widget\" data-widget_type=\"heading.default\">\n\t\t\t\t<div class=\"elementor-widget-container\">\n\t\t\t\t\t<h2 class=\"elementor-heading-title elementor-size-default\">Kurumsal<\/h2>\t\t\t\t<\/div>\n\t\t\t\t<\/div>\n\t\t\t\t<div class=\"elementor-element elementor-element-288ea24 sc_fly_static elementor-widget elementor-widget-text-editor\" data-id=\"288ea24\" data-element_type=\"widget\" data-widget_type=\"text-editor.default\">\n\t\t\t\t<div class=\"elementor-widget-container\">\n\t\t\t\t\t\t\t\t\t<p class=\"\" data-start=\"184\" data-end=\"469\"><strong data-start=\"184\" data-end=\"196\">Auto Uce<\/strong>, &#8220;Ultimate Car Excellence&#8221; anlay\u0131\u015f\u0131yla arac\u0131n\u0131z\u0131n hak etti\u011fi en \u00fcst d\u00fczey bak\u0131m\u0131 sunmak i\u00e7in \u0130zmir Bayrakl\u0131\u2019da hizmet vermektedir. Her bir detayda titizlik, her uygulamada uzmanl\u0131k anlay\u0131\u015f\u0131yla yola \u00e7\u0131kan Auto Uce, <strong data-start=\"411\" data-end=\"450\">ara\u00e7 bak\u0131m\u0131nda m\u00fckemmelli\u011fin adresi<\/strong> olmay\u0131 hedefliyor.<\/p><p class=\"\" data-start=\"471\" data-end=\"674\"><strong data-start=\"471\" data-end=\"531\">Y\u0131llarca Auto Club \u00e7at\u0131s\u0131 alt\u0131nda hizmet verdikten sonra<\/strong>, sekt\u00f6rdeki tecr\u00fcbesini ve m\u00fc\u015fteri memnuniyetine dayal\u0131 birikimini art\u0131k <strong data-start=\"605\" data-end=\"674\">kendi markas\u0131 Auto Uce ile premium bir hizmet anlay\u0131\u015f\u0131na ta\u015f\u0131yor.<\/strong><\/p><p class=\"\" data-start=\"676\" data-end=\"984\">Arac\u0131n\u0131za sadece temizlik ve koruma de\u011fil; g\u00fcven, de\u011fer ve \u00f6m\u00fcr katmay\u0131 ama\u00e7layan Auto Uce, son teknoloji \u00fcr\u00fcnleri, ileri uygulama teknikleri ve profesyonel kadrosu ile hizmet verir. Her ara\u00e7 bizim i\u00e7in \u00f6zeldir; \u00e7\u00fcnk\u00fc biz sadece ara\u00e7lara de\u011fil, onlar\u0131 seven ve onlara \u00f6zen g\u00f6steren insanlara hizmet ediyoruz.<\/p><p class=\"\" data-start=\"986\" data-end=\"1154\"><strong data-start=\"986\" data-end=\"1085\">Seramik kaplama, boya koruma, PPF uygulamalar\u0131, cam filmi, detayl\u0131 temizlik ve hijyen \u00e7\u00f6z\u00fcmleri<\/strong> gibi geni\u015f bir yelpazede, y\u00fcksek memnuniyet odakl\u0131 hizmet sunuyoruz.<\/p><p class=\"\" data-start=\"1156\" data-end=\"1275\">Auto Uce, \u0130zmir\u2019in kalbinde, Bayrakl\u0131\u2019da; sadece g\u00f6r\u00fcn\u00fcm de\u011fil, kaliteyi de korumak isteyen ara\u00e7 sahipleri i\u00e7in burada.<\/p>\t\t\t\t\t\t\t\t<\/div>\n\t\t\t\t<\/div>\n\t\t\t\t\t<\/div>\n\t\t<\/div>\n\t\t\t\t\t<\/div>\n\t\t<\/section>\n\t\t\t\t<section class=\"elementor-section elementor-top-section elementor-element elementor-element-d0397be elementor-section-boxed elementor-section-height-default elementor-section-height-default sc_fly_static\" data-id=\"d0397be\" data-element_type=\"section\" data-settings=\"{&quot;background_background&quot;:&quot;classic&quot;}\">\n\t\t\t\t\t\t<div class=\"elementor-container elementor-column-gap-extended\">\n\t\t\t\t\t<div class=\"elementor-column elementor-col-100 elementor-top-column elementor-element elementor-element-34ef4ab sc_content_align_inherit sc_layouts_column_icons_position_left sc_fly_static\" data-id=\"34ef4ab\" data-element_type=\"column\">\n\t\t\t<div class=\"elementor-widget-wrap elementor-element-populated\">\n\t\t\t\t\t\t<div class=\"elementor-element elementor-element-76b60f5 sc_height_huge sc_fly_static elementor-widget elementor-widget-spacer\" data-id=\"76b60f5\" data-element_type=\"widget\" data-widget_type=\"spacer.default\">\n\t\t\t\t<div class=\"elementor-widget-container\">\n\t\t\t\t\t\t\t<div class=\"elementor-spacer\">\n\t\t\t<div class=\"elementor-spacer-inner\"><\/div>\n\t\t<\/div>\n\t\t\t\t\t\t<\/div>\n\t\t\t\t<\/div>\n\t\t\t\t<div class=\"elementor-element elementor-element-d6bee1a sc_layouts_hide_on_notebook sc_layouts_hide_on_mobile sc_layouts_hide_on_tablet sc_fly_static elementor-widget elementor-widget-spacer\" data-id=\"d6bee1a\" data-element_type=\"widget\" data-widget_type=\"spacer.default\">\n\t\t\t\t<div class=\"elementor-widget-container\">\n\t\t\t\t\t\t\t<div class=\"elementor-spacer\">\n\t\t\t<div class=\"elementor-spacer-inner\"><\/div>\n\t\t<\/div>\n\t\t\t\t\t\t<\/div>\n\t\t\t\t<\/div>\n\t\t\t\t\t<\/div>\n\t\t<\/div>\n\t\t\t\t\t<\/div>\n\t\t<\/section>\n\t\t\t\t<\/div>\n\t\t","protected":false},"excerpt":{"rendered":"<p>Kurumsal Auto Uce, &#8220;Ultimate Car Excellence&#8221; anlay\u0131\u015f\u0131yla arac\u0131n\u0131z\u0131n hak etti\u011fi en \u00fcst d\u00fczey bak\u0131m\u0131 sunmak i\u00e7in \u0130zmir Bayrakl\u0131\u2019da hizmet vermektedir. Her bir detayda titizlik, her uygulamada uzmanl\u0131k anlay\u0131\u015f\u0131yla yola \u00e7\u0131kan&hellip;<\/p>\n","protected":false},"author":1,"featured_media":0,"parent":0,"menu_order":0,"comment_status":"closed","ping_status":"closed","template":"","meta":{"footnotes":""},"class_list":["post-11740","page","type-page","status-publish","hentry"],"_links":{"self":[{"href":"https:\/\/profaj.co\/auto\/wp-json\/wp\/v2\/pages\/11740","targetHints":{"allow":["GET"]}}],"collection":[{"href":"https:\/\/profaj.co\/auto\/wp-json\/wp\/v2\/pages"}],"about":[{"href":"https:\/\/profaj.co\/auto\/wp-json\/wp\/v2\/types\/page"}],"author":[{"embeddable":true,"href":"https:\/\/profaj.co\/auto\/wp-json\/wp\/v2\/users\/1"}],"replies":[{"embeddable":true,"href":"https:\/\/profaj.co\/auto\/wp-json\/wp\/v2\/comments?post=11740"}],"version-history":[{"count":7,"href":"https:\/\/profaj.co\/auto\/wp-json\/wp\/v2\/pages\/11740\/revisions"}],"predecessor-version":[{"id":40375,"href":"https:\/\/profaj.co\/auto\/wp-json\/wp\/v2\/pages\/11740\/revisions\/40375"}],"wp:attachment":[{"href":"https:\/\/profaj.co\/auto\/wp-json\/wp\/v2\/media?parent=11740"}],"curies":[{"name":"wp","href":"https:\/\/api.w.org\/{rel}","templated":true}]}}