{"id":799,"date":"2025-08-18T05:43:09","date_gmt":"2025-08-18T05:43:09","guid":{"rendered":"https:\/\/profaj.co\/coordinat360\/?page_id=799"},"modified":"2025-09-03T06:27:57","modified_gmt":"2025-09-03T06:27:57","slug":"devam-eden-projeler","status":"publish","type":"page","link":"https:\/\/profaj.co\/coordinat360\/devam-eden-projeler\/","title":{"rendered":"Devam Eden Projeler"},"content":{"rendered":"\t\t<div data-elementor-type=\"wp-page\" data-elementor-id=\"799\" class=\"elementor elementor-799\" data-elementor-post-type=\"page\">\n\t\t\t\t<div class=\"elementor-element elementor-element-d4cd12b e-flex e-con-boxed e-con e-parent\" data-id=\"d4cd12b\" data-element_type=\"container\" data-settings=\"{&quot;background_background&quot;:&quot;classic&quot;}\">\n\t\t\t\t\t<div class=\"e-con-inner\">\n\t\t\t\t<div class=\"elementor-element elementor-element-83483a1 elementor-invisible elementor-widget elementor-widget-heading\" data-id=\"83483a1\" data-element_type=\"widget\" data-settings=\"{&quot;_animation&quot;:&quot;fadeInUp&quot;}\" data-widget_type=\"heading.default\">\n\t\t\t\t\t<h1 class=\"elementor-heading-title elementor-size-default\">Devam Eden Projeler<\/h1>\t\t\t\t<\/div>\n\t\t\t\t\t<\/div>\n\t\t\t\t<\/div>\n\t\t<div class=\"elementor-element elementor-element-e5df626 e-flex e-con-boxed e-con e-parent\" data-id=\"e5df626\" data-element_type=\"container\">\n\t\t\t\t\t<div class=\"e-con-inner\">\n\t\t<div class=\"elementor-element elementor-element-7fe4220 e-con-full e-flex e-con e-child\" data-id=\"7fe4220\" data-element_type=\"container\">\n\t\t<div class=\"elementor-element elementor-element-8c6d102 e-con-full e-flex e-con e-child\" data-id=\"8c6d102\" data-element_type=\"container\">\n\t\t\t\t<div class=\"elementor-element elementor-element-c5646c9 elementor-invisible elementor-widget elementor-widget-heading\" data-id=\"c5646c9\" data-element_type=\"widget\" data-settings=\"{&quot;_animation&quot;:&quot;fadeInUp&quot;}\" data-widget_type=\"heading.default\">\n\t\t\t\t\t<h2 class=\"elementor-heading-title elementor-size-default\">Projelerimiz<\/h2>\t\t\t\t<\/div>\n\t\t\t\t<\/div>\n\t\t\t\t<div class=\"elementor-element elementor-element-9027b8a elementor-widget__width-initial elementor-invisible elementor-widget elementor-widget-text-editor\" data-id=\"9027b8a\" data-element_type=\"widget\" data-settings=\"{&quot;_animation&quot;:&quot;fadeInUp&quot;}\" data-widget_type=\"text-editor.default\">\n\t\t\t\t\t\t\t\t\t<p>Estetik ve i\u015flevselli\u011fi bulu\u015fturarak konut, ticari alan ve kentsel planlama projeleri \u00fcretiyoruz. Amac\u0131m\u0131z; sadece yap\u0131lar de\u011fil, ilham veren ya\u015fam alanlar\u0131 tasarlamak.<\/p>\t\t\t\t\t\t\t\t<\/div>\n\t\t\t\t<\/div>\n\t\t<div class=\"elementor-element elementor-element-36a0aac e-con-full e-flex e-con e-child\" data-id=\"36a0aac\" data-element_type=\"container\">\n\t\t\t\t<div class=\"elementor-element elementor-element-d95daa4 elementor-grid-2 elementor-grid-tablet-2 elementor-grid-mobile-1 elementor-widget elementor-widget-loop-grid\" data-id=\"d95daa4\" data-element_type=\"widget\" data-settings=\"{&quot;template_id&quot;:&quot;448&quot;,&quot;columns&quot;:2,&quot;_skin&quot;:&quot;post&quot;,&quot;columns_tablet&quot;:&quot;2&quot;,&quot;columns_mobile&quot;:&quot;1&quot;,&quot;edit_handle_selector&quot;:&quot;[data-elementor-type=\\&quot;loop-item\\&quot;]&quot;,&quot;row_gap&quot;:{&quot;unit&quot;:&quot;px&quot;,&quot;size&quot;:&quot;&quot;,&quot;sizes&quot;:[]},&quot;row_gap_widescreen&quot;:{&quot;unit&quot;:&quot;px&quot;,&quot;size&quot;:&quot;&quot;,&quot;sizes&quot;:[]},&quot;row_gap_tablet&quot;:{&quot;unit&quot;:&quot;px&quot;,&quot;size&quot;:&quot;&quot;,&quot;sizes&quot;:[]},&quot;row_gap_mobile&quot;:{&quot;unit&quot;:&quot;px&quot;,&quot;size&quot;:&quot;&quot;,&quot;sizes&quot;:[]}}\" data-widget_type=\"loop-grid.post\">\n\t\t\t\t<div class=\"elementor-widget-container\">\n\t\t\t\t\t\t\t<div class=\"elementor-loop-container elementor-grid\" role=\"list\">\n\t\t<style id=\"loop-448\">.elementor-448 .elementor-element.elementor-element-373d584{--display:flex;--flex-direction:column;--container-widget-width:100%;--container-widget-height:initial;--container-widget-flex-grow:0;--container-widget-align-self:initial;--flex-wrap-mobile:wrap;}.elementor-448 .elementor-element.elementor-element-61c7484 img{width:100%;height:285px;object-fit:cover;object-position:center center;}.elementor-448 .elementor-element.elementor-element-c633914 .elementor-heading-title{font-size:16px;color:var( --e-global-color-fd8cac6 );}.elementor-448 .elementor-element.elementor-element-d56cb51 .elementor-heading-title{font-size:25px;}<\/style>\t\t<div data-elementor-type=\"loop-item\" data-elementor-id=\"448\" class=\"elementor elementor-448 e-loop-item e-loop-item-458 post-458 projeler type-projeler status-publish has-post-thumbnail hentry kategori-devam-eden-projeler\" data-elementor-post-type=\"elementor_library\" data-custom-edit-handle=\"1\">\n\t\t\t<div class=\"elementor-element elementor-element-373d584 e-flex e-con-boxed e-con e-parent\" data-id=\"373d584\" data-element_type=\"container\">\n\t\t\t\t\t<div class=\"e-con-inner\">\n\t\t\t\t<div class=\"elementor-element elementor-element-61c7484 elementor-widget elementor-widget-image\" data-id=\"61c7484\" data-element_type=\"widget\" data-widget_type=\"image.default\">\n\t\t\t\t\t\t\t\t\t\t\t\t\t\t\t\t<a href=\"https:\/\/coordinatwest.com\/\" target=\"_blank\">\n\t\t\t\t\t\t\t<img fetchpriority=\"high\" decoding=\"async\" width=\"2200\" height=\"1056\" src=\"https:\/\/profaj.co\/coordinat360\/wp-content\/uploads\/2025\/08\/coordinat-west-2-2.jpg\" class=\"elementor-animation-grow attachment-full size-full wp-image-459\" alt=\"\" srcset=\"https:\/\/profaj.co\/coordinat360\/wp-content\/uploads\/2025\/08\/coordinat-west-2-2.jpg 2200w, https:\/\/profaj.co\/coordinat360\/wp-content\/uploads\/2025\/08\/coordinat-west-2-2-300x144.jpg 300w, https:\/\/profaj.co\/coordinat360\/wp-content\/uploads\/2025\/08\/coordinat-west-2-2-1024x492.jpg 1024w, https:\/\/profaj.co\/coordinat360\/wp-content\/uploads\/2025\/08\/coordinat-west-2-2-768x369.jpg 768w, https:\/\/profaj.co\/coordinat360\/wp-content\/uploads\/2025\/08\/coordinat-west-2-2-1536x737.jpg 1536w, https:\/\/profaj.co\/coordinat360\/wp-content\/uploads\/2025\/08\/coordinat-west-2-2-2048x983.jpg 2048w\" sizes=\"(max-width: 2200px) 100vw, 2200px\" \/>\t\t\t\t\t\t\t\t<\/a>\n\t\t\t\t\t\t\t\t\t\t\t\t\t\t\t<\/div>\n\t\t\t\t<div class=\"elementor-element elementor-element-c633914 elementor-widget elementor-widget-heading\" data-id=\"c633914\" data-element_type=\"widget\" data-widget_type=\"heading.default\">\n\t\t\t\t\t<h2 class=\"elementor-heading-title elementor-size-default\"><span>Devam Eden Projeler<\/span><\/h2>\t\t\t\t<\/div>\n\t\t\t\t<div class=\"elementor-element elementor-element-d56cb51 elementor-widget elementor-widget-heading\" data-id=\"d56cb51\" data-element_type=\"widget\" data-widget_type=\"heading.default\">\n\t\t\t\t\t<h2 class=\"elementor-heading-title elementor-size-default\"><a href=\"https:\/\/coordinatwest.com\/\" target=\"_blank\">Coordinat West<\/a><\/h2>\t\t\t\t<\/div>\n\t\t\t\t\t<\/div>\n\t\t\t\t<\/div>\n\t\t\t\t<\/div>\n\t\t\t\t<\/div>\n\t\t\n\t\t\t\t\t\t<\/div>\n\t\t\t\t<\/div>\n\t\t\t\t<\/div>\n\t\t\t\t\t<\/div>\n\t\t\t\t<\/div>\n\t\t\t\t<\/div>\n\t\t","protected":false},"excerpt":{"rendered":"<p>Projelerimiz Estetik ve i\u015flevselli\u011fi bulu\u015fturarak konut, ticari alan ve kentsel planlama projeleri \u00fcretiyoruz. Amac\u0131m\u0131z; sadece yap\u0131lar de\u011fil, ilham veren ya\u015fam alanlar\u0131 tasarlamak.<\/p>\n","protected":false},"author":1,"featured_media":0,"parent":0,"menu_order":0,"comment_status":"closed","ping_status":"closed","template":"","meta":{"_acf_changed":false,"footnotes":""},"class_list":["post-799","page","type-page","status-publish","hentry"],"acf":[],"_links":{"self":[{"href":"https:\/\/profaj.co\/coordinat360\/wp-json\/wp\/v2\/pages\/799","targetHints":{"allow":["GET"]}}],"collection":[{"href":"https:\/\/profaj.co\/coordinat360\/wp-json\/wp\/v2\/pages"}],"about":[{"href":"https:\/\/profaj.co\/coordinat360\/wp-json\/wp\/v2\/types\/page"}],"author":[{"embeddable":true,"href":"https:\/\/profaj.co\/coordinat360\/wp-json\/wp\/v2\/users\/1"}],"replies":[{"embeddable":true,"href":"https:\/\/profaj.co\/coordinat360\/wp-json\/wp\/v2\/comments?post=799"}],"version-history":[{"count":7,"href":"https:\/\/profaj.co\/coordinat360\/wp-json\/wp\/v2\/pages\/799\/revisions"}],"predecessor-version":[{"id":973,"href":"https:\/\/profaj.co\/coordinat360\/wp-json\/wp\/v2\/pages\/799\/revisions\/973"}],"wp:attachment":[{"href":"https:\/\/profaj.co\/coordinat360\/wp-json\/wp\/v2\/media?parent=799"}],"curies":[{"name":"wp","href":"https:\/\/api.w.org\/{rel}","templated":true}]}}