{"id":193,"date":"2025-02-27T08:42:25","date_gmt":"2025-02-27T08:42:25","guid":{"rendered":"https:\/\/profaj.co\/emekliliktarihim\/?page_id=193"},"modified":"2025-02-27T08:42:25","modified_gmt":"2025-02-27T08:42:25","slug":"gizlilik-politikasi","status":"publish","type":"page","link":"https:\/\/profaj.co\/emekliliktarihim\/gizlilik-politikasi\/","title":{"rendered":"Gizlilik Politikas\u0131"},"content":{"rendered":"<p data-pm-slice=\"1 1 []\"><strong>1. Genel \u0130lkeler<\/strong><br \/>\nEmeklilik Tarihim, kullan\u0131c\u0131lar\u0131n ki\u015fisel verilerini gizlili\u011fe uygun olarak saklamay\u0131 ve yasal mevzuat do\u011frultusunda korumay\u0131 taahh\u00fct eder.<\/p>\n<p><strong>2. Toplanan Veriler<\/strong><\/p>\n<ul data-spread=\"false\">\n<li>\u0130sim, soyisim, ileti\u015fim bilgileri,<\/li>\n<li>IP adresi ve kullan\u0131c\u0131 hareketleri,<\/li>\n<li>Hizmetlerden yararlanma s\u00fcreciyle ilgili veriler.<\/li>\n<\/ul>\n<p><strong>3. Kullan\u0131m Ama\u00e7lar\u0131<\/strong><\/p>\n<ul data-spread=\"false\">\n<li>Kullan\u0131c\u0131 deneyimini geli\u015ftirmek,<\/li>\n<li>Hizmetleri iyile\u015ftirmek,<\/li>\n<li>Yasal y\u00fck\u00fcml\u00fcl\u00fckleri yerine getirmek.<\/li>\n<\/ul>\n<p><strong>4. Veri Saklama S\u00fcresi<\/strong><br \/>\nToplanan veriler, ilgili mevzuata uygun olarak belirli bir s\u00fcre saklan\u0131r ve s\u00fcresi doldu\u011funda silinir.<\/p>\n","protected":false},"excerpt":{"rendered":"<p>1. Genel \u0130lkeler Emeklilik Tarihim, kullan\u0131c\u0131lar\u0131n ki\u015fisel verilerini gizlili\u011fe uygun olarak saklamay\u0131 ve yasal mevzuat do\u011frultusunda korumay\u0131 taahh\u00fct eder. 2. Toplanan Veriler \u0130sim, soyisim, ileti\u015fim bilgileri, IP adresi ve kullan\u0131c\u0131 hareketleri, Hizmetlerden yararlanma s\u00fcreciyle ilgili veriler. 3. Kullan\u0131m Ama\u00e7lar\u0131 Kullan\u0131c\u0131 deneyimini geli\u015ftirmek, Hizmetleri iyile\u015ftirmek, Yasal y\u00fck\u00fcml\u00fcl\u00fckleri yerine getirmek. 4. Veri Saklama S\u00fcresi Toplanan veriler, ilgili [&hellip;]<\/p>\n","protected":false},"author":1,"featured_media":0,"parent":0,"menu_order":0,"comment_status":"closed","ping_status":"closed","template":"","meta":{"footnotes":""},"class_list":["post-193","page","type-page","status-publish","hentry"],"_links":{"self":[{"href":"https:\/\/profaj.co\/emekliliktarihim\/wp-json\/wp\/v2\/pages\/193","targetHints":{"allow":["GET"]}}],"collection":[{"href":"https:\/\/profaj.co\/emekliliktarihim\/wp-json\/wp\/v2\/pages"}],"about":[{"href":"https:\/\/profaj.co\/emekliliktarihim\/wp-json\/wp\/v2\/types\/page"}],"author":[{"embeddable":true,"href":"https:\/\/profaj.co\/emekliliktarihim\/wp-json\/wp\/v2\/users\/1"}],"replies":[{"embeddable":true,"href":"https:\/\/profaj.co\/emekliliktarihim\/wp-json\/wp\/v2\/comments?post=193"}],"version-history":[{"count":1,"href":"https:\/\/profaj.co\/emekliliktarihim\/wp-json\/wp\/v2\/pages\/193\/revisions"}],"predecessor-version":[{"id":194,"href":"https:\/\/profaj.co\/emekliliktarihim\/wp-json\/wp\/v2\/pages\/193\/revisions\/194"}],"wp:attachment":[{"href":"https:\/\/profaj.co\/emekliliktarihim\/wp-json\/wp\/v2\/media?parent=193"}],"curies":[{"name":"wp","href":"https:\/\/api.w.org\/{rel}","templated":true}]}}

Gizlilik Politikası

<p data-pm-slice="1 1 []"><strong>1. Genel İlkeler</strong><br />
Emeklilik Tarihim, kullanıcıların kişisel verilerini gizliliğe uygun olarak saklamayı ve yasal mevzuat doğrultusunda korumayı taahhüt eder.</p>
<p><strong>2. Toplanan Veriler</strong></p>
<ul data-spread="false">
<li>İsim, soyisim, iletişim bilgileri,</li>
<li>IP adresi ve kullanıcı hareketleri,</li>
<li>Hizmetlerden yararlanma süreciyle ilgili veriler.</li>
</ul>
<p><strong>3. Kullanım Amaçları</strong></p>
<ul data-spread="false">
<li>Kullanıcı deneyimini geliştirmek,</li>
<li>Hizmetleri iyileştirmek,</li>
<li>Yasal yükümlülükleri yerine getirmek.</li>
</ul>
<p><strong>4. Veri Saklama Süresi</strong><br />
Toplanan veriler, ilgili mevzuata uygun olarak belirli bir süre saklanır ve süresi dolduğunda silinir.</p>

<p>1. Genel İlkeler Emeklilik Tarihim, kullanıcıların kişisel verilerini gizliliğe uygun olarak saklamayı ve yasal mevzuat doğrultusunda korumayı taahhüt eder. 2. Toplanan Veriler İsim, soyisim, iletişim bilgileri, IP adresi ve kullanıcı hareketleri, Hizmetlerden yararlanma süreciyle ilgili veriler. 3. Kullanım Amaçları Kullanıcı deneyimini geliştirmek, Hizmetleri iyileştirmek, Yasal yükümlülükleri yerine getirmek. 4. Veri Saklama Süresi Toplanan veriler, ilgili [&hellip;]</p>
