{"id":24786,"date":"2024-08-29T07:34:41","date_gmt":"2024-08-29T07:34:41","guid":{"rendered":"https:\/\/profaj.co\/hemenforklift\/?post_type=product&#038;p=24786"},"modified":"2024-09-02T10:05:48","modified_gmt":"2024-09-02T10:05:48","slug":"paket-1-urun","status":"publish","type":"product","link":"https:\/\/profaj.co\/hemenforklift\/product\/paket-1-urun\/","title":{"rendered":"Paket 1 \u00dcr\u00fcn"},"content":{"rendered":"<ul>\n<li>250 Saat Bak\u0131mda De\u011fi\u015fenler<\/li>\n<li>Motor Ya\u011f\u0131<\/li>\n<li>Hava Filtresi<\/li>\n<li>Ya\u011f Filtresi<\/li>\n<li>Yak\u0131t Filtresi<\/li>\n<li>Temizleme Spreyi<\/li>\n<li>Ya\u011flama Spreyi<\/li>\n<li>Kuru Ya\u011flama<\/li>\n<li>Bak\u0131m \u0130\u015f\u00e7ili\u011fi<\/li>\n<\/ul>\n","protected":false},"excerpt":{"rendered":"<p>250 Saat Bak\u0131mda De\u011fi\u015fenler Motor Ya\u011f\u0131 Hava Filtresi Ya\u011f Filtresi Yak\u0131t Filtresi Temizleme Spreyi Ya\u011flama Spreyi Kuru Ya\u011flama Bak\u0131m \u0130\u015f\u00e7ili\u011fi<\/p>\n","protected":false},"featured_media":24785,"comment_status":"open","ping_status":"closed","template":"","meta":{"_acf_changed":false},"product_cat":[228],"product_tag":[],"class_list":{"0":"post-24786","1":"product","2":"type-product","3":"status-publish","4":"has-post-thumbnail","6":"product_cat-paketler","8":"first","9":"instock","10":"shipping-taxable","11":"purchasable","12":"product-type-simple"},"acf":[],"_links":{"self":[{"href":"https:\/\/profaj.co\/hemenforklift\/wp-json\/wp\/v2\/product\/24786","targetHints":{"allow":["GET"]}}],"collection":[{"href":"https:\/\/profaj.co\/hemenforklift\/wp-json\/wp\/v2\/product"}],"about":[{"href":"https:\/\/profaj.co\/hemenforklift\/wp-json\/wp\/v2\/types\/product"}],"replies":[{"embeddable":true,"href":"https:\/\/profaj.co\/hemenforklift\/wp-json\/wp\/v2\/comments?post=24786"}],"wp:featuredmedia":[{"embeddable":true,"href":"https:\/\/profaj.co\/hemenforklift\/wp-json\/wp\/v2\/media\/24785"}],"wp:attachment":[{"href":"https:\/\/profaj.co\/hemenforklift\/wp-json\/wp\/v2\/media?parent=24786"}],"wp:term":[{"taxonomy":"product_cat","embeddable":true,"href":"https:\/\/profaj.co\/hemenforklift\/wp-json\/wp\/v2\/product_cat?post=24786"},{"taxonomy":"product_tag","embeddable":true,"href":"https:\/\/profaj.co\/hemenforklift\/wp-json\/wp\/v2\/product_tag?post=24786"}],"curies":[{"name":"wp","href":"https:\/\/api.w.org\/{rel}","templated":true}]}}

Paket 1 Ürün

<ul>
<li>250 Saat Bakımda Değişenler</li>
<li>Motor Yağı</li>
<li>Hava Filtresi</li>
<li>Yağ Filtresi</li>
<li>Yakıt Filtresi</li>
<li>Temizleme Spreyi</li>
<li>Yağlama Spreyi</li>
<li>Kuru Yağlama</li>
<li>Bakım İşçiliği</li>
</ul>

<p>250 Saat Bakımda Değişenler Motor Yağı Hava Filtresi Yağ Filtresi Yakıt Filtresi Temizleme Spreyi Yağlama Spreyi Kuru Yağlama Bakım İşçiliği</p>
