{"id":3086,"date":"2023-10-11T08:13:05","date_gmt":"2023-10-11T08:13:05","guid":{"rendered":"https:\/\/profaj.co\/icu\/?page_id=3086"},"modified":"2023-10-11T08:13:34","modified_gmt":"2023-10-11T08:13:34","slug":"haci-bayram-basaran","status":"publish","type":"page","link":"https:\/\/profaj.co\/icu\/haci-bayram-basaran\/","title":{"rendered":"HACI BAYRAM BA\u015eARAN"},"content":{"rendered":"\t\t<div data-elementor-type=\"wp-page\" data-elementor-id=\"3086\" class=\"elementor elementor-3086\">\n\t\t\t\t\t\t\t\t\t<section class=\"elementor-section elementor-top-section elementor-element elementor-element-9e13ca5 elementor-section-boxed elementor-section-height-default elementor-section-height-default\" data-id=\"9e13ca5\" data-element_type=\"section\" data-settings=\"{&quot;background_background&quot;:&quot;classic&quot;}\">\n\t\t\t\t\t\t\t<div class=\"elementor-background-overlay\"><\/div>\n\t\t\t\t\t\t\t<div class=\"elementor-container elementor-column-gap-default\">\n\t\t\t\t\t<div class=\"elementor-column elementor-col-100 elementor-top-column elementor-element elementor-element-347d169\" data-id=\"347d169\" data-element_type=\"column\">\n\t\t\t<div class=\"elementor-widget-wrap\">\n\t\t\t\t\t\t\t\t\t<\/div>\n\t\t<\/div>\n\t\t\t\t\t\t\t<\/div>\n\t\t<\/section>\n\t\t\t\t<section class=\"elementor-section elementor-top-section elementor-element elementor-element-27a48f0f elementor-section-height-min-height elementor-section-content-middle elementor-section-boxed elementor-section-height-default elementor-section-items-middle\" data-id=\"27a48f0f\" data-element_type=\"section\">\n\t\t\t\t\t\t<div class=\"elementor-container elementor-column-gap-no\">\n\t\t\t\t\t<div class=\"elementor-column elementor-col-100 elementor-top-column elementor-element elementor-element-60260a57\" data-id=\"60260a57\" data-element_type=\"column\">\n\t\t\t<div class=\"elementor-widget-wrap elementor-element-populated\">\n\t\t\t\t\t\t\t\t<section class=\"elementor-section elementor-inner-section elementor-element elementor-element-cae7ed3 elementor-section-boxed elementor-section-height-default elementor-section-height-default\" data-id=\"cae7ed3\" data-element_type=\"section\">\n\t\t\t\t\t\t<div class=\"elementor-container elementor-column-gap-default\">\n\t\t\t\t\t<div class=\"elementor-column elementor-col-100 elementor-inner-column elementor-element elementor-element-5e99e90\" data-id=\"5e99e90\" data-element_type=\"column\">\n\t\t\t<div class=\"elementor-widget-wrap elementor-element-populated\">\n\t\t\t\t\t\t\t\t<div class=\"elementor-element elementor-element-3e90b01 elementor-widget elementor-widget-text-editor\" data-id=\"3e90b01\" data-element_type=\"widget\" data-widget_type=\"text-editor.default\">\n\t\t\t\t<div class=\"elementor-widget-container\">\n\t\t\t<style>\/*! elementor - v3.12.1 - 02-04-2023 *\/\n.elementor-widget-text-editor.elementor-drop-cap-view-stacked .elementor-drop-cap{background-color:#69727d;color:#fff}.elementor-widget-text-editor.elementor-drop-cap-view-framed .elementor-drop-cap{color:#69727d;border:3px solid;background-color:transparent}.elementor-widget-text-editor:not(.elementor-drop-cap-view-default) .elementor-drop-cap{margin-top:8px}.elementor-widget-text-editor:not(.elementor-drop-cap-view-default) .elementor-drop-cap-letter{width:1em;height:1em}.elementor-widget-text-editor .elementor-drop-cap{float:left;text-align:center;line-height:1;font-size:50px}.elementor-widget-text-editor .elementor-drop-cap-letter{display:inline-block}<\/style>\t\t\t\t<p>Hac\u0131 Bayram Ba\u015faran, Anadolu \u00dcniversitesi \u0130ktisat Fak\u00fcltesi mezunu (1981- 1985) olup, y\u00fcksek lisans\u0131n\u0131 \u0130stanbul \u00dcniversitesi \u0130ktisat Para Banka (1986-1987) alan\u0131nda yapm\u0131\u015ft\u0131r.<\/p><p>Meslek hayat\u0131na D\u00fcnya Gazetesi Muhabir Yazar Haber M\u00fcd\u00fcr\u00fc (1983-1990) olarak ba\u015flam\u0131\u015f, Terc\u00fcman Gazetesi Ekonomi M\u00fcd\u00fcr\u00fc ve Yazar\u0131 (1990- 1991), Para Dergisi Sabah Gazetesi Ekonomi Yazar\u0131 (1991-1992), Emlak Bankas\u0131 Genel M\u00fcd\u00fcr Ba\u015f Dan\u0131\u015fman\u0131 (1992-1994), Uran Holding CFO su ve Pazarlama Direkt\u00f6r\u00fc (1994- 1996), NTV ve CNBC-E News Director and Anchorman (1996-2002), Show TV Anchorman \/ Haber M\u00fcd\u00fcr\u00fc (2002-2004), Uran Holding ve Urasan \u0130n\u015faat Y\u00f6netim Kurulu \u00dcyesi ve CFO su (2004-2006), Han Yap\u0131 Gayrimenkul \u0130n\u015faat A.\u015e Genel M\u00fcd\u00fcr\u00fc (2006-2010), Yeni Do\u011fu\u015f \u0130n\u015faat A.\u015e. Genel M\u00fcd\u00fcr\u00fc (2011-2013), Rusya Soghi \u015fehrinde bulunan YD \u0130n\u015faat CEO su (2013-2014), QT REAL ESTAT A.\u015e. Genel M\u00fcd\u00fcr\u00fc (2014\u20132019) pozisyonlar\u0131nda \u00e7al\u0131\u015fm\u0131\u015ft\u0131r. Uluslararas\u0131 kurulu\u015flara 2019 y\u0131l\u0131ndan bu yana ekonomi dan\u0131\u015fmanl\u0131\u011f\u0131 yapmaktad\u0131r.<\/p><p>Hac\u0131 Bayram Ba\u015faran\u2019\u0131n, 1987 ve 1988 y\u0131llar\u0131nda Borsa ve Sermaye Piyasalar\u0131 \u00fczerine yay\u0131nlanm\u0131\u015f iki kitab\u0131 bulunmakta olup, bir\u00e7ok gazete ve dergide ekonomiyle ilgili yaz\u0131lar\u0131 yay\u0131mlanm\u0131\u015ft\u0131r.<\/p>\t\t\t\t\t\t<\/div>\n\t\t\t\t<\/div>\n\t\t\t\t\t<\/div>\n\t\t<\/div>\n\t\t\t\t\t\t\t<\/div>\n\t\t<\/section>\n\t\t\t\t\t<\/div>\n\t\t<\/div>\n\t\t\t\t\t\t\t<\/div>\n\t\t<\/section>\n\t\t\t\t\t\t\t<\/div>\n\t\t","protected":false},"excerpt":{"rendered":"<p>Hac\u0131 Bayram Ba\u015faran, Anadolu \u00dcniversitesi \u0130ktisat Fak\u00fcltesi mezunu (1981- 1985) olup, y\u00fcksek lisans\u0131n\u0131 \u0130stanbul \u00dcniversitesi \u0130ktisat Para Banka (1986-1987) alan\u0131nda yapm\u0131\u015ft\u0131r. Meslek hayat\u0131na D\u00fcnya Gazetesi Muhabir Yazar Haber M\u00fcd\u00fcr\u00fc (1983-1990) olarak ba\u015flam\u0131\u015f, Terc\u00fcman Gazetesi Ekonomi M\u00fcd\u00fcr\u00fc ve Yazar\u0131 (1990- 1991), Para Dergisi Sabah Gazetesi Ekonomi Yazar\u0131 (1991-1992), Emlak Bankas\u0131 Genel M\u00fcd\u00fcr Ba\u015f Dan\u0131\u015fman\u0131 (1992-1994), Uran [&hellip;]<\/p>\n","protected":false},"author":1,"featured_media":0,"parent":0,"menu_order":0,"comment_status":"closed","ping_status":"closed","template":"","meta":{"footnotes":""},"class_list":["post-3086","page","type-page","status-publish","hentry"],"_links":{"self":[{"href":"https:\/\/profaj.co\/icu\/wp-json\/wp\/v2\/pages\/3086","targetHints":{"allow":["GET"]}}],"collection":[{"href":"https:\/\/profaj.co\/icu\/wp-json\/wp\/v2\/pages"}],"about":[{"href":"https:\/\/profaj.co\/icu\/wp-json\/wp\/v2\/types\/page"}],"author":[{"embeddable":true,"href":"https:\/\/profaj.co\/icu\/wp-json\/wp\/v2\/users\/1"}],"replies":[{"embeddable":true,"href":"https:\/\/profaj.co\/icu\/wp-json\/wp\/v2\/comments?post=3086"}],"version-history":[{"count":4,"href":"https:\/\/profaj.co\/icu\/wp-json\/wp\/v2\/pages\/3086\/revisions"}],"predecessor-version":[{"id":3090,"href":"https:\/\/profaj.co\/icu\/wp-json\/wp\/v2\/pages\/3086\/revisions\/3090"}],"wp:attachment":[{"href":"https:\/\/profaj.co\/icu\/wp-json\/wp\/v2\/media?parent=3086"}],"curies":[{"name":"wp","href":"https:\/\/api.w.org\/{rel}","templated":true}]}}

HACI BAYRAM BAŞARAN

<div data-elementor-type="wp-page" data-elementor-id="3086" class="elementor elementor-3086">
									<section class="elementor-section elementor-top-section elementor-element elementor-element-9e13ca5 elementor-section-boxed elementor-section-height-default elementor-section-height-default" data-id="9e13ca5" data-element_type="section" data-settings="{&quot;background_background&quot;:&quot;classic&quot;}">
							<div class="elementor-background-overlay"></div>
							<div class="elementor-container elementor-column-gap-default">
					<div class="elementor-column elementor-col-100 elementor-top-column elementor-element elementor-element-347d169" data-id="347d169" data-element_type="column">
			<div class="elementor-widget-wrap">
									</div>
		</div>
							</div>
		</section>
				<section class="elementor-section elementor-top-section elementor-element elementor-element-27a48f0f elementor-section-height-min-height elementor-section-content-middle elementor-section-boxed elementor-section-height-default elementor-section-items-middle" data-id="27a48f0f" data-element_type="section">
						<div class="elementor-container elementor-column-gap-no">
					<div class="elementor-column elementor-col-100 elementor-top-column elementor-element elementor-element-60260a57" data-id="60260a57" data-element_type="column">
			<div class="elementor-widget-wrap elementor-element-populated">
								<section class="elementor-section elementor-inner-section elementor-element elementor-element-cae7ed3 elementor-section-boxed elementor-section-height-default elementor-section-height-default" data-id="cae7ed3" data-element_type="section">
						<div class="elementor-container elementor-column-gap-default">
					<div class="elementor-column elementor-col-100 elementor-inner-column elementor-element elementor-element-5e99e90" data-id="5e99e90" data-element_type="column">
			<div class="elementor-widget-wrap elementor-element-populated">
								<div class="elementor-element elementor-element-3e90b01 elementor-widget elementor-widget-text-editor" data-id="3e90b01" data-element_type="widget" data-widget_type="text-editor.default">
				<div class="elementor-widget-container">
			<style>/*! elementor - v3.12.1 - 02-04-2023 */
.elementor-widget-text-editor.elementor-drop-cap-view-stacked .elementor-drop-cap{background-color:#69727d;color:#fff}.elementor-widget-text-editor.elementor-drop-cap-view-framed .elementor-drop-cap{color:#69727d;border:3px solid;background-color:transparent}.elementor-widget-text-editor:not(.elementor-drop-cap-view-default) .elementor-drop-cap{margin-top:8px}.elementor-widget-text-editor:not(.elementor-drop-cap-view-default) .elementor-drop-cap-letter{width:1em;height:1em}.elementor-widget-text-editor .elementor-drop-cap{float:left;text-align:center;line-height:1;font-size:50px}.elementor-widget-text-editor .elementor-drop-cap-letter{display:inline-block}</style>				<p>Hacı Bayram Başaran, Anadolu Üniversitesi İktisat Fakültesi mezunu (1981- 1985) olup, yüksek lisansını İstanbul Üniversitesi İktisat Para Banka (1986-1987) alanında yapmıştır.</p><p>Meslek hayatına Dünya Gazetesi Muhabir Yazar Haber Müdürü (1983-1990) olarak başlamış, Tercüman Gazetesi Ekonomi Müdürü ve Yazarı (1990- 1991), Para Dergisi Sabah Gazetesi Ekonomi Yazarı (1991-1992), Emlak Bankası Genel Müdür Baş Danışmanı (1992-1994), Uran Holding CFO su ve Pazarlama Direktörü (1994- 1996), NTV ve CNBC-E News Director and Anchorman (1996-2002), Show TV Anchorman / Haber Müdürü (2002-2004), Uran Holding ve Urasan İnşaat Yönetim Kurulu Üyesi ve CFO su (2004-2006), Han Yapı Gayrimenkul İnşaat A.Ş Genel Müdürü (2006-2010), Yeni Doğuş İnşaat A.Ş. Genel Müdürü (2011-2013), Rusya Soghi şehrinde bulunan YD İnşaat CEO su (2013-2014), QT REAL ESTAT A.Ş. Genel Müdürü (2014–2019) pozisyonlarında çalışmıştır. Uluslararası kuruluşlara 2019 yılından bu yana ekonomi danışmanlığı yapmaktadır.</p><p>Hacı Bayram Başaran’ın, 1987 ve 1988 yıllarında Borsa ve Sermaye Piyasaları üzerine yayınlanmış iki kitabı bulunmakta olup, birçok gazete ve dergide ekonomiyle ilgili yazıları yayımlanmıştır.</p>						</div>
				</div>
					</div>
		</div>
							</div>
		</section>
					</div>
		</div>
							</div>
		</section>
							</div>

<p>Hacı Bayram Başaran, Anadolu Üniversitesi İktisat Fakültesi mezunu (1981- 1985) olup, yüksek lisansını İstanbul Üniversitesi İktisat Para Banka (1986-1987) alanında yapmıştır. Meslek hayatına Dünya Gazetesi Muhabir Yazar Haber Müdürü (1983-1990) olarak başlamış, Tercüman Gazetesi Ekonomi Müdürü ve Yazarı (1990- 1991), Para Dergisi Sabah Gazetesi Ekonomi Yazarı (1991-1992), Emlak Bankası Genel Müdür Baş Danışmanı (1992-1994), Uran [&hellip;]</p>
