{"id":3105,"date":"2023-10-11T08:16:45","date_gmt":"2023-10-11T08:16:45","guid":{"rendered":"https:\/\/profaj.co\/icu\/?page_id=3105"},"modified":"2023-10-11T08:17:06","modified_gmt":"2023-10-11T08:17:06","slug":"omer-senoz","status":"publish","type":"page","link":"https:\/\/profaj.co\/icu\/omer-senoz\/","title":{"rendered":"\u00d6MER \u015eEN\u00d6Z"},"content":{"rendered":"\t\t<div data-elementor-type=\"wp-page\" data-elementor-id=\"3105\" class=\"elementor elementor-3105\">\n\t\t\t\t\t\t\t\t\t<section class=\"elementor-section elementor-top-section elementor-element elementor-element-9e13ca5 elementor-section-boxed elementor-section-height-default elementor-section-height-default\" data-id=\"9e13ca5\" data-element_type=\"section\" data-settings=\"{&quot;background_background&quot;:&quot;classic&quot;}\">\n\t\t\t\t\t\t\t<div class=\"elementor-background-overlay\"><\/div>\n\t\t\t\t\t\t\t<div class=\"elementor-container elementor-column-gap-default\">\n\t\t\t\t\t<div class=\"elementor-column elementor-col-100 elementor-top-column elementor-element elementor-element-347d169\" data-id=\"347d169\" data-element_type=\"column\">\n\t\t\t<div class=\"elementor-widget-wrap\">\n\t\t\t\t\t\t\t\t\t<\/div>\n\t\t<\/div>\n\t\t\t\t\t\t\t<\/div>\n\t\t<\/section>\n\t\t\t\t<section class=\"elementor-section elementor-top-section elementor-element elementor-element-27a48f0f elementor-section-height-min-height elementor-section-content-middle elementor-section-boxed elementor-section-height-default elementor-section-items-middle\" data-id=\"27a48f0f\" data-element_type=\"section\">\n\t\t\t\t\t\t<div class=\"elementor-container elementor-column-gap-no\">\n\t\t\t\t\t<div class=\"elementor-column elementor-col-100 elementor-top-column elementor-element elementor-element-60260a57\" data-id=\"60260a57\" data-element_type=\"column\">\n\t\t\t<div class=\"elementor-widget-wrap elementor-element-populated\">\n\t\t\t\t\t\t\t\t<section class=\"elementor-section elementor-inner-section elementor-element elementor-element-cae7ed3 elementor-section-boxed elementor-section-height-default elementor-section-height-default\" data-id=\"cae7ed3\" data-element_type=\"section\">\n\t\t\t\t\t\t<div class=\"elementor-container elementor-column-gap-default\">\n\t\t\t\t\t<div class=\"elementor-column elementor-col-100 elementor-inner-column elementor-element elementor-element-5e99e90\" data-id=\"5e99e90\" data-element_type=\"column\">\n\t\t\t<div class=\"elementor-widget-wrap elementor-element-populated\">\n\t\t\t\t\t\t\t\t<div class=\"elementor-element elementor-element-3e90b01 elementor-widget elementor-widget-text-editor\" data-id=\"3e90b01\" data-element_type=\"widget\" data-widget_type=\"text-editor.default\">\n\t\t\t\t<div class=\"elementor-widget-container\">\n\t\t\t<style>\/*! elementor - v3.12.1 - 02-04-2023 *\/\n.elementor-widget-text-editor.elementor-drop-cap-view-stacked .elementor-drop-cap{background-color:#69727d;color:#fff}.elementor-widget-text-editor.elementor-drop-cap-view-framed .elementor-drop-cap{color:#69727d;border:3px solid;background-color:transparent}.elementor-widget-text-editor:not(.elementor-drop-cap-view-default) .elementor-drop-cap{margin-top:8px}.elementor-widget-text-editor:not(.elementor-drop-cap-view-default) .elementor-drop-cap-letter{width:1em;height:1em}.elementor-widget-text-editor .elementor-drop-cap{float:left;text-align:center;line-height:1;font-size:50px}.elementor-widget-text-editor .elementor-drop-cap-letter{display:inline-block}<\/style>\t\t\t\t<p>\u00d6mer \u015een\u00f6z, lisans e\u011fitimini Anadolu \u00dcniversitesi \u0130ktisat Fak\u00fcltesi Maliye B\u00f6l\u00fcm\u00fcnde tamamlam\u0131\u015ft\u0131r. (1998-2002)<\/p><p>Meslek hayat\u0131na 1998 y\u0131l\u0131nda, Serbest Muhasebeci Mali M\u00fc\u015favir (SMMM) Sabri Bol\u0131\u015f\u0131k Ofisinde ba\u015flam\u0131\u015f, 2003 &#8211; 2006 y\u0131llar\u0131 aras\u0131nda yine ayn\u0131 yerde Mali M\u00fc\u015favirlik ve Muhasebe B\u00f6l\u00fcm\u00fc Y\u00f6neticisi olarak \u00e7al\u0131\u015fm\u0131\u015ft\u0131r. 2007 y\u0131l\u0131nda \u00e7al\u0131\u015fmakta oldu\u011fu Ofise ortakl\u0131k ederek Serbest Muhasebeci Mali M\u00fc\u015favir \u00d6mer \u015een\u00f6z \u0130\u015fletme Sahibi &#8211; Y\u00f6netici olarak; Muhasebe, Mali M\u00fc\u015favirlik, Finansal Dan\u0131\u015fmanl\u0131k alanlar\u0131nda, 2008- 2014 y\u0131llar\u0131nda ba\u011f\u0131ms\u0131z olmak \u00fczere SMMM \u00d6mer \u015een\u00f6z \u0130\u015fletme Sahibi- Y\u00f6netici, Muhasebe, Mali M\u00fc\u015favirlik, Finansal Dan\u0131\u015fmanl\u0131k alanlar\u0131nda \u00e7al\u0131\u015fmalar\u0131n\u0131 devam ettirmi\u015ftir. 2011-2015 y\u0131llar\u0131nda Ametist SMMM Ltd. \u015eti. Ortak-Y\u00f6netici olarak devam etmi\u015f, Muhasebe, Mali M\u00fc\u015favirlik ve Finansal Dan\u0131\u015fmanl\u0131k yapm\u0131\u015ft\u0131r. 2016-2019 y\u0131llar\u0131nda ba\u011f\u0131ms\u0131z olmak \u00fczere SMMM \u00d6mer \u015een\u00f6z \u0130\u015fletme Sahibi -.Y\u00f6netici, Muhasebe, Mali M\u00fc\u015favirlik, Finansal Dan\u0131\u015fmanl\u0131k alanlar\u0131nda \u00e7al\u0131\u015fmalar\u0131n\u0131 devam ettirmi\u015ftir. 2020-2022 y\u0131llar\u0131nda ise Ametrin SMMM Ltd. \u015eti Ortak-Y\u00f6netici, Muhasebe, Mali M\u00fc\u015favirlik, Finansal Dan\u0131\u015fman olarak \u00e7al\u0131\u015fmaya devam etmektedir.<\/p><p>\u00d6mer \u015een\u00f6z SMMM belgesine sahip olup evli ve bir \u00e7ocuk babas\u0131d\u0131r.<\/p>\t\t\t\t\t\t<\/div>\n\t\t\t\t<\/div>\n\t\t\t\t\t<\/div>\n\t\t<\/div>\n\t\t\t\t\t\t\t<\/div>\n\t\t<\/section>\n\t\t\t\t\t<\/div>\n\t\t<\/div>\n\t\t\t\t\t\t\t<\/div>\n\t\t<\/section>\n\t\t\t\t\t\t\t<\/div>\n\t\t","protected":false},"excerpt":{"rendered":"<p>\u00d6mer \u015een\u00f6z, lisans e\u011fitimini Anadolu \u00dcniversitesi \u0130ktisat Fak\u00fcltesi Maliye B\u00f6l\u00fcm\u00fcnde tamamlam\u0131\u015ft\u0131r. (1998-2002) Meslek hayat\u0131na 1998 y\u0131l\u0131nda, Serbest Muhasebeci Mali M\u00fc\u015favir (SMMM) Sabri Bol\u0131\u015f\u0131k Ofisinde ba\u015flam\u0131\u015f, 2003 &#8211; 2006 y\u0131llar\u0131 aras\u0131nda yine ayn\u0131 yerde Mali M\u00fc\u015favirlik ve Muhasebe B\u00f6l\u00fcm\u00fc Y\u00f6neticisi olarak \u00e7al\u0131\u015fm\u0131\u015ft\u0131r. 2007 y\u0131l\u0131nda \u00e7al\u0131\u015fmakta oldu\u011fu Ofise ortakl\u0131k ederek Serbest Muhasebeci Mali M\u00fc\u015favir \u00d6mer \u015een\u00f6z \u0130\u015fletme [&hellip;]<\/p>\n","protected":false},"author":1,"featured_media":0,"parent":0,"menu_order":0,"comment_status":"closed","ping_status":"closed","template":"","meta":{"footnotes":""},"class_list":["post-3105","page","type-page","status-publish","hentry"],"_links":{"self":[{"href":"https:\/\/profaj.co\/icu\/wp-json\/wp\/v2\/pages\/3105","targetHints":{"allow":["GET"]}}],"collection":[{"href":"https:\/\/profaj.co\/icu\/wp-json\/wp\/v2\/pages"}],"about":[{"href":"https:\/\/profaj.co\/icu\/wp-json\/wp\/v2\/types\/page"}],"author":[{"embeddable":true,"href":"https:\/\/profaj.co\/icu\/wp-json\/wp\/v2\/users\/1"}],"replies":[{"embeddable":true,"href":"https:\/\/profaj.co\/icu\/wp-json\/wp\/v2\/comments?post=3105"}],"version-history":[{"count":4,"href":"https:\/\/profaj.co\/icu\/wp-json\/wp\/v2\/pages\/3105\/revisions"}],"predecessor-version":[{"id":3109,"href":"https:\/\/profaj.co\/icu\/wp-json\/wp\/v2\/pages\/3105\/revisions\/3109"}],"wp:attachment":[{"href":"https:\/\/profaj.co\/icu\/wp-json\/wp\/v2\/media?parent=3105"}],"curies":[{"name":"wp","href":"https:\/\/api.w.org\/{rel}","templated":true}]}}

ÖMER ŞENÖZ

<div data-elementor-type="wp-page" data-elementor-id="3105" class="elementor elementor-3105">
									<section class="elementor-section elementor-top-section elementor-element elementor-element-9e13ca5 elementor-section-boxed elementor-section-height-default elementor-section-height-default" data-id="9e13ca5" data-element_type="section" data-settings="{&quot;background_background&quot;:&quot;classic&quot;}">
							<div class="elementor-background-overlay"></div>
							<div class="elementor-container elementor-column-gap-default">
					<div class="elementor-column elementor-col-100 elementor-top-column elementor-element elementor-element-347d169" data-id="347d169" data-element_type="column">
			<div class="elementor-widget-wrap">
									</div>
		</div>
							</div>
		</section>
				<section class="elementor-section elementor-top-section elementor-element elementor-element-27a48f0f elementor-section-height-min-height elementor-section-content-middle elementor-section-boxed elementor-section-height-default elementor-section-items-middle" data-id="27a48f0f" data-element_type="section">
						<div class="elementor-container elementor-column-gap-no">
					<div class="elementor-column elementor-col-100 elementor-top-column elementor-element elementor-element-60260a57" data-id="60260a57" data-element_type="column">
			<div class="elementor-widget-wrap elementor-element-populated">
								<section class="elementor-section elementor-inner-section elementor-element elementor-element-cae7ed3 elementor-section-boxed elementor-section-height-default elementor-section-height-default" data-id="cae7ed3" data-element_type="section">
						<div class="elementor-container elementor-column-gap-default">
					<div class="elementor-column elementor-col-100 elementor-inner-column elementor-element elementor-element-5e99e90" data-id="5e99e90" data-element_type="column">
			<div class="elementor-widget-wrap elementor-element-populated">
								<div class="elementor-element elementor-element-3e90b01 elementor-widget elementor-widget-text-editor" data-id="3e90b01" data-element_type="widget" data-widget_type="text-editor.default">
				<div class="elementor-widget-container">
			<style>/*! elementor - v3.12.1 - 02-04-2023 */
.elementor-widget-text-editor.elementor-drop-cap-view-stacked .elementor-drop-cap{background-color:#69727d;color:#fff}.elementor-widget-text-editor.elementor-drop-cap-view-framed .elementor-drop-cap{color:#69727d;border:3px solid;background-color:transparent}.elementor-widget-text-editor:not(.elementor-drop-cap-view-default) .elementor-drop-cap{margin-top:8px}.elementor-widget-text-editor:not(.elementor-drop-cap-view-default) .elementor-drop-cap-letter{width:1em;height:1em}.elementor-widget-text-editor .elementor-drop-cap{float:left;text-align:center;line-height:1;font-size:50px}.elementor-widget-text-editor .elementor-drop-cap-letter{display:inline-block}</style>				<p>Ömer Şenöz, lisans eğitimini Anadolu Üniversitesi İktisat Fakültesi Maliye Bölümünde tamamlamıştır. (1998-2002)</p><p>Meslek hayatına 1998 yılında, Serbest Muhasebeci Mali Müşavir (SMMM) Sabri Bolışık Ofisinde başlamış, 2003 &#8211; 2006 yılları arasında yine aynı yerde Mali Müşavirlik ve Muhasebe Bölümü Yöneticisi olarak çalışmıştır. 2007 yılında çalışmakta olduğu Ofise ortaklık ederek Serbest Muhasebeci Mali Müşavir Ömer Şenöz İşletme Sahibi &#8211; Yönetici olarak; Muhasebe, Mali Müşavirlik, Finansal Danışmanlık alanlarında, 2008- 2014 yıllarında bağımsız olmak üzere SMMM Ömer Şenöz İşletme Sahibi- Yönetici, Muhasebe, Mali Müşavirlik, Finansal Danışmanlık alanlarında çalışmalarını devam ettirmiştir. 2011-2015 yıllarında Ametist SMMM Ltd. Şti. Ortak-Yönetici olarak devam etmiş, Muhasebe, Mali Müşavirlik ve Finansal Danışmanlık yapmıştır. 2016-2019 yıllarında bağımsız olmak üzere SMMM Ömer Şenöz İşletme Sahibi -.Yönetici, Muhasebe, Mali Müşavirlik, Finansal Danışmanlık alanlarında çalışmalarını devam ettirmiştir. 2020-2022 yıllarında ise Ametrin SMMM Ltd. Şti Ortak-Yönetici, Muhasebe, Mali Müşavirlik, Finansal Danışman olarak çalışmaya devam etmektedir.</p><p>Ömer Şenöz SMMM belgesine sahip olup evli ve bir çocuk babasıdır.</p>						</div>
				</div>
					</div>
		</div>
							</div>
		</section>
					</div>
		</div>
							</div>
		</section>
							</div>

<p>Ömer Şenöz, lisans eğitimini Anadolu Üniversitesi İktisat Fakültesi Maliye Bölümünde tamamlamıştır. (1998-2002) Meslek hayatına 1998 yılında, Serbest Muhasebeci Mali Müşavir (SMMM) Sabri Bolışık Ofisinde başlamış, 2003 &#8211; 2006 yılları arasında yine aynı yerde Mali Müşavirlik ve Muhasebe Bölümü Yöneticisi olarak çalışmıştır. 2007 yılında çalışmakta olduğu Ofise ortaklık ederek Serbest Muhasebeci Mali Müşavir Ömer Şenöz İşletme [&hellip;]</p>
