{"id":456,"date":"2025-09-17T12:11:52","date_gmt":"2025-09-17T12:11:52","guid":{"rendered":"https:\/\/profaj.co\/imperial\/?page_id=456"},"modified":"2025-09-18T06:24:27","modified_gmt":"2025-09-18T06:24:27","slug":"bilgi-guvenligi-politikamiz","status":"publish","type":"page","link":"https:\/\/profaj.co\/imperial\/bilgi-guvenligi-politikamiz\/","title":{"rendered":"Bilgi G\u00fcvenli\u011fi Politikam\u0131z"},"content":{"rendered":"\t\t<div data-elementor-type=\"wp-page\" data-elementor-id=\"456\" class=\"elementor elementor-456\" data-elementor-post-type=\"page\">\n\t\t\t\t<div class=\"elementor-element elementor-element-6295249 e-flex e-con-boxed e-con e-parent\" data-id=\"6295249\" data-element_type=\"container\">\n\t\t\t\t\t<div class=\"e-con-inner\">\n\t\t<div class=\"elementor-element elementor-element-cf23a2a e-con-full e-flex e-con e-child\" data-id=\"cf23a2a\" data-element_type=\"container\">\n\t\t\t\t<div class=\"elementor-element elementor-element-e4b5d3b elementor-widget elementor-widget-heading\" data-id=\"e4b5d3b\" data-element_type=\"widget\" data-widget_type=\"heading.default\">\n\t\t\t\t<div class=\"elementor-widget-container\">\n\t\t\t\t\t<h2 class=\"elementor-heading-title elementor-size-default\">Bilgi G\u00fcvenli\u011fi Politikam\u0131z<\/h2>\t\t\t\t<\/div>\n\t\t\t\t<\/div>\n\t\t\t\t<\/div>\n\t\t\t\t\t<\/div>\n\t\t\t\t<\/div>\n\t\t<div class=\"elementor-element elementor-element-b4211ec e-flex e-con-boxed e-con e-parent\" data-id=\"b4211ec\" data-element_type=\"container\">\n\t\t\t\t\t<div class=\"e-con-inner\">\n\t\t<div class=\"elementor-element elementor-element-a7e1b39 e-con-full e-flex e-con e-child\" data-id=\"a7e1b39\" data-element_type=\"container\">\n\t\t<div class=\"elementor-element elementor-element-5e5a093 e-con-full e-flex e-con e-child\" data-id=\"5e5a093\" data-element_type=\"container\">\n\t\t\t\t<div class=\"elementor-element elementor-element-4ddb4b2 elementor-widget elementor-widget-text-editor\" data-id=\"4ddb4b2\" data-element_type=\"widget\" data-widget_type=\"text-editor.default\">\n\t\t\t\t<div class=\"elementor-widget-container\">\n\t\t\t\t\t\t\t\t\t<p>Imperial Tobacco Sigara ve T\u00fct\u00fcnc\u00fcl\u00fck San. ve Tic. A\u015e olarak, varl\u0131klar\u0131m\u0131z\u0131n gizlilik, b\u00fct\u00fcnl\u00fck ve eri\u015filebilirlik \u00f6zelliklerinin korunmas\u0131n\u0131 ve risklerin kabul edilebilir seviyeye indirilmesini sa\u011flamaktay\u0131z.<\/p><p>\u0130\u015f s\u00fcreklili\u011fimize ve bilgi varl\u0131klar\u0131m\u0131za y\u00f6nelik her t\u00fcrl\u00fc riski y\u00f6netmek amac\u0131yla; \u201cbilgi g\u00fcvenli\u011fi y\u00f6netim sistemimizin\u201d ISO\/IEC 27001:2017 standard\u0131n\u0131n gereklerini yerine getirecek \u015fekilde dok\u00fcmante edilmesi, belgelendirilmesi ve s\u00fcrekli iyile\u015ftirilmesi, bilgi varl\u0131klar\u0131na y\u00f6nelik risklerin sistematik olarak y\u00f6netilmesi, bilgi g\u00fcvenli\u011fi fark\u0131ndal\u0131\u011f\u0131n\u0131n artt\u0131r\u0131lmas\u0131 i\u00e7in teknik ve davran\u0131\u015fsal yetkinlikleri geli\u015ftirecek e\u011fitimlerin ger\u00e7ekle\u015ftirilmesi y\u00f6n\u00fcnde faaliyetlerimizi, uygulad\u0131\u011f\u0131m\u0131z di\u011fer y\u00f6netim sistemleri ile birlikte b\u00fct\u00fcnle\u015fik bir \u015fekilde y\u00f6netmekteyiz.<\/p><p>\u015eirketimiz bu politikan\u0131n uygulanmas\u0131 ile, yasal zorunluluklara uymay\u0131, \u00fc\u00e7\u00fcnc\u00fc taraflarlar (i\u015f ortaklar\u0131, m\u00fc\u015fteriler, tedarik\u00e7iler) ile yap\u0131lan s\u00f6zle\u015fmelerde yer alan h\u00fck\u00fcmlere uymay\u0131, temel ve destekleyici i\u015f faaliyetlerinin en az kesinti ile devam etmesini sa\u011flamay\u0131, g\u00fcvenlik olaylar\u0131ndan do\u011fan her t\u00fcrl\u00fc gelir veya f\u0131rsat kayb\u0131n\u0131 en aza indirmeyi, bilgi g\u00fcvenli\u011fi gereksinimlerini kar\u015f\u0131lamay\u0131, ilkeleri olarak belirlemi\u015f ve ilgili taraflara sunmu\u015ftur.<\/p>\t\t\t\t\t\t\t\t<\/div>\n\t\t\t\t<\/div>\n\t\t\t\t<\/div>\n\t\t\t\t<\/div>\n\t\t\t\t\t<\/div>\n\t\t\t\t<\/div>\n\t\t\t\t<\/div>\n\t\t","protected":false},"excerpt":{"rendered":"<p>Imperial Tobacco Sigara ve T\u00fct\u00fcnc\u00fcl\u00fck San. ve Tic. A\u015e olarak, varl\u0131klar\u0131m\u0131z\u0131n gizlilik, b\u00fct\u00fcnl\u00fck ve eri\u015filebilirlik \u00f6zelliklerinin korunmas\u0131n\u0131 ve risklerin kabul edilebilir seviyeye indirilmesini sa\u011flamaktay\u0131z. \u0130\u015f s\u00fcreklili\u011fimize ve bilgi varl\u0131klar\u0131m\u0131za y\u00f6nelik her t\u00fcrl\u00fc riski y\u00f6netmek amac\u0131yla; \u201cbilgi g\u00fcvenli\u011fi y\u00f6netim sistemimizin\u201d ISO\/IEC 27001:2017 standard\u0131n\u0131n gereklerini yerine getirecek \u015fekilde dok\u00fcmante edilmesi, belgelendirilmesi ve s\u00fcrekli iyile\u015ftirilmesi, bilgi varl\u0131klar\u0131na y\u00f6nelik [&hellip;]<\/p>\n","protected":false},"author":1,"featured_media":0,"parent":0,"menu_order":0,"comment_status":"closed","ping_status":"closed","template":"","meta":{"footnotes":""},"class_list":["post-456","page","type-page","status-publish","hentry"],"_links":{"self":[{"href":"https:\/\/profaj.co\/imperial\/wp-json\/wp\/v2\/pages\/456","targetHints":{"allow":["GET"]}}],"collection":[{"href":"https:\/\/profaj.co\/imperial\/wp-json\/wp\/v2\/pages"}],"about":[{"href":"https:\/\/profaj.co\/imperial\/wp-json\/wp\/v2\/types\/page"}],"author":[{"embeddable":true,"href":"https:\/\/profaj.co\/imperial\/wp-json\/wp\/v2\/users\/1"}],"replies":[{"embeddable":true,"href":"https:\/\/profaj.co\/imperial\/wp-json\/wp\/v2\/comments?post=456"}],"version-history":[{"count":25,"href":"https:\/\/profaj.co\/imperial\/wp-json\/wp\/v2\/pages\/456\/revisions"}],"predecessor-version":[{"id":593,"href":"https:\/\/profaj.co\/imperial\/wp-json\/wp\/v2\/pages\/456\/revisions\/593"}],"wp:attachment":[{"href":"https:\/\/profaj.co\/imperial\/wp-json\/wp\/v2\/media?parent=456"}],"curies":[{"name":"wp","href":"https:\/\/api.w.org\/{rel}","templated":true}]}}