{"id":33303,"date":"2026-01-06T13:29:06","date_gmt":"2026-01-06T13:29:06","guid":{"rendered":"https:\/\/profaj.co\/luxpoint\/?post_type=estate_property&#038;p=33303"},"modified":"2026-01-06T13:38:37","modified_gmt":"2026-01-06T13:38:37","slug":"prime-commercial-mistral-towerda-tam-kat-ofis","status":"publish","type":"estate_property","link":"https:\/\/profaj.co\/luxpoint\/estate_property\/prime-commercial-mistral-towerda-tam-kat-ofis\/","title":{"rendered":"Prime Commercial: Mistral Tower\u2019da Tam Kat Ofis"},"content":{"rendered":"<p>Global \u015firketlerin genel merkezi olmaya aday, shell &amp; core teslim (veya tam dekorasyonlu) A s\u0131n\u0131f\u0131 ofis kat\u0131. Metro ve \u0130ZBAN dura\u011f\u0131na y\u00fcr\u00fcme mesafesinde, kapal\u0131 otopark hakk\u0131, 7\/24 g\u00fcvenlik ve resepsiyon hizmeti. Y\u00fcksek kira \u00e7arpan\u0131 ile ideal bir kurumsal gayrimenkul yat\u0131r\u0131m\u0131.<\/p>\n","protected":false},"excerpt":{"rendered":"<p>Global \u015firketlerin genel merkezi olmaya aday, shell &amp; core teslim (veya tam dekorasyonlu) A s\u0131n\u0131f\u0131 ofis kat\u0131. Metro ve \u0130ZBAN dura\u011f\u0131na y\u00fcr\u00fcme mesafesinde, kapal\u0131 otopark hakk\u0131, 7\/24 g\u00fcvenlik ve resepsiyon hizmeti. Y\u00fcksek kira \u00e7arpan\u0131 ile ideal bir kurumsal gayrimenkul yat\u0131r\u0131m\u0131.<\/p>\n","protected":false},"featured_media":33304,"comment_status":"closed","ping_status":"closed","template":"","property_category":[162,121],"property_action_category":[65],"property_city":[93],"property_area":[],"property_county_state":[],"property_features":[131,63,464],"property_status":[],"class_list":["post-33303","estate_property","type-estate_property","status-publish","has-post-thumbnail","hentry","property_category-is-yeri","property_category-projeler","property_action_category-kiralik","property_city-izmir","property_features-acik-otopark","property_features-havuz","property_features-klima"],"_links":{"self":[{"href":"https:\/\/profaj.co\/luxpoint\/wp-json\/wp\/v2\/estate_property\/33303","targetHints":{"allow":["GET"]}}],"collection":[{"href":"https:\/\/profaj.co\/luxpoint\/wp-json\/wp\/v2\/estate_property"}],"about":[{"href":"https:\/\/profaj.co\/luxpoint\/wp-json\/wp\/v2\/types\/estate_property"}],"replies":[{"embeddable":true,"href":"https:\/\/profaj.co\/luxpoint\/wp-json\/wp\/v2\/comments?post=33303"}],"wp:featuredmedia":[{"embeddable":true,"href":"https:\/\/profaj.co\/luxpoint\/wp-json\/wp\/v2\/media\/33304"}],"wp:attachment":[{"href":"https:\/\/profaj.co\/luxpoint\/wp-json\/wp\/v2\/media?parent=33303"}],"wp:term":[{"taxonomy":"property_category","embeddable":true,"href":"https:\/\/profaj.co\/luxpoint\/wp-json\/wp\/v2\/property_category?post=33303"},{"taxonomy":"property_action_category","embeddable":true,"href":"https:\/\/profaj.co\/luxpoint\/wp-json\/wp\/v2\/property_action_category?post=33303"},{"taxonomy":"property_city","embeddable":true,"href":"https:\/\/profaj.co\/luxpoint\/wp-json\/wp\/v2\/property_city?post=33303"},{"taxonomy":"property_area","embeddable":true,"href":"https:\/\/profaj.co\/luxpoint\/wp-json\/wp\/v2\/property_area?post=33303"},{"taxonomy":"property_county_state","embeddable":true,"href":"https:\/\/profaj.co\/luxpoint\/wp-json\/wp\/v2\/property_county_state?post=33303"},{"taxonomy":"property_features","embeddable":true,"href":"https:\/\/profaj.co\/luxpoint\/wp-json\/wp\/v2\/property_features?post=33303"},{"taxonomy":"property_status","embeddable":true,"href":"https:\/\/profaj.co\/luxpoint\/wp-json\/wp\/v2\/property_status?post=33303"}],"curies":[{"name":"wp","href":"https:\/\/api.w.org\/{rel}","templated":true}]}}

<p>Global şirketlerin genel merkezi olmaya aday, shell &amp; core teslim (veya tam dekorasyonlu) A sınıfı ofis katı. Metro ve İZBAN durağına yürüme mesafesinde, kapalı otopark hakkı, 7/24 güvenlik ve resepsiyon hizmeti. Yüksek kira çarpanı ile ideal bir kurumsal gayrimenkul yatırımı.</p>
