{"id":5103,"date":"2024-02-01T11:01:21","date_gmt":"2024-02-01T08:01:21","guid":{"rendered":"https:\/\/profaj.co\/miknatis\/?post_type=product&#038;p=5103"},"modified":"2024-02-01T11:01:21","modified_gmt":"2024-02-01T08:01:21","slug":"esnek-tabaka-miknatislar","status":"publish","type":"product","link":"https:\/\/profaj.co\/miknatis\/tr\/urun\/esnek-tabaka-miknatislar\/","title":{"rendered":"Esnek Tabaka M\u0131knat\u0131slar"},"content":{"rendered":"<p>Yumu\u015fak m\u0131knat\u0131slar, ferritlere g\u00f6re daha esnek ve yumu\u015fak bir yap\u0131ya sahiptir; sert ferritler gibi k\u0131r\u0131lgan de\u011fildirler fakat kal\u0131c\u0131 m\u0131knat\u0131slanma ind\u00fcksiyonlar\u0131 sert ferritlere g\u00f6re daha d\u00fc\u015f\u00fckt\u00fcr. D\u00fcz kahverengi veya bask\u0131 yap\u0131labilir beyaz vinil laminatl\u0131 modellerin farkl\u0131 kal\u0131nl\u0131k ve \u00f6l\u00e7\u00fclerde varyasyonlar\u0131 mevcuttur. Esnek manyetik malzeme son derece \u00e7ok y\u00f6nl\u00fcd\u00fcr ve her t\u00fcrl\u00fc t\u00fcketici, ticari ve end\u00fcstriyel uygulama i\u00e7in kullan\u0131l\u0131r. Esnek malzemenin kullan\u0131m\u0131 ve i\u015flenmesi kolayd\u0131r, pahal\u0131 kesme ekipman\u0131na ihtiya\u00e7 duymadan makas veya maket b\u0131\u00e7a\u011f\u0131 ile kal\u0131pl\u0131 ya da kal\u0131ps\u0131z \u015fekilde kesebilirsiniz.<\/p>\n<p>Yumu\u015fak plaka m\u0131knat\u0131slar reklamc\u0131l\u0131k sekt\u00f6r\u00fcnde matbaac\u0131lar\u0131n ve bask\u0131 ofset\u00e7ilerinin s\u0131k kulland\u0131\u011f\u0131 bir \u00fcr\u00fcnd\u00fcr. Etiket, m\u0131knat\u0131sl\u0131 cep fihristi ve kartvizitte, reklam ama\u00e7l\u0131 arabalarda (arabalar\u0131n boyas\u0131na zarar vermeden yap\u0131\u015ft\u0131r\u0131l\u0131p \u00e7\u0131kar\u0131lmas\u0131 kolay) vb. yerlerde kullan\u0131l\u0131rlar.<\/p>\n<p><strong>\u0130stedi\u011finiz model ve \u00f6l\u00e7\u00fc i\u00e7in l\u00fctfen bizimle ileti\u015fime ge\u00e7in.<\/strong><\/p>\n","protected":false},"excerpt":{"rendered":"<p>Yumu\u015fak m\u0131knat\u0131slar, ferritlere g\u00f6re daha esnek ve yumu\u015fak bir yap\u0131ya sahiptir; sert ferritler gibi k\u0131r\u0131lgan de\u011fildirler fakat kal\u0131c\u0131 m\u0131knat\u0131slanma ind\u00fcksiyonlar\u0131 sert ferritlere g\u00f6re daha d\u00fc\u015f\u00fckt\u00fcr.<\/p>\n","protected":false},"featured_media":5105,"template":"","meta":[],"product_cat":[57],"product_tag":[],"class_list":["post-5103","product","type-product","status-publish","has-post-thumbnail","hentry","product_cat-esnek-miknatislar"],"acf":[],"yoast_head":"<!-- This site is optimized with the Yoast SEO Premium plugin v22.1 (Yoast SEO v22.1) - https:\/\/yoast.com\/wordpress\/plugins\/seo\/ -->\n<title>Esnek Tabaka M\u0131knat\u0131slar - M\u0131knat\u0131s Ar-Ge<\/title>\n<meta name=\"robots\" content=\"index, follow, max-snippet:-1, max-image-preview:large, max-video-preview:-1\" \/>\n<link rel=\"canonical\" href=\"https:\/\/profaj.co\/miknatis\/tr\/urun\/esnek-tabaka-miknatislar\/\" \/>\n<meta property=\"og:locale\" content=\"tr_TR\" \/>\n<meta property=\"og:type\" content=\"article\" \/>\n<meta property=\"og:title\" content=\"Esnek Tabaka M\u0131knat\u0131slar\" \/>\n<meta property=\"og:description\" content=\"Yumu\u015fak m\u0131knat\u0131slar, ferritlere g\u00f6re daha esnek ve yumu\u015fak bir yap\u0131ya sahiptir; sert ferritler gibi k\u0131r\u0131lgan de\u011fildirler fakat kal\u0131c\u0131 m\u0131knat\u0131slanma ind\u00fcksiyonlar\u0131 sert ferritlere g\u00f6re daha d\u00fc\u015f\u00fckt\u00fcr.\" \/>\n<meta property=\"og:url\" content=\"https:\/\/profaj.co\/miknatis\/tr\/urun\/esnek-tabaka-miknatislar\/\" \/>\n<meta property=\"og:site_name\" content=\"M\u0131knat\u0131s Ar-Ge\" \/>\n<meta property=\"og:image\" content=\"https:\/\/profaj.co\/miknatis\/wp-content\/uploads\/2023\/12\/miknatis-arge_621387f7ad9cb.webp\" \/>\n\t<meta property=\"og:image:width\" content=\"1000\" \/>\n\t<meta property=\"og:image:height\" content=\"1000\" \/>\n\t<meta property=\"og:image:type\" content=\"image\/webp\" \/>\n<meta name=\"twitter:card\" content=\"summary_large_image\" \/>\n<meta name=\"twitter:label1\" content=\"Tahmini okuma s\u00fcresi\" \/>\n\t<meta name=\"twitter:data1\" content=\"1 dakika\" \/>\n<script type=\"application\/ld+json\" class=\"yoast-schema-graph\">{\"@context\":\"https:\/\/schema.org\",\"@graph\":[{\"@type\":\"WebPage\",\"@id\":\"https:\/\/profaj.co\/miknatis\/tr\/urun\/esnek-tabaka-miknatislar\/\",\"url\":\"https:\/\/profaj.co\/miknatis\/tr\/urun\/esnek-tabaka-miknatislar\/\",\"name\":\"Esnek Tabaka M\u0131knat\u0131slar - M\u0131knat\u0131s Ar-Ge\",\"isPartOf\":{\"@id\":\"https:\/\/profaj.co\/miknatis\/#website\"},\"datePublished\":\"2024-02-01T08:01:21+00:00\",\"dateModified\":\"2024-02-01T08:01:21+00:00\",\"breadcrumb\":{\"@id\":\"https:\/\/profaj.co\/miknatis\/tr\/urun\/esnek-tabaka-miknatislar\/#breadcrumb\"},\"inLanguage\":\"tr\",\"potentialAction\":[{\"@type\":\"ReadAction\",\"target\":[\"https:\/\/profaj.co\/miknatis\/tr\/urun\/esnek-tabaka-miknatislar\/\"]}]},{\"@type\":\"BreadcrumbList\",\"@id\":\"https:\/\/profaj.co\/miknatis\/tr\/urun\/esnek-tabaka-miknatislar\/#breadcrumb\",\"itemListElement\":[{\"@type\":\"ListItem\",\"position\":1,\"name\":\"Anasayfa\",\"item\":\"https:\/\/profaj.co\/miknatis\/tr\/anasayfa\/\"},{\"@type\":\"ListItem\",\"position\":2,\"name\":\"\u00dcr\u00fcnler\",\"item\":\"https:\/\/profaj.co\/miknatis\/tr\/urunler\/\"},{\"@type\":\"ListItem\",\"position\":3,\"name\":\"Esnek Tabaka M\u0131knat\u0131slar\"}]},{\"@type\":\"WebSite\",\"@id\":\"https:\/\/profaj.co\/miknatis\/#website\",\"url\":\"https:\/\/profaj.co\/miknatis\/\",\"name\":\"M\u0131knat\u0131s Ar-Ge\",\"description\":\"\",\"publisher\":{\"@id\":\"https:\/\/profaj.co\/miknatis\/#organization\"},\"potentialAction\":[{\"@type\":\"SearchAction\",\"target\":{\"@type\":\"EntryPoint\",\"urlTemplate\":\"https:\/\/profaj.co\/miknatis\/?s={search_term_string}\"},\"query-input\":\"required name=search_term_string\"}],\"inLanguage\":\"tr\"},{\"@type\":\"Organization\",\"@id\":\"https:\/\/profaj.co\/miknatis\/#organization\",\"name\":\"M\u0131knat\u0131s Ar-Ge\",\"url\":\"https:\/\/profaj.co\/miknatis\/\",\"logo\":{\"@type\":\"ImageObject\",\"inLanguage\":\"tr\",\"@id\":\"https:\/\/profaj.co\/miknatis\/#\/schema\/logo\/image\/\",\"url\":\"https:\/\/profaj.co\/miknatis\/wp-content\/uploads\/2023\/12\/logo-white.webp\",\"contentUrl\":\"https:\/\/profaj.co\/miknatis\/wp-content\/uploads\/2023\/12\/logo-white.webp\",\"width\":300,\"height\":266,\"caption\":\"M\u0131knat\u0131s Ar-Ge\"},\"image\":{\"@id\":\"https:\/\/profaj.co\/miknatis\/#\/schema\/logo\/image\/\"}}]}<\/script>\n<!-- \/ Yoast SEO Premium plugin. -->","yoast_head_json":{"title":"Esnek Tabaka M\u0131knat\u0131slar - M\u0131knat\u0131s Ar-Ge","robots":{"index":"index","follow":"follow","max-snippet":"max-snippet:-1","max-image-preview":"max-image-preview:large","max-video-preview":"max-video-preview:-1"},"canonical":"https:\/\/profaj.co\/miknatis\/tr\/urun\/esnek-tabaka-miknatislar\/","og_locale":"tr_TR","og_type":"article","og_title":"Esnek Tabaka M\u0131knat\u0131slar","og_description":"Yumu\u015fak m\u0131knat\u0131slar, ferritlere g\u00f6re daha esnek ve yumu\u015fak bir yap\u0131ya sahiptir; sert ferritler gibi k\u0131r\u0131lgan de\u011fildirler fakat kal\u0131c\u0131 m\u0131knat\u0131slanma ind\u00fcksiyonlar\u0131 sert ferritlere g\u00f6re daha d\u00fc\u015f\u00fckt\u00fcr.","og_url":"https:\/\/profaj.co\/miknatis\/tr\/urun\/esnek-tabaka-miknatislar\/","og_site_name":"M\u0131knat\u0131s Ar-Ge","og_image":[{"width":1000,"height":1000,"url":"https:\/\/profaj.co\/miknatis\/wp-content\/uploads\/2023\/12\/miknatis-arge_621387f7ad9cb.webp","type":"image\/webp"}],"twitter_card":"summary_large_image","twitter_misc":{"Tahmini okuma s\u00fcresi":"1 dakika"},"schema":{"@context":"https:\/\/schema.org","@graph":[{"@type":"WebPage","@id":"https:\/\/profaj.co\/miknatis\/tr\/urun\/esnek-tabaka-miknatislar\/","url":"https:\/\/profaj.co\/miknatis\/tr\/urun\/esnek-tabaka-miknatislar\/","name":"Esnek Tabaka M\u0131knat\u0131slar - M\u0131knat\u0131s Ar-Ge","isPartOf":{"@id":"https:\/\/profaj.co\/miknatis\/#website"},"datePublished":"2024-02-01T08:01:21+00:00","dateModified":"2024-02-01T08:01:21+00:00","breadcrumb":{"@id":"https:\/\/profaj.co\/miknatis\/tr\/urun\/esnek-tabaka-miknatislar\/#breadcrumb"},"inLanguage":"tr","potentialAction":[{"@type":"ReadAction","target":["https:\/\/profaj.co\/miknatis\/tr\/urun\/esnek-tabaka-miknatislar\/"]}]},{"@type":"BreadcrumbList","@id":"https:\/\/profaj.co\/miknatis\/tr\/urun\/esnek-tabaka-miknatislar\/#breadcrumb","itemListElement":[{"@type":"ListItem","position":1,"name":"Anasayfa","item":"https:\/\/profaj.co\/miknatis\/tr\/anasayfa\/"},{"@type":"ListItem","position":2,"name":"\u00dcr\u00fcnler","item":"https:\/\/profaj.co\/miknatis\/tr\/urunler\/"},{"@type":"ListItem","position":3,"name":"Esnek Tabaka M\u0131knat\u0131slar"}]},{"@type":"WebSite","@id":"https:\/\/profaj.co\/miknatis\/#website","url":"https:\/\/profaj.co\/miknatis\/","name":"M\u0131knat\u0131s Ar-Ge","description":"","publisher":{"@id":"https:\/\/profaj.co\/miknatis\/#organization"},"potentialAction":[{"@type":"SearchAction","target":{"@type":"EntryPoint","urlTemplate":"https:\/\/profaj.co\/miknatis\/?s={search_term_string}"},"query-input":"required name=search_term_string"}],"inLanguage":"tr"},{"@type":"Organization","@id":"https:\/\/profaj.co\/miknatis\/#organization","name":"M\u0131knat\u0131s Ar-Ge","url":"https:\/\/profaj.co\/miknatis\/","logo":{"@type":"ImageObject","inLanguage":"tr","@id":"https:\/\/profaj.co\/miknatis\/#\/schema\/logo\/image\/","url":"https:\/\/profaj.co\/miknatis\/wp-content\/uploads\/2023\/12\/logo-white.webp","contentUrl":"https:\/\/profaj.co\/miknatis\/wp-content\/uploads\/2023\/12\/logo-white.webp","width":300,"height":266,"caption":"M\u0131knat\u0131s Ar-Ge"},"image":{"@id":"https:\/\/profaj.co\/miknatis\/#\/schema\/logo\/image\/"}}]}},"lang":"tr","translations":{"tr":5103,"en":5746},"pll_sync_post":[],"_links":{"self":[{"href":"https:\/\/profaj.co\/miknatis\/wp-json\/wp\/v2\/product\/5103","targetHints":{"allow":["GET"]}}],"collection":[{"href":"https:\/\/profaj.co\/miknatis\/wp-json\/wp\/v2\/product"}],"about":[{"href":"https:\/\/profaj.co\/miknatis\/wp-json\/wp\/v2\/types\/product"}],"wp:featuredmedia":[{"embeddable":true,"href":"https:\/\/profaj.co\/miknatis\/wp-json\/wp\/v2\/media\/5105"}],"wp:attachment":[{"href":"https:\/\/profaj.co\/miknatis\/wp-json\/wp\/v2\/media?parent=5103"}],"wp:term":[{"taxonomy":"product_cat","embeddable":true,"href":"https:\/\/profaj.co\/miknatis\/wp-json\/wp\/v2\/product_cat?post=5103"},{"taxonomy":"product_tag","embeddable":true,"href":"https:\/\/profaj.co\/miknatis\/wp-json\/wp\/v2\/product_tag?post=5103"}],"curies":[{"name":"wp","href":"https:\/\/api.w.org\/{rel}","templated":true}]}}