{"id":5117,"date":"2024-02-01T11:01:21","date_gmt":"2024-02-01T08:01:21","guid":{"rendered":"https:\/\/profaj.co\/miknatis\/?post_type=product&#038;p=5117"},"modified":"2024-05-21T12:24:45","modified_gmt":"2024-05-21T09:24:45","slug":"manyetik-cubuklar","status":"publish","type":"product","link":"https:\/\/profaj.co\/miknatis\/tr\/urun\/manyetik-cubuklar\/","title":{"rendered":"Manyetik \u00c7ubuklar"},"content":{"rendered":"<p>Manyetik \u00c7ubuklar, demirli d\u00f6k\u00fcnt\u00fclerin uzakla\u015ft\u0131r\u0131lmas\u0131 i\u00e7in kullan\u0131l\u0131r, \u00fcr\u00fcn safl\u0131\u011f\u0131n\u0131 sa\u011flar ve sonraki s\u00fcre\u00e7lerdeki hasar g\u00f6rebilecek ekipmanlar\u0131 koruyarak y\u00fcksek onar\u0131m maliyetlerini engeller.<\/p>\n<p>Kullan\u0131m alan\u0131na g\u00f6re de\u011fi\u015fmek ile birlikte genellikle Neodimyum nadir toprak m\u0131knat\u0131slar\u0131ndan yap\u0131lm\u0131\u015ft\u0131r. Bunun yan\u0131nda seramik &#8211; ferrti m\u0131knat\u0131slardan yap\u0131lan modelleri mevcuttur.\u00a0En k\u00fc\u00e7\u00fck demir i\u00e7eren malzeme par\u00e7ac\u0131klar\u0131n\u0131 bile \u00e7ekmede g\u00fc\u00e7l\u00fc ve etkilidir. Mevcut makine veya hatta montaj\u0131 kolayd\u0131r. \u00dcr\u00fcn kontaminasyonuna basit ama etkili bir \u00e7\u00f6z\u00fcm sa\u011flar. Optimum performans sa\u011flamak i\u00e7in \u00e7ubuklar periyodik olarak temizlenmelidir.<\/p>\n<p>Farkl\u0131 sekt\u00f6rlerde kullan\u0131labilirler;<\/p>\n<ul>\n<li>Tar\u0131m ve Hayvanc\u0131l\u0131k Sekt\u00f6r\u00fcnde, serbest halde akan \u00e7ay, \u015feker, bu\u011fday m\u0131s\u0131r, arpa vb. madelerden,<\/li>\n<li>Kau\u00e7uk ve Plastik Sekt\u00f6r\u00fcnde, plastik tanelerinden,<\/li>\n<li>Kimya Sekt\u00f6r\u00fcnde, toz halindeki kimyasallarden,<\/li>\n<li>Seramik ve Cam Sekt\u00f6r\u00fcnde, cam elyaf\u0131ndan,<\/li>\n<li>Maden Sekt\u00f6r\u00fcnde, Talk pudras\u0131 (magnezyum silikat), silis kumu, kuvars tozu, sodyum feldspat, refrakter kumu, soda k\u00fcl\u00fc vb. minerallerden,<\/li>\n<li>G\u0131da ve Metal ve Sa\u00e7\u00a0 \u0130\u015fleme gibi bir \u00e7ok serkt\u00f6rde, s\u0131v\u0131lar\u0131n i\u00e7erisinden,<\/li>\n<li>Yine bir \u00e7ok sekt\u00f6rde, boru sistemlerinde ta\u015f\u0131nan malzemelerin i\u00e7inden demir at\u0131klar\u0131n\u0131n ayr\u0131lmas\u0131nda etkili bir \u015fekilde kullan\u0131l\u0131rlar.<\/li>\n<\/ul>\n<p>G\u0131da sekt\u00f6r\u00fcne \u00f6zel standartlara uygun paslanmaz \u00e7elikten \u00fcretilen \u00fczerinde mikrobiyolojik at\u0131klar\u0131n bar\u0131nmas\u0131na izin vermeyecek \u015fekilde \u00f6zel tasarlanm\u0131\u015f ve \u00fcretilmi\u015f Food Grade modellerimiz bulunmaktad\u0131r. Bu \u00fcr\u00fcnlerimiz\u00a0EHEDG (Avrupa Hijyenik M\u00fchendislik ve Tasar\u0131m Grubu) k\u0131lavuzlar\u0131na uygun olarak tasarlanmakta ve \u00fcretilmektedir.<\/p>\n<p><strong>Standart \u015fekil ve boyutlar\u0131n i\u015fe yaramayaca\u011f\u0131 zorlu uygulamalar i\u00e7in \u00f6zel tasar\u0131m ve \u00fcretim hizmeti sunulmaktad\u0131r. L\u00fctfen bizimle ileti\u015fime ge\u00e7iniz.<\/strong><\/p>\n","protected":false},"excerpt":{"rendered":"<p>Manyetik \u00c7ubuklar, demirli d\u00f6k\u00fcnt\u00fclerin uzakla\u015ft\u0131r\u0131lmas\u0131 i\u00e7in kullan\u0131l\u0131r, \u00fcr\u00fcn safl\u0131\u011f\u0131n\u0131 sa\u011flar ve sonraki s\u00fcre\u00e7lerdeki hasar g\u00f6rebilecek ekipmanlar\u0131 koruyarak y\u00fcksek onar\u0131m maliyetlerini engeller.<\/p>\n","protected":false},"featured_media":5118,"template":"","meta":[],"product_cat":[59],"product_tag":[],"class_list":["post-5117","product","type-product","status-publish","has-post-thumbnail","hentry","product_cat-cubuk-separatorler"],"acf":[],"yoast_head":"<!-- This site is optimized with the Yoast SEO Premium plugin v22.1 (Yoast SEO v22.1) - https:\/\/yoast.com\/wordpress\/plugins\/seo\/ -->\n<title>Manyetik \u00c7ubuklar - M\u0131knat\u0131s Ar-Ge<\/title>\n<meta name=\"robots\" content=\"index, follow, max-snippet:-1, max-image-preview:large, max-video-preview:-1\" \/>\n<link rel=\"canonical\" href=\"https:\/\/profaj.co\/miknatis\/tr\/urun\/manyetik-cubuklar\/\" \/>\n<meta property=\"og:locale\" content=\"tr_TR\" \/>\n<meta property=\"og:type\" content=\"article\" \/>\n<meta property=\"og:title\" content=\"Manyetik \u00c7ubuklar\" \/>\n<meta property=\"og:description\" content=\"Manyetik \u00c7ubuklar, demirli d\u00f6k\u00fcnt\u00fclerin uzakla\u015ft\u0131r\u0131lmas\u0131 i\u00e7in kullan\u0131l\u0131r, \u00fcr\u00fcn safl\u0131\u011f\u0131n\u0131 sa\u011flar ve sonraki s\u00fcre\u00e7lerdeki hasar g\u00f6rebilecek ekipmanlar\u0131 koruyarak y\u00fcksek onar\u0131m maliyetlerini engeller.\" \/>\n<meta property=\"og:url\" content=\"https:\/\/profaj.co\/miknatis\/tr\/urun\/manyetik-cubuklar\/\" \/>\n<meta property=\"og:site_name\" content=\"M\u0131knat\u0131s Ar-Ge\" \/>\n<meta property=\"article:modified_time\" content=\"2024-05-21T09:24:45+00:00\" \/>\n<meta property=\"og:image\" content=\"https:\/\/profaj.co\/miknatis\/wp-content\/uploads\/2023\/12\/miknatis-arge_622b542ecc6e7.webp\" \/>\n\t<meta property=\"og:image:width\" content=\"1500\" \/>\n\t<meta property=\"og:image:height\" content=\"1500\" \/>\n\t<meta property=\"og:image:type\" content=\"image\/webp\" \/>\n<meta name=\"twitter:card\" content=\"summary_large_image\" \/>\n<meta name=\"twitter:label1\" content=\"Tahmini okuma s\u00fcresi\" \/>\n\t<meta name=\"twitter:data1\" content=\"2 dakika\" \/>\n<script type=\"application\/ld+json\" class=\"yoast-schema-graph\">{\"@context\":\"https:\/\/schema.org\",\"@graph\":[{\"@type\":\"WebPage\",\"@id\":\"https:\/\/profaj.co\/miknatis\/tr\/urun\/manyetik-cubuklar\/\",\"url\":\"https:\/\/profaj.co\/miknatis\/tr\/urun\/manyetik-cubuklar\/\",\"name\":\"Manyetik \u00c7ubuklar - M\u0131knat\u0131s Ar-Ge\",\"isPartOf\":{\"@id\":\"https:\/\/profaj.co\/miknatis\/#website\"},\"datePublished\":\"2024-02-01T08:01:21+00:00\",\"dateModified\":\"2024-05-21T09:24:45+00:00\",\"breadcrumb\":{\"@id\":\"https:\/\/profaj.co\/miknatis\/tr\/urun\/manyetik-cubuklar\/#breadcrumb\"},\"inLanguage\":\"tr\",\"potentialAction\":[{\"@type\":\"ReadAction\",\"target\":[\"https:\/\/profaj.co\/miknatis\/tr\/urun\/manyetik-cubuklar\/\"]}]},{\"@type\":\"BreadcrumbList\",\"@id\":\"https:\/\/profaj.co\/miknatis\/tr\/urun\/manyetik-cubuklar\/#breadcrumb\",\"itemListElement\":[{\"@type\":\"ListItem\",\"position\":1,\"name\":\"Anasayfa\",\"item\":\"https:\/\/profaj.co\/miknatis\/tr\/anasayfa\/\"},{\"@type\":\"ListItem\",\"position\":2,\"name\":\"\u00dcr\u00fcnler\",\"item\":\"https:\/\/profaj.co\/miknatis\/tr\/urunler\/\"},{\"@type\":\"ListItem\",\"position\":3,\"name\":\"Manyetik \u00c7ubuklar\"}]},{\"@type\":\"WebSite\",\"@id\":\"https:\/\/profaj.co\/miknatis\/#website\",\"url\":\"https:\/\/profaj.co\/miknatis\/\",\"name\":\"M\u0131knat\u0131s Ar-Ge\",\"description\":\"\",\"publisher\":{\"@id\":\"https:\/\/profaj.co\/miknatis\/#organization\"},\"potentialAction\":[{\"@type\":\"SearchAction\",\"target\":{\"@type\":\"EntryPoint\",\"urlTemplate\":\"https:\/\/profaj.co\/miknatis\/?s={search_term_string}\"},\"query-input\":\"required name=search_term_string\"}],\"inLanguage\":\"tr\"},{\"@type\":\"Organization\",\"@id\":\"https:\/\/profaj.co\/miknatis\/#organization\",\"name\":\"M\u0131knat\u0131s Ar-Ge\",\"url\":\"https:\/\/profaj.co\/miknatis\/\",\"logo\":{\"@type\":\"ImageObject\",\"inLanguage\":\"tr\",\"@id\":\"https:\/\/profaj.co\/miknatis\/#\/schema\/logo\/image\/\",\"url\":\"https:\/\/profaj.co\/miknatis\/wp-content\/uploads\/2023\/12\/logo-white.webp\",\"contentUrl\":\"https:\/\/profaj.co\/miknatis\/wp-content\/uploads\/2023\/12\/logo-white.webp\",\"width\":300,\"height\":266,\"caption\":\"M\u0131knat\u0131s Ar-Ge\"},\"image\":{\"@id\":\"https:\/\/profaj.co\/miknatis\/#\/schema\/logo\/image\/\"}}]}<\/script>\n<!-- \/ Yoast SEO Premium plugin. -->","yoast_head_json":{"title":"Manyetik \u00c7ubuklar - M\u0131knat\u0131s Ar-Ge","robots":{"index":"index","follow":"follow","max-snippet":"max-snippet:-1","max-image-preview":"max-image-preview:large","max-video-preview":"max-video-preview:-1"},"canonical":"https:\/\/profaj.co\/miknatis\/tr\/urun\/manyetik-cubuklar\/","og_locale":"tr_TR","og_type":"article","og_title":"Manyetik \u00c7ubuklar","og_description":"Manyetik \u00c7ubuklar, demirli d\u00f6k\u00fcnt\u00fclerin uzakla\u015ft\u0131r\u0131lmas\u0131 i\u00e7in kullan\u0131l\u0131r, \u00fcr\u00fcn safl\u0131\u011f\u0131n\u0131 sa\u011flar ve sonraki s\u00fcre\u00e7lerdeki hasar g\u00f6rebilecek ekipmanlar\u0131 koruyarak y\u00fcksek onar\u0131m maliyetlerini engeller.","og_url":"https:\/\/profaj.co\/miknatis\/tr\/urun\/manyetik-cubuklar\/","og_site_name":"M\u0131knat\u0131s Ar-Ge","article_modified_time":"2024-05-21T09:24:45+00:00","og_image":[{"width":1500,"height":1500,"url":"https:\/\/profaj.co\/miknatis\/wp-content\/uploads\/2023\/12\/miknatis-arge_622b542ecc6e7.webp","type":"image\/webp"}],"twitter_card":"summary_large_image","twitter_misc":{"Tahmini okuma s\u00fcresi":"2 dakika"},"schema":{"@context":"https:\/\/schema.org","@graph":[{"@type":"WebPage","@id":"https:\/\/profaj.co\/miknatis\/tr\/urun\/manyetik-cubuklar\/","url":"https:\/\/profaj.co\/miknatis\/tr\/urun\/manyetik-cubuklar\/","name":"Manyetik \u00c7ubuklar - M\u0131knat\u0131s Ar-Ge","isPartOf":{"@id":"https:\/\/profaj.co\/miknatis\/#website"},"datePublished":"2024-02-01T08:01:21+00:00","dateModified":"2024-05-21T09:24:45+00:00","breadcrumb":{"@id":"https:\/\/profaj.co\/miknatis\/tr\/urun\/manyetik-cubuklar\/#breadcrumb"},"inLanguage":"tr","potentialAction":[{"@type":"ReadAction","target":["https:\/\/profaj.co\/miknatis\/tr\/urun\/manyetik-cubuklar\/"]}]},{"@type":"BreadcrumbList","@id":"https:\/\/profaj.co\/miknatis\/tr\/urun\/manyetik-cubuklar\/#breadcrumb","itemListElement":[{"@type":"ListItem","position":1,"name":"Anasayfa","item":"https:\/\/profaj.co\/miknatis\/tr\/anasayfa\/"},{"@type":"ListItem","position":2,"name":"\u00dcr\u00fcnler","item":"https:\/\/profaj.co\/miknatis\/tr\/urunler\/"},{"@type":"ListItem","position":3,"name":"Manyetik \u00c7ubuklar"}]},{"@type":"WebSite","@id":"https:\/\/profaj.co\/miknatis\/#website","url":"https:\/\/profaj.co\/miknatis\/","name":"M\u0131knat\u0131s Ar-Ge","description":"","publisher":{"@id":"https:\/\/profaj.co\/miknatis\/#organization"},"potentialAction":[{"@type":"SearchAction","target":{"@type":"EntryPoint","urlTemplate":"https:\/\/profaj.co\/miknatis\/?s={search_term_string}"},"query-input":"required name=search_term_string"}],"inLanguage":"tr"},{"@type":"Organization","@id":"https:\/\/profaj.co\/miknatis\/#organization","name":"M\u0131knat\u0131s Ar-Ge","url":"https:\/\/profaj.co\/miknatis\/","logo":{"@type":"ImageObject","inLanguage":"tr","@id":"https:\/\/profaj.co\/miknatis\/#\/schema\/logo\/image\/","url":"https:\/\/profaj.co\/miknatis\/wp-content\/uploads\/2023\/12\/logo-white.webp","contentUrl":"https:\/\/profaj.co\/miknatis\/wp-content\/uploads\/2023\/12\/logo-white.webp","width":300,"height":266,"caption":"M\u0131knat\u0131s Ar-Ge"},"image":{"@id":"https:\/\/profaj.co\/miknatis\/#\/schema\/logo\/image\/"}}]}},"lang":"tr","translations":{"tr":5117,"en":5752},"pll_sync_post":[],"_links":{"self":[{"href":"https:\/\/profaj.co\/miknatis\/wp-json\/wp\/v2\/product\/5117","targetHints":{"allow":["GET"]}}],"collection":[{"href":"https:\/\/profaj.co\/miknatis\/wp-json\/wp\/v2\/product"}],"about":[{"href":"https:\/\/profaj.co\/miknatis\/wp-json\/wp\/v2\/types\/product"}],"wp:featuredmedia":[{"embeddable":true,"href":"https:\/\/profaj.co\/miknatis\/wp-json\/wp\/v2\/media\/5118"}],"wp:attachment":[{"href":"https:\/\/profaj.co\/miknatis\/wp-json\/wp\/v2\/media?parent=5117"}],"wp:term":[{"taxonomy":"product_cat","embeddable":true,"href":"https:\/\/profaj.co\/miknatis\/wp-json\/wp\/v2\/product_cat?post=5117"},{"taxonomy":"product_tag","embeddable":true,"href":"https:\/\/profaj.co\/miknatis\/wp-json\/wp\/v2\/product_tag?post=5117"}],"curies":[{"name":"wp","href":"https:\/\/api.w.org\/{rel}","templated":true}]}}