{"id":5181,"date":"2024-02-01T11:01:21","date_gmt":"2024-02-01T08:01:21","guid":{"rendered":"https:\/\/profaj.co\/miknatis\/?post_type=product&#038;p=5181"},"modified":"2024-02-01T11:01:21","modified_gmt":"2024-02-01T08:01:21","slug":"tunel-tipi-metal-dedektor","status":"publish","type":"product","link":"https:\/\/profaj.co\/miknatis\/tr\/urun\/tunel-tipi-metal-dedektor\/","title":{"rendered":"T\u00fcnel Tipi Metal Dedekt\u00f6r"},"content":{"rendered":"<p>Tu\u0308nel Tipi Metal Dedekt\u00f6rler kapal\u0131 devre bir sistem olup tu\u0308nel i\u00e7 merkezinde alg\u0131lama hassasiyeti tu\u0308nel \u00f6l\u00e7u\u0308lerine ba\u011fl\u0131d\u0131r. Fiziksel \u00e7evre u\u0308ru\u0308n etkisi manyetik parazitler titre\u015fim gibi olumsuz etkiler tu\u0308nel tipi metal dedekt\u00f6rler i\u00e7in hassasiyet y\u00f6nu\u0308nden dezavantajd\u0131r. Metal dedekt\u00f6r uygulamas\u0131 yap\u0131lacak bant\u0131n titre\u015fimsiz antistatik \u00f6zellikli ve kirli olmamas\u0131 gerekir. Tu\u0308nel tipi metal dedekt\u00f6rlerde metal alg\u0131lama hassasiyeti tu\u0308nel i\u00e7 boyutlar\u0131 ile ters orant\u0131l\u0131d\u0131r. Tu\u0308nel i\u00e7 boyular\u0131 artt\u0131k\u00e7a metal alg\u0131lama hassasiyeti azal\u0131r, ku\u0308\u00e7u\u0308ldu\u0308k\u00e7e metal alg\u0131lama hassasiyeti artar. Daha hassas alg\u0131lama gerekli oldu\u011fu yerlerde \u00f6nerilmektedir.<\/p>\n<h5>Teknik \u00d6zellikleri :<\/h5>\n<ul>\n<li>2 x 1 mm LIYCY kablo, \u00a0LCD dijital ekran, Say\u0131sal de\u011fer vererek hassasiyet ayar\u0131, Bekleme ve gecikme s\u00fcresi verebilme, Otomatik ve manuel reset ayar\u0131, 2 adet\u00a0metal r\u00f6lesi ve 1 adet ar\u0131za r\u00f6lesi, Parazit ayar\u0131, \u00dcr\u00fcn s\u0131f\u0131rlama ve sayma, \u00d6nceden veya sonrada per\u00e7in sens\u00f6r\u00fc ba\u011flanabilme \u00f6zelli\u011fi<\/li>\n<li>\u0130kaz r\u00f6lesi : 6 Amp Envers\u00f6r\u00a0\u00a0 \u00a0\u00a0\u00a0\u00a0\u00a0Ar\u0131za r\u00f6lesi : 6 Amp Envers\u00f6r.\u00a0\u00a0 Pano : IP 65<\/li>\n<li>Alg\u0131layaca\u011f\u0131 metal boyutlar\u0131:\u00a0\u2265 30 mm Ortam \u00e7al\u0131\u015fma s\u0131cakl\u0131\u011f\u0131 : -20 \u00baC \/ +40\u00a0 \u00baC<\/li>\n<li>Voltaj : 220\u00b110% 50Hz\u00a0\u00a0 \u00d6nerilen Besleme Bant H\u0131z\u0131: 1,49 -1,07 m\/s<\/li>\n<\/ul>\n<p><strong>Detayl\u0131 bilgi i\u00e7in ileti\u015fime ge\u00e7iniz.<\/strong><\/p>\n","protected":false},"excerpt":{"rendered":"<p>Tu\u0308nel Tipi Metal Dedekt\u00f6rler kapal\u0131 devre bir sistem olup tu\u0308nel i\u00e7 merkezinde alg\u0131lama hassasiyeti tu\u0308nel \u00f6l\u00e7u\u0308lerine ba\u011fl\u0131d\u0131r. Fiziksel \u00e7evre u\u0308ru\u0308n etkisi manyetik parazitler titre\u015fim gibi olumsuz etkiler tu\u0308nel tipi metal dedekt\u00f6rler i\u00e7in hassasiyet y\u00f6nu\u0308nden dezavantajd\u0131r.<\/p>\n","protected":false},"featured_media":5192,"template":"","meta":[],"product_cat":[80],"product_tag":[],"class_list":["post-5181","product","type-product","status-publish","has-post-thumbnail","hentry","product_cat-metal-dedektorleri"],"acf":[],"yoast_head":"<!-- This site is optimized with the Yoast SEO Premium plugin v22.1 (Yoast SEO v22.1) - https:\/\/yoast.com\/wordpress\/plugins\/seo\/ -->\n<title>T\u00fcnel Tipi Metal Dedekt\u00f6r - M\u0131knat\u0131s Ar-Ge<\/title>\n<meta name=\"robots\" content=\"index, follow, max-snippet:-1, max-image-preview:large, max-video-preview:-1\" \/>\n<link rel=\"canonical\" href=\"https:\/\/profaj.co\/miknatis\/tr\/urun\/tunel-tipi-metal-dedektor\/\" \/>\n<meta property=\"og:locale\" content=\"tr_TR\" \/>\n<meta property=\"og:type\" content=\"article\" \/>\n<meta property=\"og:title\" content=\"T\u00fcnel Tipi Metal Dedekt\u00f6r\" \/>\n<meta property=\"og:description\" content=\"Tu\u0308nel Tipi Metal Dedekt\u00f6rler kapal\u0131 devre bir sistem olup tu\u0308nel i\u00e7 merkezinde alg\u0131lama hassasiyeti tu\u0308nel \u00f6l\u00e7u\u0308lerine ba\u011fl\u0131d\u0131r. Fiziksel \u00e7evre u\u0308ru\u0308n etkisi manyetik parazitler titre\u015fim gibi olumsuz etkiler tu\u0308nel tipi metal dedekt\u00f6rler i\u00e7in hassasiyet y\u00f6nu\u0308nden dezavantajd\u0131r.\" \/>\n<meta property=\"og:url\" content=\"https:\/\/profaj.co\/miknatis\/tr\/urun\/tunel-tipi-metal-dedektor\/\" \/>\n<meta property=\"og:site_name\" content=\"M\u0131knat\u0131s Ar-Ge\" \/>\n<meta property=\"og:image\" content=\"https:\/\/profaj.co\/miknatis\/wp-content\/uploads\/2023\/12\/miknatis-arge_623b06f70ec4b.webp\" \/>\n\t<meta property=\"og:image:width\" content=\"1500\" \/>\n\t<meta property=\"og:image:height\" content=\"1500\" \/>\n\t<meta property=\"og:image:type\" content=\"image\/webp\" \/>\n<meta name=\"twitter:card\" content=\"summary_large_image\" \/>\n<meta name=\"twitter:label1\" content=\"Tahmini okuma s\u00fcresi\" \/>\n\t<meta name=\"twitter:data1\" content=\"1 dakika\" \/>\n<script type=\"application\/ld+json\" class=\"yoast-schema-graph\">{\"@context\":\"https:\/\/schema.org\",\"@graph\":[{\"@type\":\"WebPage\",\"@id\":\"https:\/\/profaj.co\/miknatis\/tr\/urun\/tunel-tipi-metal-dedektor\/\",\"url\":\"https:\/\/profaj.co\/miknatis\/tr\/urun\/tunel-tipi-metal-dedektor\/\",\"name\":\"T\u00fcnel Tipi Metal Dedekt\u00f6r - M\u0131knat\u0131s Ar-Ge\",\"isPartOf\":{\"@id\":\"https:\/\/profaj.co\/miknatis\/#website\"},\"datePublished\":\"2024-02-01T08:01:21+00:00\",\"dateModified\":\"2024-02-01T08:01:21+00:00\",\"breadcrumb\":{\"@id\":\"https:\/\/profaj.co\/miknatis\/tr\/urun\/tunel-tipi-metal-dedektor\/#breadcrumb\"},\"inLanguage\":\"tr\",\"potentialAction\":[{\"@type\":\"ReadAction\",\"target\":[\"https:\/\/profaj.co\/miknatis\/tr\/urun\/tunel-tipi-metal-dedektor\/\"]}]},{\"@type\":\"BreadcrumbList\",\"@id\":\"https:\/\/profaj.co\/miknatis\/tr\/urun\/tunel-tipi-metal-dedektor\/#breadcrumb\",\"itemListElement\":[{\"@type\":\"ListItem\",\"position\":1,\"name\":\"Anasayfa\",\"item\":\"https:\/\/profaj.co\/miknatis\/tr\/anasayfa\/\"},{\"@type\":\"ListItem\",\"position\":2,\"name\":\"\u00dcr\u00fcnler\",\"item\":\"https:\/\/profaj.co\/miknatis\/tr\/urunler\/\"},{\"@type\":\"ListItem\",\"position\":3,\"name\":\"T\u00fcnel Tipi Metal Dedekt\u00f6r\"}]},{\"@type\":\"WebSite\",\"@id\":\"https:\/\/profaj.co\/miknatis\/#website\",\"url\":\"https:\/\/profaj.co\/miknatis\/\",\"name\":\"M\u0131knat\u0131s Ar-Ge\",\"description\":\"\",\"publisher\":{\"@id\":\"https:\/\/profaj.co\/miknatis\/#organization\"},\"potentialAction\":[{\"@type\":\"SearchAction\",\"target\":{\"@type\":\"EntryPoint\",\"urlTemplate\":\"https:\/\/profaj.co\/miknatis\/?s={search_term_string}\"},\"query-input\":\"required name=search_term_string\"}],\"inLanguage\":\"tr\"},{\"@type\":\"Organization\",\"@id\":\"https:\/\/profaj.co\/miknatis\/#organization\",\"name\":\"M\u0131knat\u0131s Ar-Ge\",\"url\":\"https:\/\/profaj.co\/miknatis\/\",\"logo\":{\"@type\":\"ImageObject\",\"inLanguage\":\"tr\",\"@id\":\"https:\/\/profaj.co\/miknatis\/#\/schema\/logo\/image\/\",\"url\":\"https:\/\/profaj.co\/miknatis\/wp-content\/uploads\/2023\/12\/logo-white.webp\",\"contentUrl\":\"https:\/\/profaj.co\/miknatis\/wp-content\/uploads\/2023\/12\/logo-white.webp\",\"width\":300,\"height\":266,\"caption\":\"M\u0131knat\u0131s Ar-Ge\"},\"image\":{\"@id\":\"https:\/\/profaj.co\/miknatis\/#\/schema\/logo\/image\/\"}}]}<\/script>\n<!-- \/ Yoast SEO Premium plugin. -->","yoast_head_json":{"title":"T\u00fcnel Tipi Metal Dedekt\u00f6r - M\u0131knat\u0131s Ar-Ge","robots":{"index":"index","follow":"follow","max-snippet":"max-snippet:-1","max-image-preview":"max-image-preview:large","max-video-preview":"max-video-preview:-1"},"canonical":"https:\/\/profaj.co\/miknatis\/tr\/urun\/tunel-tipi-metal-dedektor\/","og_locale":"tr_TR","og_type":"article","og_title":"T\u00fcnel Tipi Metal Dedekt\u00f6r","og_description":"Tu\u0308nel Tipi Metal Dedekt\u00f6rler kapal\u0131 devre bir sistem olup tu\u0308nel i\u00e7 merkezinde alg\u0131lama hassasiyeti tu\u0308nel \u00f6l\u00e7u\u0308lerine ba\u011fl\u0131d\u0131r. Fiziksel \u00e7evre u\u0308ru\u0308n etkisi manyetik parazitler titre\u015fim gibi olumsuz etkiler tu\u0308nel tipi metal dedekt\u00f6rler i\u00e7in hassasiyet y\u00f6nu\u0308nden dezavantajd\u0131r.","og_url":"https:\/\/profaj.co\/miknatis\/tr\/urun\/tunel-tipi-metal-dedektor\/","og_site_name":"M\u0131knat\u0131s Ar-Ge","og_image":[{"width":1500,"height":1500,"url":"https:\/\/profaj.co\/miknatis\/wp-content\/uploads\/2023\/12\/miknatis-arge_623b06f70ec4b.webp","type":"image\/webp"}],"twitter_card":"summary_large_image","twitter_misc":{"Tahmini okuma s\u00fcresi":"1 dakika"},"schema":{"@context":"https:\/\/schema.org","@graph":[{"@type":"WebPage","@id":"https:\/\/profaj.co\/miknatis\/tr\/urun\/tunel-tipi-metal-dedektor\/","url":"https:\/\/profaj.co\/miknatis\/tr\/urun\/tunel-tipi-metal-dedektor\/","name":"T\u00fcnel Tipi Metal Dedekt\u00f6r - M\u0131knat\u0131s Ar-Ge","isPartOf":{"@id":"https:\/\/profaj.co\/miknatis\/#website"},"datePublished":"2024-02-01T08:01:21+00:00","dateModified":"2024-02-01T08:01:21+00:00","breadcrumb":{"@id":"https:\/\/profaj.co\/miknatis\/tr\/urun\/tunel-tipi-metal-dedektor\/#breadcrumb"},"inLanguage":"tr","potentialAction":[{"@type":"ReadAction","target":["https:\/\/profaj.co\/miknatis\/tr\/urun\/tunel-tipi-metal-dedektor\/"]}]},{"@type":"BreadcrumbList","@id":"https:\/\/profaj.co\/miknatis\/tr\/urun\/tunel-tipi-metal-dedektor\/#breadcrumb","itemListElement":[{"@type":"ListItem","position":1,"name":"Anasayfa","item":"https:\/\/profaj.co\/miknatis\/tr\/anasayfa\/"},{"@type":"ListItem","position":2,"name":"\u00dcr\u00fcnler","item":"https:\/\/profaj.co\/miknatis\/tr\/urunler\/"},{"@type":"ListItem","position":3,"name":"T\u00fcnel Tipi Metal Dedekt\u00f6r"}]},{"@type":"WebSite","@id":"https:\/\/profaj.co\/miknatis\/#website","url":"https:\/\/profaj.co\/miknatis\/","name":"M\u0131knat\u0131s Ar-Ge","description":"","publisher":{"@id":"https:\/\/profaj.co\/miknatis\/#organization"},"potentialAction":[{"@type":"SearchAction","target":{"@type":"EntryPoint","urlTemplate":"https:\/\/profaj.co\/miknatis\/?s={search_term_string}"},"query-input":"required name=search_term_string"}],"inLanguage":"tr"},{"@type":"Organization","@id":"https:\/\/profaj.co\/miknatis\/#organization","name":"M\u0131knat\u0131s Ar-Ge","url":"https:\/\/profaj.co\/miknatis\/","logo":{"@type":"ImageObject","inLanguage":"tr","@id":"https:\/\/profaj.co\/miknatis\/#\/schema\/logo\/image\/","url":"https:\/\/profaj.co\/miknatis\/wp-content\/uploads\/2023\/12\/logo-white.webp","contentUrl":"https:\/\/profaj.co\/miknatis\/wp-content\/uploads\/2023\/12\/logo-white.webp","width":300,"height":266,"caption":"M\u0131knat\u0131s Ar-Ge"},"image":{"@id":"https:\/\/profaj.co\/miknatis\/#\/schema\/logo\/image\/"}}]}},"lang":"tr","translations":{"tr":5181,"en":5757},"pll_sync_post":[],"_links":{"self":[{"href":"https:\/\/profaj.co\/miknatis\/wp-json\/wp\/v2\/product\/5181","targetHints":{"allow":["GET"]}}],"collection":[{"href":"https:\/\/profaj.co\/miknatis\/wp-json\/wp\/v2\/product"}],"about":[{"href":"https:\/\/profaj.co\/miknatis\/wp-json\/wp\/v2\/types\/product"}],"wp:featuredmedia":[{"embeddable":true,"href":"https:\/\/profaj.co\/miknatis\/wp-json\/wp\/v2\/media\/5192"}],"wp:attachment":[{"href":"https:\/\/profaj.co\/miknatis\/wp-json\/wp\/v2\/media?parent=5181"}],"wp:term":[{"taxonomy":"product_cat","embeddable":true,"href":"https:\/\/profaj.co\/miknatis\/wp-json\/wp\/v2\/product_cat?post=5181"},{"taxonomy":"product_tag","embeddable":true,"href":"https:\/\/profaj.co\/miknatis\/wp-json\/wp\/v2\/product_tag?post=5181"}],"curies":[{"name":"wp","href":"https:\/\/api.w.org\/{rel}","templated":true}]}}