{"id":5209,"date":"2024-02-01T11:01:21","date_gmt":"2024-02-01T08:01:21","guid":{"rendered":"https:\/\/profaj.co\/miknatis\/?post_type=product&#038;p=5209"},"modified":"2024-02-01T11:01:21","modified_gmt":"2024-02-01T08:01:21","slug":"el-tipi-demanyetizorler","status":"publish","type":"product","link":"https:\/\/profaj.co\/miknatis\/tr\/urun\/el-tipi-demanyetizorler\/","title":{"rendered":"El Tipi Demanyetiz\u00f6rler"},"content":{"rendered":"<h5>El Tipi Demanyetiz\u00f6r:<\/h5>\n<p>El Tipi Demanyetiz\u00f6rler,\u00a0manyetiklik g\u00f6steren par\u00e7a \u00fczerinde gezdirilerek par\u00e7an\u0131n manyetikli\u011fini alarak demanyetize edilmesini sa\u011flar. \u00c7ok pratik \u00f6zlelli\u011fe sahip olup tek ve ince par\u00e7alarda etkilidir. (B\u0131\u00e7ak, testere, matkap u\u00e7lar\u0131, vb.)<\/p>\n<p>Prize tak\u0131ld\u0131ktan sonra a\u00e7 kapa butonu ile \u00e7al\u0131\u015fmakta veya kapat\u0131lmaktad\u0131r. K\u00fc\u00e7\u00fck tip, kullan\u0131m\u0131 kolayd\u0131r. Kullan\u0131m bittikten sonra g\u00fc\u00e7 kesilmelidir.<\/p>\n<h5>Kullan\u0131m talimatlar\u0131:<\/h5>\n<ul>\n<li>G\u00fc\u00e7 spesifikasyonunun 220 V oldu\u011fundan emin olun. G\u00fcvenlik ve i\u015flevi i\u00e7in do\u011fru voltaj ile uygulanmal\u0131d\u0131r.<\/li>\n<li>Kullan\u0131rken, g\u00fc\u00e7 kablosunu prize tak\u0131n ve g\u00fc\u00e7 d\u00fc\u011fmesini &#8221; A\u00e7\u0131k &#8221; konumuna getirin, ard\u0131ndan g\u00f6sterge lambas\u0131 yanar.<\/li>\n<li>Demanyetiz\u00f6r\u2019\u00fc masaya yerle\u015ftirin veya uygun bir konumda sabitleyin. \u0130\u015f par\u00e7as\u0131n\u0131 demanyetizat\u00f6r plakas\u0131n\u0131n \u00fcst\u00fcne yerle\u015ftirin ve manyetikli\u011fi \u00f6nlemek i\u00e7in bir y\u00f6nden di\u011ferine hareket ettirin. E\u011fer manyetikle\u015fme kalitesinden emin olmak istiyorsan\u0131z, en iyi kaliteyi elde etmek i\u00e7in birka\u00e7 kez ileri geri hareket ettirebilirsiniz. Bu \u015fekilde Malzeme y\u00fczeyinde kalan art\u0131k m\u0131knat\u0131slanmay\u0131 yok eder.<\/li>\n<li>Kullan\u0131ld\u0131ktan sonra, g\u00fc\u00e7 d\u00fc\u011fmesini &#8221; kapal\u0131 &#8221; konumuna getirdi\u011finizden emin olun.<\/li>\n<li>Daha k\u00fc\u00e7\u00fck modellerinde (90x75x60 mm) kullan\u0131l\u0131rken demanyetize ederken buton bas\u0131l\u0131 tutularak kullan\u0131lmaktad\u0131r. Uzun s\u00fcre bas\u0131l\u0131 tutulmamal\u0131d\u0131r \u0131s\u0131nd\u0131\u011f\u0131 anda off konuma getirilmeli so\u011fuduktan sonra i\u015fleme devam edilmelidir.<\/li>\n<li>D\u00fc\u015fme, kopma veya f\u0131rlatma vb. fiziksel darbelere kar\u015f\u0131 korunmal\u0131d\u0131r.<\/li>\n<li>Su ge\u00e7irmez ko\u015fullarla muhafaza edilmeli ve her zaman temiz tutulmal\u0131d\u0131r.<\/li>\n<li>Demanyetiz\u00f6r cihaz\u0131n\u0131 kullanmad\u0131\u011f\u0131n\u0131z durumlarda kapal\u0131 tutunuz. Uzun s\u00fcreli kullan\u0131mda \u00e7ok \u0131s\u0131nma durumunda, kapal\u0131 duruma getirip cihaz\u0131n so\u011fumas\u0131n\u0131 bir s\u00fcre bekleyebilirsiniz.<\/li>\n<li>Ta\u015f\u0131nabilir olmas\u0131 sayesinde i\u015fletmenin her yerinde kullan\u0131labilir.<\/li>\n<li>\u0130stenilen \u00f6l\u00e7\u00fclerde ve boyutlarda malzemeye g\u00f6re \u00fcretilebilir.<\/li>\n<\/ul>\n","protected":false},"excerpt":{"rendered":"<p>El Tipi Demanyetiz\u00f6r: El Tipi Demanyetiz\u00f6rler,\u00a0manyetiklik g\u00f6steren par\u00e7a \u00fczerinde gezdirilerek par\u00e7an\u0131n manyetikli\u011fini alarak demanyetize edilmesini sa\u011flar. \u00c7ok pratik \u00f6zlelli\u011fe sahip olup tek ve ince par\u00e7alarda etkilidir. (B\u0131\u00e7ak, testere, matkap u\u00e7lar\u0131, vb.) Prize tak\u0131ld\u0131ktan sonra a\u00e7 kapa butonu ile \u00e7al\u0131\u015fmakta veya kapat\u0131lmaktad\u0131r. K\u00fc\u00e7\u00fck tip, kullan\u0131m\u0131 kolayd\u0131r. Kullan\u0131m bittikten sonra g\u00fc\u00e7 kesilmelidir. Kullan\u0131m talimatlar\u0131: G\u00fc\u00e7 spesifikasyonunun 220 [&hellip;]<\/p>\n","protected":false},"featured_media":5213,"template":"","meta":[],"product_cat":[91],"product_tag":[],"class_list":["post-5209","product","type-product","status-publish","has-post-thumbnail","hentry","product_cat-demanyetizorler"],"acf":[],"yoast_head":"<!-- This site is optimized with the Yoast SEO Premium plugin v22.1 (Yoast SEO v22.1) - https:\/\/yoast.com\/wordpress\/plugins\/seo\/ -->\n<title>El Tipi Demanyetiz\u00f6rler - M\u0131knat\u0131s Ar-Ge<\/title>\n<meta name=\"robots\" content=\"index, follow, max-snippet:-1, max-image-preview:large, max-video-preview:-1\" \/>\n<link rel=\"canonical\" href=\"https:\/\/profaj.co\/miknatis\/tr\/urun\/el-tipi-demanyetizorler\/\" \/>\n<meta property=\"og:locale\" content=\"tr_TR\" \/>\n<meta property=\"og:type\" content=\"article\" \/>\n<meta property=\"og:title\" content=\"El Tipi Demanyetiz\u00f6rler\" \/>\n<meta property=\"og:description\" content=\"El Tipi Demanyetiz\u00f6r: El Tipi Demanyetiz\u00f6rler,\u00a0manyetiklik g\u00f6steren par\u00e7a \u00fczerinde gezdirilerek par\u00e7an\u0131n manyetikli\u011fini alarak demanyetize edilmesini sa\u011flar. \u00c7ok pratik \u00f6zlelli\u011fe sahip olup tek ve ince par\u00e7alarda etkilidir. (B\u0131\u00e7ak, testere, matkap u\u00e7lar\u0131, vb.) Prize tak\u0131ld\u0131ktan sonra a\u00e7 kapa butonu ile \u00e7al\u0131\u015fmakta veya kapat\u0131lmaktad\u0131r. K\u00fc\u00e7\u00fck tip, kullan\u0131m\u0131 kolayd\u0131r. Kullan\u0131m bittikten sonra g\u00fc\u00e7 kesilmelidir. Kullan\u0131m talimatlar\u0131: G\u00fc\u00e7 spesifikasyonunun 220 [&hellip;]\" \/>\n<meta property=\"og:url\" content=\"https:\/\/profaj.co\/miknatis\/tr\/urun\/el-tipi-demanyetizorler\/\" \/>\n<meta property=\"og:site_name\" content=\"M\u0131knat\u0131s Ar-Ge\" \/>\n<meta property=\"og:image\" content=\"https:\/\/profaj.co\/miknatis\/wp-content\/uploads\/2023\/12\/miknatis-arge_623d8401bea58.webp\" \/>\n\t<meta property=\"og:image:width\" content=\"1000\" \/>\n\t<meta property=\"og:image:height\" content=\"1000\" \/>\n\t<meta property=\"og:image:type\" content=\"image\/webp\" \/>\n<meta name=\"twitter:card\" content=\"summary_large_image\" \/>\n<meta name=\"twitter:label1\" content=\"Tahmini okuma s\u00fcresi\" \/>\n\t<meta name=\"twitter:data1\" content=\"2 dakika\" \/>\n<script type=\"application\/ld+json\" class=\"yoast-schema-graph\">{\"@context\":\"https:\/\/schema.org\",\"@graph\":[{\"@type\":\"WebPage\",\"@id\":\"https:\/\/profaj.co\/miknatis\/tr\/urun\/el-tipi-demanyetizorler\/\",\"url\":\"https:\/\/profaj.co\/miknatis\/tr\/urun\/el-tipi-demanyetizorler\/\",\"name\":\"El Tipi Demanyetiz\u00f6rler - M\u0131knat\u0131s Ar-Ge\",\"isPartOf\":{\"@id\":\"https:\/\/profaj.co\/miknatis\/#website\"},\"datePublished\":\"2024-02-01T08:01:21+00:00\",\"dateModified\":\"2024-02-01T08:01:21+00:00\",\"breadcrumb\":{\"@id\":\"https:\/\/profaj.co\/miknatis\/tr\/urun\/el-tipi-demanyetizorler\/#breadcrumb\"},\"inLanguage\":\"tr\",\"potentialAction\":[{\"@type\":\"ReadAction\",\"target\":[\"https:\/\/profaj.co\/miknatis\/tr\/urun\/el-tipi-demanyetizorler\/\"]}]},{\"@type\":\"BreadcrumbList\",\"@id\":\"https:\/\/profaj.co\/miknatis\/tr\/urun\/el-tipi-demanyetizorler\/#breadcrumb\",\"itemListElement\":[{\"@type\":\"ListItem\",\"position\":1,\"name\":\"Anasayfa\",\"item\":\"https:\/\/profaj.co\/miknatis\/tr\/anasayfa\/\"},{\"@type\":\"ListItem\",\"position\":2,\"name\":\"\u00dcr\u00fcnler\",\"item\":\"https:\/\/profaj.co\/miknatis\/tr\/urunler\/\"},{\"@type\":\"ListItem\",\"position\":3,\"name\":\"El Tipi Demanyetiz\u00f6rler\"}]},{\"@type\":\"WebSite\",\"@id\":\"https:\/\/profaj.co\/miknatis\/#website\",\"url\":\"https:\/\/profaj.co\/miknatis\/\",\"name\":\"M\u0131knat\u0131s Ar-Ge\",\"description\":\"\",\"publisher\":{\"@id\":\"https:\/\/profaj.co\/miknatis\/#organization\"},\"potentialAction\":[{\"@type\":\"SearchAction\",\"target\":{\"@type\":\"EntryPoint\",\"urlTemplate\":\"https:\/\/profaj.co\/miknatis\/?s={search_term_string}\"},\"query-input\":\"required name=search_term_string\"}],\"inLanguage\":\"tr\"},{\"@type\":\"Organization\",\"@id\":\"https:\/\/profaj.co\/miknatis\/#organization\",\"name\":\"M\u0131knat\u0131s Ar-Ge\",\"url\":\"https:\/\/profaj.co\/miknatis\/\",\"logo\":{\"@type\":\"ImageObject\",\"inLanguage\":\"tr\",\"@id\":\"https:\/\/profaj.co\/miknatis\/#\/schema\/logo\/image\/\",\"url\":\"https:\/\/profaj.co\/miknatis\/wp-content\/uploads\/2023\/12\/logo-white.webp\",\"contentUrl\":\"https:\/\/profaj.co\/miknatis\/wp-content\/uploads\/2023\/12\/logo-white.webp\",\"width\":300,\"height\":266,\"caption\":\"M\u0131knat\u0131s Ar-Ge\"},\"image\":{\"@id\":\"https:\/\/profaj.co\/miknatis\/#\/schema\/logo\/image\/\"}}]}<\/script>\n<!-- \/ Yoast SEO Premium plugin. -->","yoast_head_json":{"title":"El Tipi Demanyetiz\u00f6rler - M\u0131knat\u0131s Ar-Ge","robots":{"index":"index","follow":"follow","max-snippet":"max-snippet:-1","max-image-preview":"max-image-preview:large","max-video-preview":"max-video-preview:-1"},"canonical":"https:\/\/profaj.co\/miknatis\/tr\/urun\/el-tipi-demanyetizorler\/","og_locale":"tr_TR","og_type":"article","og_title":"El Tipi Demanyetiz\u00f6rler","og_description":"El Tipi Demanyetiz\u00f6r: El Tipi Demanyetiz\u00f6rler,\u00a0manyetiklik g\u00f6steren par\u00e7a \u00fczerinde gezdirilerek par\u00e7an\u0131n manyetikli\u011fini alarak demanyetize edilmesini sa\u011flar. \u00c7ok pratik \u00f6zlelli\u011fe sahip olup tek ve ince par\u00e7alarda etkilidir. (B\u0131\u00e7ak, testere, matkap u\u00e7lar\u0131, vb.) Prize tak\u0131ld\u0131ktan sonra a\u00e7 kapa butonu ile \u00e7al\u0131\u015fmakta veya kapat\u0131lmaktad\u0131r. K\u00fc\u00e7\u00fck tip, kullan\u0131m\u0131 kolayd\u0131r. Kullan\u0131m bittikten sonra g\u00fc\u00e7 kesilmelidir. Kullan\u0131m talimatlar\u0131: G\u00fc\u00e7 spesifikasyonunun 220 [&hellip;]","og_url":"https:\/\/profaj.co\/miknatis\/tr\/urun\/el-tipi-demanyetizorler\/","og_site_name":"M\u0131knat\u0131s Ar-Ge","og_image":[{"width":1000,"height":1000,"url":"https:\/\/profaj.co\/miknatis\/wp-content\/uploads\/2023\/12\/miknatis-arge_623d8401bea58.webp","type":"image\/webp"}],"twitter_card":"summary_large_image","twitter_misc":{"Tahmini okuma s\u00fcresi":"2 dakika"},"schema":{"@context":"https:\/\/schema.org","@graph":[{"@type":"WebPage","@id":"https:\/\/profaj.co\/miknatis\/tr\/urun\/el-tipi-demanyetizorler\/","url":"https:\/\/profaj.co\/miknatis\/tr\/urun\/el-tipi-demanyetizorler\/","name":"El Tipi Demanyetiz\u00f6rler - M\u0131knat\u0131s Ar-Ge","isPartOf":{"@id":"https:\/\/profaj.co\/miknatis\/#website"},"datePublished":"2024-02-01T08:01:21+00:00","dateModified":"2024-02-01T08:01:21+00:00","breadcrumb":{"@id":"https:\/\/profaj.co\/miknatis\/tr\/urun\/el-tipi-demanyetizorler\/#breadcrumb"},"inLanguage":"tr","potentialAction":[{"@type":"ReadAction","target":["https:\/\/profaj.co\/miknatis\/tr\/urun\/el-tipi-demanyetizorler\/"]}]},{"@type":"BreadcrumbList","@id":"https:\/\/profaj.co\/miknatis\/tr\/urun\/el-tipi-demanyetizorler\/#breadcrumb","itemListElement":[{"@type":"ListItem","position":1,"name":"Anasayfa","item":"https:\/\/profaj.co\/miknatis\/tr\/anasayfa\/"},{"@type":"ListItem","position":2,"name":"\u00dcr\u00fcnler","item":"https:\/\/profaj.co\/miknatis\/tr\/urunler\/"},{"@type":"ListItem","position":3,"name":"El Tipi Demanyetiz\u00f6rler"}]},{"@type":"WebSite","@id":"https:\/\/profaj.co\/miknatis\/#website","url":"https:\/\/profaj.co\/miknatis\/","name":"M\u0131knat\u0131s Ar-Ge","description":"","publisher":{"@id":"https:\/\/profaj.co\/miknatis\/#organization"},"potentialAction":[{"@type":"SearchAction","target":{"@type":"EntryPoint","urlTemplate":"https:\/\/profaj.co\/miknatis\/?s={search_term_string}"},"query-input":"required name=search_term_string"}],"inLanguage":"tr"},{"@type":"Organization","@id":"https:\/\/profaj.co\/miknatis\/#organization","name":"M\u0131knat\u0131s Ar-Ge","url":"https:\/\/profaj.co\/miknatis\/","logo":{"@type":"ImageObject","inLanguage":"tr","@id":"https:\/\/profaj.co\/miknatis\/#\/schema\/logo\/image\/","url":"https:\/\/profaj.co\/miknatis\/wp-content\/uploads\/2023\/12\/logo-white.webp","contentUrl":"https:\/\/profaj.co\/miknatis\/wp-content\/uploads\/2023\/12\/logo-white.webp","width":300,"height":266,"caption":"M\u0131knat\u0131s Ar-Ge"},"image":{"@id":"https:\/\/profaj.co\/miknatis\/#\/schema\/logo\/image\/"}}]}},"lang":"tr","translations":{"tr":5209,"en":5759},"pll_sync_post":[],"_links":{"self":[{"href":"https:\/\/profaj.co\/miknatis\/wp-json\/wp\/v2\/product\/5209","targetHints":{"allow":["GET"]}}],"collection":[{"href":"https:\/\/profaj.co\/miknatis\/wp-json\/wp\/v2\/product"}],"about":[{"href":"https:\/\/profaj.co\/miknatis\/wp-json\/wp\/v2\/types\/product"}],"wp:featuredmedia":[{"embeddable":true,"href":"https:\/\/profaj.co\/miknatis\/wp-json\/wp\/v2\/media\/5213"}],"wp:attachment":[{"href":"https:\/\/profaj.co\/miknatis\/wp-json\/wp\/v2\/media?parent=5209"}],"wp:term":[{"taxonomy":"product_cat","embeddable":true,"href":"https:\/\/profaj.co\/miknatis\/wp-json\/wp\/v2\/product_cat?post=5209"},{"taxonomy":"product_tag","embeddable":true,"href":"https:\/\/profaj.co\/miknatis\/wp-json\/wp\/v2\/product_tag?post=5209"}],"curies":[{"name":"wp","href":"https:\/\/api.w.org\/{rel}","templated":true}]}}