{"id":6787,"date":"2024-05-15T11:31:18","date_gmt":"2024-05-15T08:31:18","guid":{"rendered":"https:\/\/profaj.co\/miknatis\/?post_type=product&#038;p=6787"},"modified":"2024-05-15T11:33:04","modified_gmt":"2024-05-15T08:33:04","slug":"smco-samaryum-kobalt-miknatislar","status":"publish","type":"product","link":"https:\/\/profaj.co\/miknatis\/tr\/urun\/smco-samaryum-kobalt-miknatislar\/","title":{"rendered":"SmCo Samaryum-Kobalt M\u0131knat\u0131slar"},"content":{"rendered":"<p>Samarium Kobalt (SmCo) di\u011fer bir nadir toprak elementi m\u0131knat\u0131s\u0131d\u0131r. SmCo, \u00e7ok daha geni\u015f bir s\u0131cakl\u0131k aral\u0131\u011f\u0131nda daha kararl\u0131 bir \u00e7\u0131kt\u0131 gerekti\u011finde Neodimyum m\u0131knat\u0131slara alternatiftir. SmCo m\u0131knat\u0131slar, mutlak s\u0131f\u0131r (-273\u00b0C) kadar d\u00fc\u015f\u00fck s\u0131cakl\u0131klardan +350\u00b0C&#8217;ye kadar kullan\u0131labilir. Neodimyum m\u0131knat\u0131slar oda s\u0131cakl\u0131\u011f\u0131nda daha g\u00fc\u00e7l\u00fc manyetik kuvvet sa\u011flamas\u0131na ra\u011fmen, SmCo +150\u00b0C&#8217;nin \u00fczerindeki s\u0131cakl\u0131klarda daha iyi performans g\u00f6stermeye ba\u015flar. Neodimyumdan daha \u00fcst\u00fcn s\u0131cakl\u0131k katsay\u0131lar\u0131 ile, SmCo s\u0131cakl\u0131ktaki birim art\u0131\u015f ya da azal\u0131\u015fta daha az de\u011fi\u015fkenlik g\u00f6sterir. Bu sebeple kararl\u0131l\u0131\u011f\u0131n \u00f6nemli oldu\u011fu sens\u00f6rler ve hoparl\u00f6rler gibi s\u0131cakl\u0131\u011fa duyarl\u0131 uygulamalar i\u00e7in ideal bir se\u00e7im haline gelir. SmCo ayr\u0131ca, bir elektrik motorunun \u00e7al\u0131\u015ft\u0131r\u0131lmas\u0131 gibi y\u00fcksek harici manyetik kuvvetlerinin ve y\u00fcksek s\u0131cakl\u0131klar\u0131n mevcut olabilece\u011fi uygulamalarda kullan\u0131lmas\u0131na izin veren \u00e7ok iyi bir i\u00e7sel zorlamaya sahiptir. SmCo&#8217;nun yap\u0131s\u0131nda \u00e7ok az serbest demir vard\u0131r, yani suya kar\u015f\u0131 m\u00fckemmel korozyon direnci sunar. \u00c7ok nadiren koruyucu kaplama gerektirir. Performans \u00f6zelliklerinden dolay\u0131 SmCo, havac\u0131l\u0131k ve askeri uygulamalar gibi kritik g\u00f6rev uygulamalar\u0131nda Neodimyum yerine s\u0131kl\u0131kla kullan\u0131l\u0131r. SmCo k\u0131r\u0131lgan bir malzemedir ve yanl\u0131\u015f kullan\u0131l\u0131rsa kolay k\u0131r\u0131labilir.<\/p>\n<p>Bu m\u0131knat\u0131slar\u0131n iki \u00e7e\u015fiti bulunur;<\/p>\n<p><strong>Sm1Co5 (SmCo1:5)<\/strong>\u00a0orijinal SmCo olup daha zay\u0131f olan \u00e7e\u015fittir. Samaryum ve kobalt i\u00e7eri\u011finin yan\u0131nda demir i\u00e7ermedi\u011fi i\u00e7in m\u00fckemmel korozyon dayan\u0131m\u0131na sahiptir.<\/p>\n<p><strong>Sm2Co17 (SmCo2:17)<\/strong>\u00a0daha g\u00fc\u00e7l\u00fc oldu\u011fu i\u00e7in yayg\u0131n olarak kullan\u0131l\u0131r. D\u00fc\u015f\u00fck miktarda demir i\u00e7erdi\u011fi i\u00e7in korozyon dayan\u0131m\u0131 oldu\u011fu halde \u00f6zellikle nemli yerlerde kullan\u0131m\u0131nda kaplama gerektirir.<\/p>\n<p><em><strong>Avantajlar\u0131;<\/strong><\/em><\/p>\n<ol>\n<li>Y\u00fcksek \u0131s\u0131 direnci (350\u00b0C&#8217;ye kadar)<\/li>\n<li>D\u00fc\u015f\u00fck s\u0131cakl\u0131klara dayan\u0131kl\u0131l\u0131k (mutlak s\u0131f\u0131r\u0131n alt\u0131nda -273\u00b0C)<\/li>\n<li>Y\u00fcksek korozyon direnci<\/li>\n<\/ol>\n<p><em><strong>Dezavantajlar\u0131;<\/strong><\/em><\/p>\n<ol>\n<li>Nedodimiyum kadar olmasa da gevrektir. (di\u011fer m\u0131knat\u0131slar veya metallerle ani \u00e7arp\u0131\u015fmalarda k\u0131r\u0131labilir, \u00e7atlayabilir veya par\u00e7alanabilir)<\/li>\n<li>Samaryumun ender bulunmas\u0131 nedeni ile daha pahal\u0131d\u0131r.<\/li>\n<\/ol>\n<p><em><strong>En geni\u015f Samaryum-Kobalt m\u0131knat\u0131s \u00e7e\u015fitlili\u011fini sizlere sunuyoruz.<\/strong><\/em><\/p>\n","protected":false},"excerpt":{"rendered":"<p>Samarium Kobalt (SmCo) di\u011fer bir nadir toprak elementi m\u0131knat\u0131s\u0131d\u0131r. SmCo, \u00e7ok daha geni\u015f bir s\u0131cakl\u0131k aral\u0131\u011f\u0131nda daha kararl\u0131 bir \u00e7\u0131kt\u0131 gerekti\u011finde Neodimyum m\u0131knat\u0131slara alternatiftir.<\/p>\n","protected":false},"featured_media":6788,"template":"","meta":[],"product_cat":[53,54],"product_tag":[],"class_list":["post-6787","product","type-product","status-publish","has-post-thumbnail","hentry","product_cat-miknatislar-ve-potlar","product_cat-miknatislar"],"acf":[],"yoast_head":"<!-- This site is optimized with the Yoast SEO Premium plugin v22.1 (Yoast SEO v22.1) - https:\/\/yoast.com\/wordpress\/plugins\/seo\/ -->\n<title>SmCo Samaryum-Kobalt M\u0131knat\u0131slar - M\u0131knat\u0131s Ar-Ge<\/title>\n<meta name=\"robots\" content=\"index, follow, max-snippet:-1, max-image-preview:large, max-video-preview:-1\" \/>\n<link rel=\"canonical\" href=\"https:\/\/profaj.co\/miknatis\/tr\/urun\/smco-samaryum-kobalt-miknatislar\/\" \/>\n<meta property=\"og:locale\" content=\"tr_TR\" \/>\n<meta property=\"og:type\" content=\"article\" \/>\n<meta property=\"og:title\" content=\"SmCo Samaryum-Kobalt M\u0131knat\u0131slar\" \/>\n<meta property=\"og:description\" content=\"Samarium Kobalt (SmCo) di\u011fer bir nadir toprak elementi m\u0131knat\u0131s\u0131d\u0131r. SmCo, \u00e7ok daha geni\u015f bir s\u0131cakl\u0131k aral\u0131\u011f\u0131nda daha kararl\u0131 bir \u00e7\u0131kt\u0131 gerekti\u011finde Neodimyum m\u0131knat\u0131slara alternatiftir.\" \/>\n<meta property=\"og:url\" content=\"https:\/\/profaj.co\/miknatis\/tr\/urun\/smco-samaryum-kobalt-miknatislar\/\" \/>\n<meta property=\"og:site_name\" content=\"M\u0131knat\u0131s Ar-Ge\" \/>\n<meta property=\"article:modified_time\" content=\"2024-05-15T08:33:04+00:00\" \/>\n<meta property=\"og:image\" content=\"https:\/\/profaj.co\/miknatis\/wp-content\/uploads\/2024\/05\/miknatis-arge_6140720cdcca1.jpg\" \/>\n\t<meta property=\"og:image:width\" content=\"1500\" \/>\n\t<meta property=\"og:image:height\" content=\"1500\" \/>\n\t<meta property=\"og:image:type\" content=\"image\/jpeg\" \/>\n<meta name=\"twitter:card\" content=\"summary_large_image\" \/>\n<meta name=\"twitter:label1\" content=\"Tahmini okuma s\u00fcresi\" \/>\n\t<meta name=\"twitter:data1\" content=\"2 dakika\" \/>\n<script type=\"application\/ld+json\" class=\"yoast-schema-graph\">{\"@context\":\"https:\/\/schema.org\",\"@graph\":[{\"@type\":\"WebPage\",\"@id\":\"https:\/\/profaj.co\/miknatis\/tr\/urun\/smco-samaryum-kobalt-miknatislar\/\",\"url\":\"https:\/\/profaj.co\/miknatis\/tr\/urun\/smco-samaryum-kobalt-miknatislar\/\",\"name\":\"SmCo Samaryum-Kobalt M\u0131knat\u0131slar - M\u0131knat\u0131s Ar-Ge\",\"isPartOf\":{\"@id\":\"https:\/\/profaj.co\/miknatis\/#website\"},\"datePublished\":\"2024-05-15T08:31:18+00:00\",\"dateModified\":\"2024-05-15T08:33:04+00:00\",\"breadcrumb\":{\"@id\":\"https:\/\/profaj.co\/miknatis\/tr\/urun\/smco-samaryum-kobalt-miknatislar\/#breadcrumb\"},\"inLanguage\":\"tr\",\"potentialAction\":[{\"@type\":\"ReadAction\",\"target\":[\"https:\/\/profaj.co\/miknatis\/tr\/urun\/smco-samaryum-kobalt-miknatislar\/\"]}]},{\"@type\":\"BreadcrumbList\",\"@id\":\"https:\/\/profaj.co\/miknatis\/tr\/urun\/smco-samaryum-kobalt-miknatislar\/#breadcrumb\",\"itemListElement\":[{\"@type\":\"ListItem\",\"position\":1,\"name\":\"Anasayfa\",\"item\":\"https:\/\/profaj.co\/miknatis\/tr\/anasayfa\/\"},{\"@type\":\"ListItem\",\"position\":2,\"name\":\"\u00dcr\u00fcnler\",\"item\":\"https:\/\/profaj.co\/miknatis\/tr\/urunler\/\"},{\"@type\":\"ListItem\",\"position\":3,\"name\":\"SmCo Samaryum-Kobalt M\u0131knat\u0131slar\"}]},{\"@type\":\"WebSite\",\"@id\":\"https:\/\/profaj.co\/miknatis\/#website\",\"url\":\"https:\/\/profaj.co\/miknatis\/\",\"name\":\"M\u0131knat\u0131s Ar-Ge\",\"description\":\"\",\"publisher\":{\"@id\":\"https:\/\/profaj.co\/miknatis\/#organization\"},\"potentialAction\":[{\"@type\":\"SearchAction\",\"target\":{\"@type\":\"EntryPoint\",\"urlTemplate\":\"https:\/\/profaj.co\/miknatis\/?s={search_term_string}\"},\"query-input\":\"required name=search_term_string\"}],\"inLanguage\":\"tr\"},{\"@type\":\"Organization\",\"@id\":\"https:\/\/profaj.co\/miknatis\/#organization\",\"name\":\"M\u0131knat\u0131s Ar-Ge\",\"url\":\"https:\/\/profaj.co\/miknatis\/\",\"logo\":{\"@type\":\"ImageObject\",\"inLanguage\":\"tr\",\"@id\":\"https:\/\/profaj.co\/miknatis\/#\/schema\/logo\/image\/\",\"url\":\"https:\/\/profaj.co\/miknatis\/wp-content\/uploads\/2023\/12\/logo-white.webp\",\"contentUrl\":\"https:\/\/profaj.co\/miknatis\/wp-content\/uploads\/2023\/12\/logo-white.webp\",\"width\":300,\"height\":266,\"caption\":\"M\u0131knat\u0131s Ar-Ge\"},\"image\":{\"@id\":\"https:\/\/profaj.co\/miknatis\/#\/schema\/logo\/image\/\"}}]}<\/script>\n<!-- \/ Yoast SEO Premium plugin. -->","yoast_head_json":{"title":"SmCo Samaryum-Kobalt M\u0131knat\u0131slar - M\u0131knat\u0131s Ar-Ge","robots":{"index":"index","follow":"follow","max-snippet":"max-snippet:-1","max-image-preview":"max-image-preview:large","max-video-preview":"max-video-preview:-1"},"canonical":"https:\/\/profaj.co\/miknatis\/tr\/urun\/smco-samaryum-kobalt-miknatislar\/","og_locale":"tr_TR","og_type":"article","og_title":"SmCo Samaryum-Kobalt M\u0131knat\u0131slar","og_description":"Samarium Kobalt (SmCo) di\u011fer bir nadir toprak elementi m\u0131knat\u0131s\u0131d\u0131r. SmCo, \u00e7ok daha geni\u015f bir s\u0131cakl\u0131k aral\u0131\u011f\u0131nda daha kararl\u0131 bir \u00e7\u0131kt\u0131 gerekti\u011finde Neodimyum m\u0131knat\u0131slara alternatiftir.","og_url":"https:\/\/profaj.co\/miknatis\/tr\/urun\/smco-samaryum-kobalt-miknatislar\/","og_site_name":"M\u0131knat\u0131s Ar-Ge","article_modified_time":"2024-05-15T08:33:04+00:00","og_image":[{"width":1500,"height":1500,"url":"https:\/\/profaj.co\/miknatis\/wp-content\/uploads\/2024\/05\/miknatis-arge_6140720cdcca1.jpg","type":"image\/jpeg"}],"twitter_card":"summary_large_image","twitter_misc":{"Tahmini okuma s\u00fcresi":"2 dakika"},"schema":{"@context":"https:\/\/schema.org","@graph":[{"@type":"WebPage","@id":"https:\/\/profaj.co\/miknatis\/tr\/urun\/smco-samaryum-kobalt-miknatislar\/","url":"https:\/\/profaj.co\/miknatis\/tr\/urun\/smco-samaryum-kobalt-miknatislar\/","name":"SmCo Samaryum-Kobalt M\u0131knat\u0131slar - M\u0131knat\u0131s Ar-Ge","isPartOf":{"@id":"https:\/\/profaj.co\/miknatis\/#website"},"datePublished":"2024-05-15T08:31:18+00:00","dateModified":"2024-05-15T08:33:04+00:00","breadcrumb":{"@id":"https:\/\/profaj.co\/miknatis\/tr\/urun\/smco-samaryum-kobalt-miknatislar\/#breadcrumb"},"inLanguage":"tr","potentialAction":[{"@type":"ReadAction","target":["https:\/\/profaj.co\/miknatis\/tr\/urun\/smco-samaryum-kobalt-miknatislar\/"]}]},{"@type":"BreadcrumbList","@id":"https:\/\/profaj.co\/miknatis\/tr\/urun\/smco-samaryum-kobalt-miknatislar\/#breadcrumb","itemListElement":[{"@type":"ListItem","position":1,"name":"Anasayfa","item":"https:\/\/profaj.co\/miknatis\/tr\/anasayfa\/"},{"@type":"ListItem","position":2,"name":"\u00dcr\u00fcnler","item":"https:\/\/profaj.co\/miknatis\/tr\/urunler\/"},{"@type":"ListItem","position":3,"name":"SmCo Samaryum-Kobalt M\u0131knat\u0131slar"}]},{"@type":"WebSite","@id":"https:\/\/profaj.co\/miknatis\/#website","url":"https:\/\/profaj.co\/miknatis\/","name":"M\u0131knat\u0131s Ar-Ge","description":"","publisher":{"@id":"https:\/\/profaj.co\/miknatis\/#organization"},"potentialAction":[{"@type":"SearchAction","target":{"@type":"EntryPoint","urlTemplate":"https:\/\/profaj.co\/miknatis\/?s={search_term_string}"},"query-input":"required name=search_term_string"}],"inLanguage":"tr"},{"@type":"Organization","@id":"https:\/\/profaj.co\/miknatis\/#organization","name":"M\u0131knat\u0131s Ar-Ge","url":"https:\/\/profaj.co\/miknatis\/","logo":{"@type":"ImageObject","inLanguage":"tr","@id":"https:\/\/profaj.co\/miknatis\/#\/schema\/logo\/image\/","url":"https:\/\/profaj.co\/miknatis\/wp-content\/uploads\/2023\/12\/logo-white.webp","contentUrl":"https:\/\/profaj.co\/miknatis\/wp-content\/uploads\/2023\/12\/logo-white.webp","width":300,"height":266,"caption":"M\u0131knat\u0131s Ar-Ge"},"image":{"@id":"https:\/\/profaj.co\/miknatis\/#\/schema\/logo\/image\/"}}]}},"lang":"tr","translations":{"tr":6787,"en":7216},"pll_sync_post":[],"_links":{"self":[{"href":"https:\/\/profaj.co\/miknatis\/wp-json\/wp\/v2\/product\/6787","targetHints":{"allow":["GET"]}}],"collection":[{"href":"https:\/\/profaj.co\/miknatis\/wp-json\/wp\/v2\/product"}],"about":[{"href":"https:\/\/profaj.co\/miknatis\/wp-json\/wp\/v2\/types\/product"}],"wp:featuredmedia":[{"embeddable":true,"href":"https:\/\/profaj.co\/miknatis\/wp-json\/wp\/v2\/media\/6788"}],"wp:attachment":[{"href":"https:\/\/profaj.co\/miknatis\/wp-json\/wp\/v2\/media?parent=6787"}],"wp:term":[{"taxonomy":"product_cat","embeddable":true,"href":"https:\/\/profaj.co\/miknatis\/wp-json\/wp\/v2\/product_cat?post=6787"},{"taxonomy":"product_tag","embeddable":true,"href":"https:\/\/profaj.co\/miknatis\/wp-json\/wp\/v2\/product_tag?post=6787"}],"curies":[{"name":"wp","href":"https:\/\/api.w.org\/{rel}","templated":true}]}}