{"id":6791,"date":"2024-05-15T11:40:07","date_gmt":"2024-05-15T08:40:07","guid":{"rendered":"https:\/\/profaj.co\/miknatis\/?post_type=product&#038;p=6791"},"modified":"2024-05-15T11:41:10","modified_gmt":"2024-05-15T08:41:10","slug":"seramik-ferrit-miknatislar","status":"publish","type":"product","link":"https:\/\/profaj.co\/miknatis\/tr\/urun\/seramik-ferrit-miknatislar\/","title":{"rendered":"Seramik-Ferrit M\u0131knat\u0131slar"},"content":{"rendered":"<p>En uygun maliyetli manyetik malzemelerden biridir.\u00a0Demanyetizasyon ve korozyona kar\u015f\u0131 m\u00fckemmel bir dirence sahiptir ancak k\u0131r\u0131lgand\u0131r. Ferrit m\u0131knat\u0131slar +250 \u00b0C\u2019 ye kadar kullan\u0131labilir, bu da elektrik makinelerinde kullan\u0131m i\u00e7in idealdir.\u00a0S\u0131f\u0131r\u0131n alt\u0131ndaki s\u0131cakl\u0131klarda, \u00f6rne\u011fin -10 ila -20\u00b0C&#8217;nin alt\u0131ndaki s\u0131cakl\u0131klarda, ferrit azalt\u0131lm\u0131\u015f bir \u00e7ekme kuvveti g\u00f6stermeye ba\u015flayabilir (s\u0131cakl\u0131k ve zay\u0131flama derecesi m\u0131knat\u0131s\u0131n \u015fekline ba\u011fl\u0131d\u0131r ve uygulamaya \u00f6zeldir) Seramik m\u0131knat\u0131slar, toz teknolojisi teknikleri kullan\u0131larak \u00fcretilir.\u00a0Birincil hammadde olan ferrit; demir oksit ve stronsiyum karbonat kullan\u0131larak yap\u0131l\u0131r.\u00a0Ferrit M\u0131knat\u0131s, d\u00fcnya m\u0131knat\u0131s t\u00fcketiminin (a\u011f\u0131rl\u0131k\u00e7a) y\u00fczde 75&#8217;inden fazlas\u0131n\u0131 temsil eder.\u00a0Ferrit M\u0131knat\u0131s, \u00e7o\u011fu DC motor,\u00a0manyetik seperat\u00f6r, manyetik rezonans g\u00f6r\u00fcnt\u00fcleme ve otomotiv sens\u00f6rleri\u00a0i\u00e7in ilk tercihtir.<\/p>\n<p><em><strong>Avantajlar\u0131;<\/strong><\/em><\/p>\n<ol>\n<li>Ferrit m\u0131knat\u0131slar uygun maliyetlidir.<\/li>\n<li>\u0130yi s\u0131cakl\u0131k performans\u0131na sahiptir.<\/li>\n<li>Korozyona dayan\u0131kl\u0131d\u0131r.<\/li>\n<li>Demanyetizasyona dayan\u0131kl\u0131d\u0131r.<\/li>\n<\/ol>\n<p><em><strong>Dezavantajlar\u0131;<\/strong><\/em><\/p>\n<ol>\n<li>Ferrit m\u0131knat\u0131slar zay\u0131f manyetik g\u00fcce sahiptir.<\/li>\n<li>Kolayca k\u0131r\u0131l\u0131r ve \u00e7atlar.<\/li>\n<\/ol>\n<p><em><strong>En geni\u015f Seramik-Ferrit\u00a0m\u0131knat\u0131s \u00e7e\u015fitlili\u011fini sizlere sunuyoruz.<\/strong><\/em><\/p>\n","protected":false},"excerpt":{"rendered":"<p>En uygun maliyetli manyetik malzemelerden biridir.\u00a0Demanyetizasyon ve korozyona kar\u015f\u0131 m\u00fckemmel bir dirence sahiptir ancak k\u0131r\u0131lgand\u0131r.<\/p>\n","protected":false},"featured_media":6792,"template":"","meta":[],"product_cat":[53,54],"product_tag":[],"class_list":["post-6791","product","type-product","status-publish","has-post-thumbnail","hentry","product_cat-miknatislar-ve-potlar","product_cat-miknatislar"],"acf":[],"yoast_head":"<!-- This site is optimized with the Yoast SEO Premium plugin v22.1 (Yoast SEO v22.1) - https:\/\/yoast.com\/wordpress\/plugins\/seo\/ -->\n<title>Seramik-Ferrit M\u0131knat\u0131slar - M\u0131knat\u0131s Ar-Ge<\/title>\n<meta name=\"robots\" content=\"index, follow, max-snippet:-1, max-image-preview:large, max-video-preview:-1\" \/>\n<link rel=\"canonical\" href=\"https:\/\/profaj.co\/miknatis\/tr\/urun\/seramik-ferrit-miknatislar\/\" \/>\n<meta property=\"og:locale\" content=\"tr_TR\" \/>\n<meta property=\"og:type\" content=\"article\" \/>\n<meta property=\"og:title\" content=\"Seramik-Ferrit M\u0131knat\u0131slar\" \/>\n<meta property=\"og:description\" content=\"En uygun maliyetli manyetik malzemelerden biridir.\u00a0Demanyetizasyon ve korozyona kar\u015f\u0131 m\u00fckemmel bir dirence sahiptir ancak k\u0131r\u0131lgand\u0131r.\" \/>\n<meta property=\"og:url\" content=\"https:\/\/profaj.co\/miknatis\/tr\/urun\/seramik-ferrit-miknatislar\/\" \/>\n<meta property=\"og:site_name\" content=\"M\u0131knat\u0131s Ar-Ge\" \/>\n<meta property=\"article:modified_time\" content=\"2024-05-15T08:41:10+00:00\" \/>\n<meta property=\"og:image\" content=\"https:\/\/profaj.co\/miknatis\/wp-content\/uploads\/2024\/05\/miknatis-arge_614073cfaee8b-scaled.jpg\" \/>\n\t<meta property=\"og:image:width\" content=\"2560\" \/>\n\t<meta property=\"og:image:height\" content=\"2560\" \/>\n\t<meta property=\"og:image:type\" content=\"image\/jpeg\" \/>\n<meta name=\"twitter:card\" content=\"summary_large_image\" \/>\n<meta name=\"twitter:label1\" content=\"Tahmini okuma s\u00fcresi\" \/>\n\t<meta name=\"twitter:data1\" content=\"1 dakika\" \/>\n<script type=\"application\/ld+json\" class=\"yoast-schema-graph\">{\"@context\":\"https:\/\/schema.org\",\"@graph\":[{\"@type\":\"WebPage\",\"@id\":\"https:\/\/profaj.co\/miknatis\/tr\/urun\/seramik-ferrit-miknatislar\/\",\"url\":\"https:\/\/profaj.co\/miknatis\/tr\/urun\/seramik-ferrit-miknatislar\/\",\"name\":\"Seramik-Ferrit M\u0131knat\u0131slar - M\u0131knat\u0131s Ar-Ge\",\"isPartOf\":{\"@id\":\"https:\/\/profaj.co\/miknatis\/#website\"},\"datePublished\":\"2024-05-15T08:40:07+00:00\",\"dateModified\":\"2024-05-15T08:41:10+00:00\",\"breadcrumb\":{\"@id\":\"https:\/\/profaj.co\/miknatis\/tr\/urun\/seramik-ferrit-miknatislar\/#breadcrumb\"},\"inLanguage\":\"tr\",\"potentialAction\":[{\"@type\":\"ReadAction\",\"target\":[\"https:\/\/profaj.co\/miknatis\/tr\/urun\/seramik-ferrit-miknatislar\/\"]}]},{\"@type\":\"BreadcrumbList\",\"@id\":\"https:\/\/profaj.co\/miknatis\/tr\/urun\/seramik-ferrit-miknatislar\/#breadcrumb\",\"itemListElement\":[{\"@type\":\"ListItem\",\"position\":1,\"name\":\"Anasayfa\",\"item\":\"https:\/\/profaj.co\/miknatis\/tr\/anasayfa\/\"},{\"@type\":\"ListItem\",\"position\":2,\"name\":\"\u00dcr\u00fcnler\",\"item\":\"https:\/\/profaj.co\/miknatis\/tr\/urunler\/\"},{\"@type\":\"ListItem\",\"position\":3,\"name\":\"Seramik-Ferrit M\u0131knat\u0131slar\"}]},{\"@type\":\"WebSite\",\"@id\":\"https:\/\/profaj.co\/miknatis\/#website\",\"url\":\"https:\/\/profaj.co\/miknatis\/\",\"name\":\"M\u0131knat\u0131s Ar-Ge\",\"description\":\"\",\"publisher\":{\"@id\":\"https:\/\/profaj.co\/miknatis\/#organization\"},\"potentialAction\":[{\"@type\":\"SearchAction\",\"target\":{\"@type\":\"EntryPoint\",\"urlTemplate\":\"https:\/\/profaj.co\/miknatis\/?s={search_term_string}\"},\"query-input\":\"required name=search_term_string\"}],\"inLanguage\":\"tr\"},{\"@type\":\"Organization\",\"@id\":\"https:\/\/profaj.co\/miknatis\/#organization\",\"name\":\"M\u0131knat\u0131s Ar-Ge\",\"url\":\"https:\/\/profaj.co\/miknatis\/\",\"logo\":{\"@type\":\"ImageObject\",\"inLanguage\":\"tr\",\"@id\":\"https:\/\/profaj.co\/miknatis\/#\/schema\/logo\/image\/\",\"url\":\"https:\/\/profaj.co\/miknatis\/wp-content\/uploads\/2023\/12\/logo-white.webp\",\"contentUrl\":\"https:\/\/profaj.co\/miknatis\/wp-content\/uploads\/2023\/12\/logo-white.webp\",\"width\":300,\"height\":266,\"caption\":\"M\u0131knat\u0131s Ar-Ge\"},\"image\":{\"@id\":\"https:\/\/profaj.co\/miknatis\/#\/schema\/logo\/image\/\"}}]}<\/script>\n<!-- \/ Yoast SEO Premium plugin. -->","yoast_head_json":{"title":"Seramik-Ferrit M\u0131knat\u0131slar - M\u0131knat\u0131s Ar-Ge","robots":{"index":"index","follow":"follow","max-snippet":"max-snippet:-1","max-image-preview":"max-image-preview:large","max-video-preview":"max-video-preview:-1"},"canonical":"https:\/\/profaj.co\/miknatis\/tr\/urun\/seramik-ferrit-miknatislar\/","og_locale":"tr_TR","og_type":"article","og_title":"Seramik-Ferrit M\u0131knat\u0131slar","og_description":"En uygun maliyetli manyetik malzemelerden biridir.\u00a0Demanyetizasyon ve korozyona kar\u015f\u0131 m\u00fckemmel bir dirence sahiptir ancak k\u0131r\u0131lgand\u0131r.","og_url":"https:\/\/profaj.co\/miknatis\/tr\/urun\/seramik-ferrit-miknatislar\/","og_site_name":"M\u0131knat\u0131s Ar-Ge","article_modified_time":"2024-05-15T08:41:10+00:00","og_image":[{"width":2560,"height":2560,"url":"https:\/\/profaj.co\/miknatis\/wp-content\/uploads\/2024\/05\/miknatis-arge_614073cfaee8b-scaled.jpg","type":"image\/jpeg"}],"twitter_card":"summary_large_image","twitter_misc":{"Tahmini okuma s\u00fcresi":"1 dakika"},"schema":{"@context":"https:\/\/schema.org","@graph":[{"@type":"WebPage","@id":"https:\/\/profaj.co\/miknatis\/tr\/urun\/seramik-ferrit-miknatislar\/","url":"https:\/\/profaj.co\/miknatis\/tr\/urun\/seramik-ferrit-miknatislar\/","name":"Seramik-Ferrit M\u0131knat\u0131slar - M\u0131knat\u0131s Ar-Ge","isPartOf":{"@id":"https:\/\/profaj.co\/miknatis\/#website"},"datePublished":"2024-05-15T08:40:07+00:00","dateModified":"2024-05-15T08:41:10+00:00","breadcrumb":{"@id":"https:\/\/profaj.co\/miknatis\/tr\/urun\/seramik-ferrit-miknatislar\/#breadcrumb"},"inLanguage":"tr","potentialAction":[{"@type":"ReadAction","target":["https:\/\/profaj.co\/miknatis\/tr\/urun\/seramik-ferrit-miknatislar\/"]}]},{"@type":"BreadcrumbList","@id":"https:\/\/profaj.co\/miknatis\/tr\/urun\/seramik-ferrit-miknatislar\/#breadcrumb","itemListElement":[{"@type":"ListItem","position":1,"name":"Anasayfa","item":"https:\/\/profaj.co\/miknatis\/tr\/anasayfa\/"},{"@type":"ListItem","position":2,"name":"\u00dcr\u00fcnler","item":"https:\/\/profaj.co\/miknatis\/tr\/urunler\/"},{"@type":"ListItem","position":3,"name":"Seramik-Ferrit M\u0131knat\u0131slar"}]},{"@type":"WebSite","@id":"https:\/\/profaj.co\/miknatis\/#website","url":"https:\/\/profaj.co\/miknatis\/","name":"M\u0131knat\u0131s Ar-Ge","description":"","publisher":{"@id":"https:\/\/profaj.co\/miknatis\/#organization"},"potentialAction":[{"@type":"SearchAction","target":{"@type":"EntryPoint","urlTemplate":"https:\/\/profaj.co\/miknatis\/?s={search_term_string}"},"query-input":"required name=search_term_string"}],"inLanguage":"tr"},{"@type":"Organization","@id":"https:\/\/profaj.co\/miknatis\/#organization","name":"M\u0131knat\u0131s Ar-Ge","url":"https:\/\/profaj.co\/miknatis\/","logo":{"@type":"ImageObject","inLanguage":"tr","@id":"https:\/\/profaj.co\/miknatis\/#\/schema\/logo\/image\/","url":"https:\/\/profaj.co\/miknatis\/wp-content\/uploads\/2023\/12\/logo-white.webp","contentUrl":"https:\/\/profaj.co\/miknatis\/wp-content\/uploads\/2023\/12\/logo-white.webp","width":300,"height":266,"caption":"M\u0131knat\u0131s Ar-Ge"},"image":{"@id":"https:\/\/profaj.co\/miknatis\/#\/schema\/logo\/image\/"}}]}},"lang":"tr","translations":{"tr":6791,"en":7211},"pll_sync_post":[],"_links":{"self":[{"href":"https:\/\/profaj.co\/miknatis\/wp-json\/wp\/v2\/product\/6791","targetHints":{"allow":["GET"]}}],"collection":[{"href":"https:\/\/profaj.co\/miknatis\/wp-json\/wp\/v2\/product"}],"about":[{"href":"https:\/\/profaj.co\/miknatis\/wp-json\/wp\/v2\/types\/product"}],"wp:featuredmedia":[{"embeddable":true,"href":"https:\/\/profaj.co\/miknatis\/wp-json\/wp\/v2\/media\/6792"}],"wp:attachment":[{"href":"https:\/\/profaj.co\/miknatis\/wp-json\/wp\/v2\/media?parent=6791"}],"wp:term":[{"taxonomy":"product_cat","embeddable":true,"href":"https:\/\/profaj.co\/miknatis\/wp-json\/wp\/v2\/product_cat?post=6791"},{"taxonomy":"product_tag","embeddable":true,"href":"https:\/\/profaj.co\/miknatis\/wp-json\/wp\/v2\/product_tag?post=6791"}],"curies":[{"name":"wp","href":"https:\/\/api.w.org\/{rel}","templated":true}]}}