{"id":6800,"date":"2024-05-15T12:11:27","date_gmt":"2024-05-15T09:11:27","guid":{"rendered":"https:\/\/profaj.co\/miknatis\/?post_type=product&#038;p=6800"},"modified":"2024-05-15T12:11:27","modified_gmt":"2024-05-15T09:11:27","slug":"smco-samaryum-pot-miknatislar","status":"publish","type":"product","link":"https:\/\/profaj.co\/miknatis\/tr\/urun\/smco-samaryum-pot-miknatislar\/","title":{"rendered":"SmCo Samaryum Pot M\u0131knat\u0131slar"},"content":{"rendered":"<p>SmCo&#8217;nun yap\u0131s\u0131nda \u00e7ok az serbest demir vard\u0131r, yani suya kar\u015f\u0131 m\u00fckemmel korozyon direnci sunar.\u00a0\u00c7ok nadiren koruyucu kaplama gerektirir.\u00a0Performans \u00f6zelliklerinden dolay\u0131 SmCo, havac\u0131l\u0131k ve askeri uygulamalar gibi kritik g\u00f6rev uygulamalar\u0131nda Neodimyum yerine s\u0131kl\u0131kla kullan\u0131l\u0131r. SmCo k\u0131r\u0131lgan bir malzemedir ve yanl\u0131\u015f kullan\u0131l\u0131rsa kolay k\u0131r\u0131labilir.\u00a0Metal muhafaza m\u0131knat\u0131s\u0131 korurken ayn\u0131 zamanda da m\u0131knat\u0131s\u0131n yap\u0131\u015fmayan y\u00fczeyindeki \u00e7ekim kuvvetini yap\u0131\u015fma y\u00fczeyine aktararak \u00e7ok daha fazla yap\u0131\u015fma kuvveti sa\u011flar.\u00a0Y\u00fcksek s\u0131cakl\u0131k ve korozyon dayan\u0131m\u0131 gerektiren uygulamalar i\u00e7in uygundur.<\/p>\n<p><strong><em>Farkl\u0131 boyut, manyetik g\u00fc\u00e7, kaplama ve ba\u011flant\u0131 \u00e7e\u015fitlerine sahip Samaryum Pot M\u0131knat\u0131s \u00e7e\u015fitlili\u011fimiz i\u00e7in l\u00fctfen ileti\u015fime ge\u00e7iniz.<\/em><\/strong><\/p>\n","protected":false},"excerpt":{"rendered":"<p>SmCo&#8217;nun yap\u0131s\u0131nda \u00e7ok az serbest demir vard\u0131r, yani suya kar\u015f\u0131 m\u00fckemmel korozyon direnci sunar.\u00a0\u00c7ok nadiren koruyucu kaplama gerektirir.<\/p>\n","protected":false},"featured_media":6801,"template":"","meta":[],"product_cat":[53,56],"product_tag":[],"class_list":["post-6800","product","type-product","status-publish","has-post-thumbnail","hentry","product_cat-miknatislar-ve-potlar","product_cat-pot-miknatislar"],"acf":[],"yoast_head":"<!-- This site is optimized with the Yoast SEO Premium plugin v22.1 (Yoast SEO v22.1) - https:\/\/yoast.com\/wordpress\/plugins\/seo\/ -->\n<title>SmCo Samaryum Pot M\u0131knat\u0131slar - M\u0131knat\u0131s Ar-Ge<\/title>\n<meta name=\"robots\" content=\"index, follow, max-snippet:-1, max-image-preview:large, max-video-preview:-1\" \/>\n<link rel=\"canonical\" href=\"https:\/\/profaj.co\/miknatis\/tr\/urun\/smco-samaryum-pot-miknatislar\/\" \/>\n<meta property=\"og:locale\" content=\"tr_TR\" \/>\n<meta property=\"og:type\" content=\"article\" \/>\n<meta property=\"og:title\" content=\"SmCo Samaryum Pot M\u0131knat\u0131slar\" \/>\n<meta property=\"og:description\" content=\"SmCo&#039;nun yap\u0131s\u0131nda \u00e7ok az serbest demir vard\u0131r, yani suya kar\u015f\u0131 m\u00fckemmel korozyon direnci sunar.\u00a0\u00c7ok nadiren koruyucu kaplama gerektirir.\" \/>\n<meta property=\"og:url\" content=\"https:\/\/profaj.co\/miknatis\/tr\/urun\/smco-samaryum-pot-miknatislar\/\" \/>\n<meta property=\"og:site_name\" content=\"M\u0131knat\u0131s Ar-Ge\" \/>\n<meta property=\"og:image\" content=\"https:\/\/profaj.co\/miknatis\/wp-content\/uploads\/2024\/05\/miknatis-arge_615458648e67f.jpg\" \/>\n\t<meta property=\"og:image:width\" content=\"1288\" \/>\n\t<meta property=\"og:image:height\" content=\"1289\" \/>\n\t<meta property=\"og:image:type\" content=\"image\/jpeg\" \/>\n<meta name=\"twitter:card\" content=\"summary_large_image\" \/>\n<meta name=\"twitter:label1\" content=\"Tahmini okuma s\u00fcresi\" \/>\n\t<meta name=\"twitter:data1\" content=\"1 dakika\" \/>\n<script type=\"application\/ld+json\" class=\"yoast-schema-graph\">{\"@context\":\"https:\/\/schema.org\",\"@graph\":[{\"@type\":\"WebPage\",\"@id\":\"https:\/\/profaj.co\/miknatis\/tr\/urun\/smco-samaryum-pot-miknatislar\/\",\"url\":\"https:\/\/profaj.co\/miknatis\/tr\/urun\/smco-samaryum-pot-miknatislar\/\",\"name\":\"SmCo Samaryum Pot M\u0131knat\u0131slar - M\u0131knat\u0131s Ar-Ge\",\"isPartOf\":{\"@id\":\"https:\/\/profaj.co\/miknatis\/#website\"},\"datePublished\":\"2024-05-15T09:11:27+00:00\",\"dateModified\":\"2024-05-15T09:11:27+00:00\",\"breadcrumb\":{\"@id\":\"https:\/\/profaj.co\/miknatis\/tr\/urun\/smco-samaryum-pot-miknatislar\/#breadcrumb\"},\"inLanguage\":\"tr\",\"potentialAction\":[{\"@type\":\"ReadAction\",\"target\":[\"https:\/\/profaj.co\/miknatis\/tr\/urun\/smco-samaryum-pot-miknatislar\/\"]}]},{\"@type\":\"BreadcrumbList\",\"@id\":\"https:\/\/profaj.co\/miknatis\/tr\/urun\/smco-samaryum-pot-miknatislar\/#breadcrumb\",\"itemListElement\":[{\"@type\":\"ListItem\",\"position\":1,\"name\":\"Anasayfa\",\"item\":\"https:\/\/profaj.co\/miknatis\/tr\/anasayfa\/\"},{\"@type\":\"ListItem\",\"position\":2,\"name\":\"\u00dcr\u00fcnler\",\"item\":\"https:\/\/profaj.co\/miknatis\/tr\/urunler\/\"},{\"@type\":\"ListItem\",\"position\":3,\"name\":\"SmCo Samaryum Pot M\u0131knat\u0131slar\"}]},{\"@type\":\"WebSite\",\"@id\":\"https:\/\/profaj.co\/miknatis\/#website\",\"url\":\"https:\/\/profaj.co\/miknatis\/\",\"name\":\"M\u0131knat\u0131s Ar-Ge\",\"description\":\"\",\"publisher\":{\"@id\":\"https:\/\/profaj.co\/miknatis\/#organization\"},\"potentialAction\":[{\"@type\":\"SearchAction\",\"target\":{\"@type\":\"EntryPoint\",\"urlTemplate\":\"https:\/\/profaj.co\/miknatis\/?s={search_term_string}\"},\"query-input\":\"required name=search_term_string\"}],\"inLanguage\":\"tr\"},{\"@type\":\"Organization\",\"@id\":\"https:\/\/profaj.co\/miknatis\/#organization\",\"name\":\"M\u0131knat\u0131s Ar-Ge\",\"url\":\"https:\/\/profaj.co\/miknatis\/\",\"logo\":{\"@type\":\"ImageObject\",\"inLanguage\":\"tr\",\"@id\":\"https:\/\/profaj.co\/miknatis\/#\/schema\/logo\/image\/\",\"url\":\"https:\/\/profaj.co\/miknatis\/wp-content\/uploads\/2023\/12\/logo-white.webp\",\"contentUrl\":\"https:\/\/profaj.co\/miknatis\/wp-content\/uploads\/2023\/12\/logo-white.webp\",\"width\":300,\"height\":266,\"caption\":\"M\u0131knat\u0131s Ar-Ge\"},\"image\":{\"@id\":\"https:\/\/profaj.co\/miknatis\/#\/schema\/logo\/image\/\"}}]}<\/script>\n<!-- \/ Yoast SEO Premium plugin. -->","yoast_head_json":{"title":"SmCo Samaryum Pot M\u0131knat\u0131slar - M\u0131knat\u0131s Ar-Ge","robots":{"index":"index","follow":"follow","max-snippet":"max-snippet:-1","max-image-preview":"max-image-preview:large","max-video-preview":"max-video-preview:-1"},"canonical":"https:\/\/profaj.co\/miknatis\/tr\/urun\/smco-samaryum-pot-miknatislar\/","og_locale":"tr_TR","og_type":"article","og_title":"SmCo Samaryum Pot M\u0131knat\u0131slar","og_description":"SmCo'nun yap\u0131s\u0131nda \u00e7ok az serbest demir vard\u0131r, yani suya kar\u015f\u0131 m\u00fckemmel korozyon direnci sunar.\u00a0\u00c7ok nadiren koruyucu kaplama gerektirir.","og_url":"https:\/\/profaj.co\/miknatis\/tr\/urun\/smco-samaryum-pot-miknatislar\/","og_site_name":"M\u0131knat\u0131s Ar-Ge","og_image":[{"width":1288,"height":1289,"url":"https:\/\/profaj.co\/miknatis\/wp-content\/uploads\/2024\/05\/miknatis-arge_615458648e67f.jpg","type":"image\/jpeg"}],"twitter_card":"summary_large_image","twitter_misc":{"Tahmini okuma s\u00fcresi":"1 dakika"},"schema":{"@context":"https:\/\/schema.org","@graph":[{"@type":"WebPage","@id":"https:\/\/profaj.co\/miknatis\/tr\/urun\/smco-samaryum-pot-miknatislar\/","url":"https:\/\/profaj.co\/miknatis\/tr\/urun\/smco-samaryum-pot-miknatislar\/","name":"SmCo Samaryum Pot M\u0131knat\u0131slar - M\u0131knat\u0131s Ar-Ge","isPartOf":{"@id":"https:\/\/profaj.co\/miknatis\/#website"},"datePublished":"2024-05-15T09:11:27+00:00","dateModified":"2024-05-15T09:11:27+00:00","breadcrumb":{"@id":"https:\/\/profaj.co\/miknatis\/tr\/urun\/smco-samaryum-pot-miknatislar\/#breadcrumb"},"inLanguage":"tr","potentialAction":[{"@type":"ReadAction","target":["https:\/\/profaj.co\/miknatis\/tr\/urun\/smco-samaryum-pot-miknatislar\/"]}]},{"@type":"BreadcrumbList","@id":"https:\/\/profaj.co\/miknatis\/tr\/urun\/smco-samaryum-pot-miknatislar\/#breadcrumb","itemListElement":[{"@type":"ListItem","position":1,"name":"Anasayfa","item":"https:\/\/profaj.co\/miknatis\/tr\/anasayfa\/"},{"@type":"ListItem","position":2,"name":"\u00dcr\u00fcnler","item":"https:\/\/profaj.co\/miknatis\/tr\/urunler\/"},{"@type":"ListItem","position":3,"name":"SmCo Samaryum Pot M\u0131knat\u0131slar"}]},{"@type":"WebSite","@id":"https:\/\/profaj.co\/miknatis\/#website","url":"https:\/\/profaj.co\/miknatis\/","name":"M\u0131knat\u0131s Ar-Ge","description":"","publisher":{"@id":"https:\/\/profaj.co\/miknatis\/#organization"},"potentialAction":[{"@type":"SearchAction","target":{"@type":"EntryPoint","urlTemplate":"https:\/\/profaj.co\/miknatis\/?s={search_term_string}"},"query-input":"required name=search_term_string"}],"inLanguage":"tr"},{"@type":"Organization","@id":"https:\/\/profaj.co\/miknatis\/#organization","name":"M\u0131knat\u0131s Ar-Ge","url":"https:\/\/profaj.co\/miknatis\/","logo":{"@type":"ImageObject","inLanguage":"tr","@id":"https:\/\/profaj.co\/miknatis\/#\/schema\/logo\/image\/","url":"https:\/\/profaj.co\/miknatis\/wp-content\/uploads\/2023\/12\/logo-white.webp","contentUrl":"https:\/\/profaj.co\/miknatis\/wp-content\/uploads\/2023\/12\/logo-white.webp","width":300,"height":266,"caption":"M\u0131knat\u0131s Ar-Ge"},"image":{"@id":"https:\/\/profaj.co\/miknatis\/#\/schema\/logo\/image\/"}}]}},"lang":"tr","translations":{"tr":6800,"en":7224},"pll_sync_post":[],"_links":{"self":[{"href":"https:\/\/profaj.co\/miknatis\/wp-json\/wp\/v2\/product\/6800","targetHints":{"allow":["GET"]}}],"collection":[{"href":"https:\/\/profaj.co\/miknatis\/wp-json\/wp\/v2\/product"}],"about":[{"href":"https:\/\/profaj.co\/miknatis\/wp-json\/wp\/v2\/types\/product"}],"wp:featuredmedia":[{"embeddable":true,"href":"https:\/\/profaj.co\/miknatis\/wp-json\/wp\/v2\/media\/6801"}],"wp:attachment":[{"href":"https:\/\/profaj.co\/miknatis\/wp-json\/wp\/v2\/media?parent=6800"}],"wp:term":[{"taxonomy":"product_cat","embeddable":true,"href":"https:\/\/profaj.co\/miknatis\/wp-json\/wp\/v2\/product_cat?post=6800"},{"taxonomy":"product_tag","embeddable":true,"href":"https:\/\/profaj.co\/miknatis\/wp-json\/wp\/v2\/product_tag?post=6800"}],"curies":[{"name":"wp","href":"https:\/\/api.w.org\/{rel}","templated":true}]}}