{"id":6905,"date":"2024-05-17T10:40:40","date_gmt":"2024-05-17T07:40:40","guid":{"rendered":"https:\/\/profaj.co\/miknatis\/?post_type=product&#038;p=6905"},"modified":"2024-05-17T10:46:58","modified_gmt":"2024-05-17T07:46:58","slug":"aski-tipi-elektromanyetik-plakalar","status":"publish","type":"product","link":"https:\/\/profaj.co\/miknatis\/tr\/urun\/aski-tipi-elektromanyetik-plakalar\/","title":{"rendered":"Ask\u0131 Tipi Elektromanyetik Plakalar"},"content":{"rendered":"<p><strong>Ask\u0131 Tipi Elektromanyetik Plakalar<\/strong><\/p>\n<p>Ask\u0131ya al\u0131nm\u0131\u015f Elektrom\u0131knat\u0131s, ta\u015f\u0131nan malzemelerden serbest haldeki demir ve \u00e7elik gibi istenmeyen ferromanyetik (Fe) at\u0131klar\u0131 toplamay\u0131 sa\u011flar. Elektromanyetik Plaklar, k\u0131r\u0131c\u0131lar, de\u011firmenler ve \u00f6\u011f\u00fct\u00fcc\u00fcler i\u00e7in tehlike olu\u015fturan b\u00fcy\u00fck metal par\u00e7alar\u0131n\u0131 ay\u0131rmak i\u00e7in besleme konvey\u00f6r band\u0131n\u0131n \u00fczerine monte edilir veya ask\u0131ya al\u0131n\u0131r. Ask\u0131ya al\u0131nm\u0131\u015f Elektromanyetik Plakalar, \u00f6zellikle transfer noktalar\u0131nda konvey\u00f6r bantlar\u0131na zarar verebilecek veya y\u0131rtabilecek keskin metalleri de ay\u0131rabilir. Elektrom\u0131knat\u0131slar a\u011f\u0131r, sa\u011flam ve g\u00fc\u00e7l\u00fcd\u00fcr. \u00c7ok g\u00fc\u00e7l\u00fc manyetik alan etkisi sayesinde daha uzak etkin mesafeden iri demir par\u00e7alar\u0131n\u0131 rahatl\u0131kla \u00e7ekebilir. Ancak, m\u0131knat\u0131s\u0131n hemen alt\u0131ndaki besleme bant \u015fasesinin, roliklerin manyetik olmayan malzemeden olmas\u0131 \u00f6nemlidir yoksa \u015faside\u00a0manyetize olur. Elektrom\u0131knat\u0131s, servis veya temizlik amac\u0131yla kapat\u0131labilir.<\/p>\n<p><strong><em>\u00d6zellikler ve Faydalar:<\/em><\/strong><\/p>\n<ul>\n<li>Manyetik sistemler i\u00e7inde max. kurulum y\u00fcksekli\u011fine sahiptir.<\/li>\n<li>Elektromanyetik Plakan\u0131n max. ask\u0131 y\u00fcksekli\u011fi besleme bant\u0131 ile Elektrom\u0131knat\u0131s aras\u0131nda 50 cm ge\u00e7memelidir.<\/li>\n<li>Elektri\u011fi verildi\u011finde \u00e7al\u0131\u015f\u0131r kesildi\u011finde manyetik \u00f6zelli\u011fini kaybeder.<\/li>\n<li>Elektromanyetik as\u0131l\u0131 plaka m\u0131knat\u0131slar a\u00e7\u0131l\u0131p kapat\u0131labilir. Elektrom\u0131knat\u0131s kapat\u0131ld\u0131\u011f\u0131nda Ferromanyetik (Fe) partik\u00fclleri manyetikten d\u00fc\u015fer bu da temizli\u011fi kolayla\u015ft\u0131r\u0131r. (Manuel h\u0131zl\u0131 temizlik ve esnek kullan\u0131m sa\u011flar.)<\/li>\n<li>Bobinlerin \u0131s\u0131nmas\u0131na kar\u015f\u0131\u00a0so\u011futmal\u0131 \u00fcniteleri\u00a0 (hava so\u011futmal\u0131 ve ya\u011f\u00a0so\u011futmal\u0131 modeller) mevcuttur.<\/li>\n<li>Al\u00fcminyum veya bak\u0131r bobin kullan\u0131lmaktad\u0131r.<\/li>\n<\/ul>\n<p><strong><em>Dezavantajlar\u0131<\/em><\/strong>:<\/p>\n<ul>\n<li>Kal\u0131c\u0131 (daimi) as\u0131l\u0131 plaka m\u0131knat\u0131slardan daha karma\u015f\u0131kt\u0131rlar: g\u00fc\u00e7l\u00fc bir manyetik alan olu\u015fturmak i\u00e7in b\u00fcy\u00fck bir elektrik bobini gereklidir. Bu durum, onlar\u0131 mobil kurulumlar i\u00e7in daha az uygun hale getirir, kal\u0131c\u0131 as\u0131l\u0131 plaka m\u0131knat\u0131slardan daha pahall\u0131d\u0131r ve daha \u00e7ok bak\u0131m gerektirir.<\/li>\n<li>Elektromanyetik Plaka m\u0131knat\u0131slar g\u00fc\u00e7 t\u00fcketir ve bir kontrol panosu ile g\u00fc\u00e7 kayna\u011f\u0131 gereklidir. Bu da i\u015fletme maliyetini artt\u0131rmaktad\u0131r.<\/li>\n<\/ul>\n<p><strong><em>Stiller ve Modeller<\/em><\/strong><\/p>\n<p><strong><em>Manuel Temizleme Modelleri ( Elektromanyetik Plakalar)<\/em><\/strong><\/p>\n<p><strong><em> <img fetchpriority=\"high\" decoding=\"async\" class=\"alignnone wp-image-6907 size-medium\" src=\"https:\/\/profaj.co\/miknatis\/wp-content\/uploads\/2024\/05\/1771979712-300x169.jpg\" alt=\"\" width=\"300\" height=\"169\" srcset=\"https:\/\/profaj.co\/miknatis\/wp-content\/uploads\/2024\/05\/1771979712-300x169.jpg 300w, https:\/\/profaj.co\/miknatis\/wp-content\/uploads\/2024\/05\/1771979712-768x432.jpg 768w, https:\/\/profaj.co\/miknatis\/wp-content\/uploads\/2024\/05\/1771979712-600x338.jpg 600w, https:\/\/profaj.co\/miknatis\/wp-content\/uploads\/2024\/05\/1771979712.jpg 1000w\" sizes=\"(max-width: 300px) 100vw, 300px\" \/> <img decoding=\"async\" class=\"alignnone wp-image-6908 size-medium\" src=\"https:\/\/profaj.co\/miknatis\/wp-content\/uploads\/2024\/05\/1604965993-279x300.jpg\" alt=\"\" width=\"279\" height=\"300\" srcset=\"https:\/\/profaj.co\/miknatis\/wp-content\/uploads\/2024\/05\/1604965993-279x300.jpg 279w, https:\/\/profaj.co\/miknatis\/wp-content\/uploads\/2024\/05\/1604965993-768x827.jpg 768w, https:\/\/profaj.co\/miknatis\/wp-content\/uploads\/2024\/05\/1604965993-600x646.jpg 600w, https:\/\/profaj.co\/miknatis\/wp-content\/uploads\/2024\/05\/1604965993.jpg 929w\" sizes=\"(max-width: 279px) 100vw, 279px\" \/> <img decoding=\"async\" class=\"alignnone wp-image-6909 size-medium\" src=\"https:\/\/profaj.co\/miknatis\/wp-content\/uploads\/2024\/05\/739297777-277x300.jpg\" alt=\"\" width=\"277\" height=\"300\" srcset=\"https:\/\/profaj.co\/miknatis\/wp-content\/uploads\/2024\/05\/739297777-277x300.jpg 277w, https:\/\/profaj.co\/miknatis\/wp-content\/uploads\/2024\/05\/739297777.jpg 575w\" sizes=\"(max-width: 277px) 100vw, 277px\" \/> <img loading=\"lazy\" decoding=\"async\" class=\"alignnone wp-image-6910 size-medium\" src=\"https:\/\/profaj.co\/miknatis\/wp-content\/uploads\/2024\/05\/2904099-300x169.jpg\" alt=\"\" width=\"300\" height=\"169\" srcset=\"https:\/\/profaj.co\/miknatis\/wp-content\/uploads\/2024\/05\/2904099-300x169.jpg 300w, https:\/\/profaj.co\/miknatis\/wp-content\/uploads\/2024\/05\/2904099-768x432.jpg 768w, https:\/\/profaj.co\/miknatis\/wp-content\/uploads\/2024\/05\/2904099-600x338.jpg 600w, https:\/\/profaj.co\/miknatis\/wp-content\/uploads\/2024\/05\/2904099.jpg 1000w\" sizes=\"(max-width: 300px) 100vw, 300px\" \/><br \/>\n<\/em><\/strong><\/p>\n<p>Manuel Temizlemeli Elektromanyetik Plaka modellerinde, m\u0131knat\u0131s g\u00fcc\u00fc periyodik olarak kapat\u0131larak birikmi\u015f demirlerden temizlenebilir.<\/p>\n<p>Manuel Temizlemeli Elektromanyetik sistemlerde talep edilirse Elektrom\u0131knat\u0131s\u0131n as\u0131l\u0131\/ba\u011fl\u0131 olaca\u011f\u0131 sehpa\/\u015fasisiyle birlikte Elektrom\u0131knat\u0131s\u0131n band \u00fcst\u00fcnden yan y\u00fcr\u00fcme yoluna k\u0131zakl\u0131 \u015fekilde kaymas\u0131 sa\u011flanabilir. Enerji kesilmeden Elektromanyetik Plaka materyalleri \u00e7ekmeye devam eder ve temizleme yap\u0131lmas\u0131 i\u00e7in k\u0131zakl\u0131 bir bi\u00e7imde band\u0131n yan y\u00fcr\u00fcme yoluna \u00e7ekilerek enerji kesilmesi sayesinde tuttu\u011fu ferromanyetik malzemenin besleme konvey\u00f6r bant\u0131n d\u0131\u015f\u0131na\u00a0bo\u015falt\u0131lmas\u0131\u00a0ve tekrar yerine getirilerek (band \u00fczeri) enerjisi verilerek aktif hale getirilmesi sa\u011flanabilir. Sistem her vardiya sonunda iste\u011fe ba\u011fl\u0131 yap\u0131labilir. K\u0131zaklama sistemi \u00e7ift devirli frenli, elektrik motorlu, \u015faryo sistemle sa\u011flanmaktad\u0131r. Hareket sonu limit switchleri ile desteklenmektedir. Hareket mekanizmas\u0131 ve Elektromanyetik Plakan\u0131n \u00e7al\u0131\u015fmas\u0131 kablolu el terminali ile sa\u011flanabilmektedir. Sistem hareket halindeyken ve \u00e7al\u0131\u015ft\u0131\u011f\u0131 ilk konuma gelene kadar sesli ve sar\u0131 ikaz lambas\u0131 \u00e7al\u0131\u015ft\u0131r\u0131larak i\u015f g\u00fcvenli\u011fi sa\u011flanmaktad\u0131r.\u00a0<strong>Sistem ar\u0131zas\u0131 halinde k\u0131rm\u0131z\u0131 ikaz lambas\u0131 \u00a0da olmaktad\u0131r.<\/strong><\/p>\n<p><strong><em>Kendi Kendini Temizleyen Modeller (Otomatik Temizlemeli Elektromanyetik Plakalar)<\/em><\/strong><\/p>\n<p><img loading=\"lazy\" decoding=\"async\" class=\"alignnone wp-image-6911 size-medium\" src=\"https:\/\/profaj.co\/miknatis\/wp-content\/uploads\/2024\/05\/1038773937-300x166.jpg\" alt=\"\" width=\"300\" height=\"166\" srcset=\"https:\/\/profaj.co\/miknatis\/wp-content\/uploads\/2024\/05\/1038773937-300x166.jpg 300w, https:\/\/profaj.co\/miknatis\/wp-content\/uploads\/2024\/05\/1038773937-1024x565.jpg 1024w, https:\/\/profaj.co\/miknatis\/wp-content\/uploads\/2024\/05\/1038773937-768x424.jpg 768w, https:\/\/profaj.co\/miknatis\/wp-content\/uploads\/2024\/05\/1038773937-600x331.jpg 600w, https:\/\/profaj.co\/miknatis\/wp-content\/uploads\/2024\/05\/1038773937.jpg 1500w\" sizes=\"(max-width: 300px) 100vw, 300px\" \/> <img loading=\"lazy\" decoding=\"async\" class=\"alignnone wp-image-6912 size-medium\" src=\"https:\/\/profaj.co\/miknatis\/wp-content\/uploads\/2024\/05\/2125275578-300x184.jpg\" alt=\"\" width=\"300\" height=\"184\" srcset=\"https:\/\/profaj.co\/miknatis\/wp-content\/uploads\/2024\/05\/2125275578-300x184.jpg 300w, https:\/\/profaj.co\/miknatis\/wp-content\/uploads\/2024\/05\/2125275578-1024x629.jpg 1024w, https:\/\/profaj.co\/miknatis\/wp-content\/uploads\/2024\/05\/2125275578-768x472.jpg 768w, https:\/\/profaj.co\/miknatis\/wp-content\/uploads\/2024\/05\/2125275578-1536x943.jpg 1536w, https:\/\/profaj.co\/miknatis\/wp-content\/uploads\/2024\/05\/2125275578-2048x1258.jpg 2048w, https:\/\/profaj.co\/miknatis\/wp-content\/uploads\/2024\/05\/2125275578-600x368.jpg 600w\" sizes=\"(max-width: 300px) 100vw, 300px\" \/> <img loading=\"lazy\" decoding=\"async\" class=\"alignnone wp-image-6913 size-medium\" src=\"https:\/\/profaj.co\/miknatis\/wp-content\/uploads\/2024\/05\/345572258-300x224.jpg\" alt=\"\" width=\"300\" height=\"224\" srcset=\"https:\/\/profaj.co\/miknatis\/wp-content\/uploads\/2024\/05\/345572258-300x224.jpg 300w, https:\/\/profaj.co\/miknatis\/wp-content\/uploads\/2024\/05\/345572258-1024x766.jpg 1024w, https:\/\/profaj.co\/miknatis\/wp-content\/uploads\/2024\/05\/345572258-768x575.jpg 768w, https:\/\/profaj.co\/miknatis\/wp-content\/uploads\/2024\/05\/345572258-1536x1149.jpg 1536w, https:\/\/profaj.co\/miknatis\/wp-content\/uploads\/2024\/05\/345572258-2048x1532.jpg 2048w, https:\/\/profaj.co\/miknatis\/wp-content\/uploads\/2024\/05\/345572258-600x449.jpg 600w\" sizes=\"(max-width: 300px) 100vw, 300px\" \/><\/p>\n<p>&#8220;Kendi Kendini Temizleyen Elektromanyetik Plakal\u0131&#8221; modeller, \u00fcr\u00fcn\u00fcn tamamen otomatik olarak \u00e7\u0131kar\u0131lmas\u0131n\u0131 sa\u011flar ve \u201cparalel\u201d veya \u201c\u00e7apraz bant\u201d pozisyonunda kurulabilir. Otomatik Temizleme yo\u011fun gelen ferromanyetik (Fe) malzemelerin Elektrom\u0131knat\u0131s \u00fczerinden ta\u015f\u0131nmas\u0131nda kolayl\u0131k sa\u011flar. Her iki modelinde de demirin m\u0131knat\u0131s y\u00fczeyinden otomatik olarak at\u0131lmas\u0131n\u0131 sa\u011flamak i\u00e7in m\u0131knat\u0131s\u0131n etraf\u0131nda bantl\u0131 konvey\u00f6r bulunur. Otomatik Temizlemeli Elektromanyetik Plakalar (Kendi kendini temizleyen) , konvey\u00f6r ta\u015f\u0131ma band\u0131na, yataklara, sa\u011flam bir \u015fasiye, ayarlanabilir gerdirmelere ve motor-red\u00fckt\u00f6re sahiptir.<\/p>\n","protected":false},"excerpt":{"rendered":"<p>Ask\u0131ya al\u0131nm\u0131\u015f Elektrom\u0131knat\u0131s, ta\u015f\u0131nan malzemelerden serbest haldeki demir ve \u00e7elik gibi istenmeyen ferromanyetik (Fe) at\u0131klar\u0131 toplamay\u0131 sa\u011flar.<\/p>\n","protected":false},"featured_media":6906,"template":"","meta":[],"product_cat":[64],"product_tag":[],"class_list":["post-6905","product","type-product","status-publish","has-post-thumbnail","hentry","product_cat-manyetik-plakalar"],"acf":[],"yoast_head":"<!-- This site is optimized with the Yoast SEO Premium plugin v22.1 (Yoast SEO v22.1) - https:\/\/yoast.com\/wordpress\/plugins\/seo\/ -->\n<title>Ask\u0131 Tipi Elektromanyetik Plakalar - M\u0131knat\u0131s Ar-Ge<\/title>\n<meta name=\"robots\" content=\"index, follow, max-snippet:-1, max-image-preview:large, max-video-preview:-1\" \/>\n<link rel=\"canonical\" href=\"https:\/\/profaj.co\/miknatis\/tr\/urun\/aski-tipi-elektromanyetik-plakalar\/\" \/>\n<meta property=\"og:locale\" content=\"tr_TR\" \/>\n<meta property=\"og:type\" content=\"article\" \/>\n<meta property=\"og:title\" content=\"Ask\u0131 Tipi Elektromanyetik Plakalar\" \/>\n<meta property=\"og:description\" content=\"Ask\u0131ya al\u0131nm\u0131\u015f Elektrom\u0131knat\u0131s, ta\u015f\u0131nan malzemelerden serbest haldeki demir ve \u00e7elik gibi istenmeyen ferromanyetik (Fe) at\u0131klar\u0131 toplamay\u0131 sa\u011flar.\" \/>\n<meta property=\"og:url\" content=\"https:\/\/profaj.co\/miknatis\/tr\/urun\/aski-tipi-elektromanyetik-plakalar\/\" \/>\n<meta property=\"og:site_name\" content=\"M\u0131knat\u0131s Ar-Ge\" \/>\n<meta property=\"article:modified_time\" content=\"2024-05-17T07:46:58+00:00\" \/>\n<meta property=\"og:image\" content=\"https:\/\/profaj.co\/miknatis\/wp-content\/uploads\/2024\/05\/miknatis-arge_62274c517e915.jpg\" \/>\n\t<meta property=\"og:image:width\" content=\"1000\" \/>\n\t<meta property=\"og:image:height\" content=\"1000\" \/>\n\t<meta property=\"og:image:type\" content=\"image\/jpeg\" \/>\n<meta name=\"twitter:card\" content=\"summary_large_image\" \/>\n<meta name=\"twitter:label1\" content=\"Tahmini okuma s\u00fcresi\" \/>\n\t<meta name=\"twitter:data1\" content=\"3 dakika\" \/>\n<script type=\"application\/ld+json\" class=\"yoast-schema-graph\">{\"@context\":\"https:\/\/schema.org\",\"@graph\":[{\"@type\":\"WebPage\",\"@id\":\"https:\/\/profaj.co\/miknatis\/tr\/urun\/aski-tipi-elektromanyetik-plakalar\/\",\"url\":\"https:\/\/profaj.co\/miknatis\/tr\/urun\/aski-tipi-elektromanyetik-plakalar\/\",\"name\":\"Ask\u0131 Tipi Elektromanyetik Plakalar - M\u0131knat\u0131s Ar-Ge\",\"isPartOf\":{\"@id\":\"https:\/\/profaj.co\/miknatis\/#website\"},\"datePublished\":\"2024-05-17T07:40:40+00:00\",\"dateModified\":\"2024-05-17T07:46:58+00:00\",\"breadcrumb\":{\"@id\":\"https:\/\/profaj.co\/miknatis\/tr\/urun\/aski-tipi-elektromanyetik-plakalar\/#breadcrumb\"},\"inLanguage\":\"tr\",\"potentialAction\":[{\"@type\":\"ReadAction\",\"target\":[\"https:\/\/profaj.co\/miknatis\/tr\/urun\/aski-tipi-elektromanyetik-plakalar\/\"]}]},{\"@type\":\"BreadcrumbList\",\"@id\":\"https:\/\/profaj.co\/miknatis\/tr\/urun\/aski-tipi-elektromanyetik-plakalar\/#breadcrumb\",\"itemListElement\":[{\"@type\":\"ListItem\",\"position\":1,\"name\":\"Anasayfa\",\"item\":\"https:\/\/profaj.co\/miknatis\/tr\/anasayfa\/\"},{\"@type\":\"ListItem\",\"position\":2,\"name\":\"\u00dcr\u00fcnler\",\"item\":\"https:\/\/profaj.co\/miknatis\/tr\/urunler\/\"},{\"@type\":\"ListItem\",\"position\":3,\"name\":\"Ask\u0131 Tipi Elektromanyetik Plakalar\"}]},{\"@type\":\"WebSite\",\"@id\":\"https:\/\/profaj.co\/miknatis\/#website\",\"url\":\"https:\/\/profaj.co\/miknatis\/\",\"name\":\"M\u0131knat\u0131s Ar-Ge\",\"description\":\"\",\"publisher\":{\"@id\":\"https:\/\/profaj.co\/miknatis\/#organization\"},\"potentialAction\":[{\"@type\":\"SearchAction\",\"target\":{\"@type\":\"EntryPoint\",\"urlTemplate\":\"https:\/\/profaj.co\/miknatis\/?s={search_term_string}\"},\"query-input\":\"required name=search_term_string\"}],\"inLanguage\":\"tr\"},{\"@type\":\"Organization\",\"@id\":\"https:\/\/profaj.co\/miknatis\/#organization\",\"name\":\"M\u0131knat\u0131s Ar-Ge\",\"url\":\"https:\/\/profaj.co\/miknatis\/\",\"logo\":{\"@type\":\"ImageObject\",\"inLanguage\":\"tr\",\"@id\":\"https:\/\/profaj.co\/miknatis\/#\/schema\/logo\/image\/\",\"url\":\"https:\/\/profaj.co\/miknatis\/wp-content\/uploads\/2023\/12\/logo-white.webp\",\"contentUrl\":\"https:\/\/profaj.co\/miknatis\/wp-content\/uploads\/2023\/12\/logo-white.webp\",\"width\":300,\"height\":266,\"caption\":\"M\u0131knat\u0131s Ar-Ge\"},\"image\":{\"@id\":\"https:\/\/profaj.co\/miknatis\/#\/schema\/logo\/image\/\"}}]}<\/script>\n<!-- \/ Yoast SEO Premium plugin. -->","yoast_head_json":{"title":"Ask\u0131 Tipi Elektromanyetik Plakalar - M\u0131knat\u0131s Ar-Ge","robots":{"index":"index","follow":"follow","max-snippet":"max-snippet:-1","max-image-preview":"max-image-preview:large","max-video-preview":"max-video-preview:-1"},"canonical":"https:\/\/profaj.co\/miknatis\/tr\/urun\/aski-tipi-elektromanyetik-plakalar\/","og_locale":"tr_TR","og_type":"article","og_title":"Ask\u0131 Tipi Elektromanyetik Plakalar","og_description":"Ask\u0131ya al\u0131nm\u0131\u015f Elektrom\u0131knat\u0131s, ta\u015f\u0131nan malzemelerden serbest haldeki demir ve \u00e7elik gibi istenmeyen ferromanyetik (Fe) at\u0131klar\u0131 toplamay\u0131 sa\u011flar.","og_url":"https:\/\/profaj.co\/miknatis\/tr\/urun\/aski-tipi-elektromanyetik-plakalar\/","og_site_name":"M\u0131knat\u0131s Ar-Ge","article_modified_time":"2024-05-17T07:46:58+00:00","og_image":[{"width":1000,"height":1000,"url":"https:\/\/profaj.co\/miknatis\/wp-content\/uploads\/2024\/05\/miknatis-arge_62274c517e915.jpg","type":"image\/jpeg"}],"twitter_card":"summary_large_image","twitter_misc":{"Tahmini okuma s\u00fcresi":"3 dakika"},"schema":{"@context":"https:\/\/schema.org","@graph":[{"@type":"WebPage","@id":"https:\/\/profaj.co\/miknatis\/tr\/urun\/aski-tipi-elektromanyetik-plakalar\/","url":"https:\/\/profaj.co\/miknatis\/tr\/urun\/aski-tipi-elektromanyetik-plakalar\/","name":"Ask\u0131 Tipi Elektromanyetik Plakalar - M\u0131knat\u0131s Ar-Ge","isPartOf":{"@id":"https:\/\/profaj.co\/miknatis\/#website"},"datePublished":"2024-05-17T07:40:40+00:00","dateModified":"2024-05-17T07:46:58+00:00","breadcrumb":{"@id":"https:\/\/profaj.co\/miknatis\/tr\/urun\/aski-tipi-elektromanyetik-plakalar\/#breadcrumb"},"inLanguage":"tr","potentialAction":[{"@type":"ReadAction","target":["https:\/\/profaj.co\/miknatis\/tr\/urun\/aski-tipi-elektromanyetik-plakalar\/"]}]},{"@type":"BreadcrumbList","@id":"https:\/\/profaj.co\/miknatis\/tr\/urun\/aski-tipi-elektromanyetik-plakalar\/#breadcrumb","itemListElement":[{"@type":"ListItem","position":1,"name":"Anasayfa","item":"https:\/\/profaj.co\/miknatis\/tr\/anasayfa\/"},{"@type":"ListItem","position":2,"name":"\u00dcr\u00fcnler","item":"https:\/\/profaj.co\/miknatis\/tr\/urunler\/"},{"@type":"ListItem","position":3,"name":"Ask\u0131 Tipi Elektromanyetik Plakalar"}]},{"@type":"WebSite","@id":"https:\/\/profaj.co\/miknatis\/#website","url":"https:\/\/profaj.co\/miknatis\/","name":"M\u0131knat\u0131s Ar-Ge","description":"","publisher":{"@id":"https:\/\/profaj.co\/miknatis\/#organization"},"potentialAction":[{"@type":"SearchAction","target":{"@type":"EntryPoint","urlTemplate":"https:\/\/profaj.co\/miknatis\/?s={search_term_string}"},"query-input":"required name=search_term_string"}],"inLanguage":"tr"},{"@type":"Organization","@id":"https:\/\/profaj.co\/miknatis\/#organization","name":"M\u0131knat\u0131s Ar-Ge","url":"https:\/\/profaj.co\/miknatis\/","logo":{"@type":"ImageObject","inLanguage":"tr","@id":"https:\/\/profaj.co\/miknatis\/#\/schema\/logo\/image\/","url":"https:\/\/profaj.co\/miknatis\/wp-content\/uploads\/2023\/12\/logo-white.webp","contentUrl":"https:\/\/profaj.co\/miknatis\/wp-content\/uploads\/2023\/12\/logo-white.webp","width":300,"height":266,"caption":"M\u0131knat\u0131s Ar-Ge"},"image":{"@id":"https:\/\/profaj.co\/miknatis\/#\/schema\/logo\/image\/"}}]}},"lang":"tr","translations":{"tr":6905,"en":7273},"pll_sync_post":[],"_links":{"self":[{"href":"https:\/\/profaj.co\/miknatis\/wp-json\/wp\/v2\/product\/6905","targetHints":{"allow":["GET"]}}],"collection":[{"href":"https:\/\/profaj.co\/miknatis\/wp-json\/wp\/v2\/product"}],"about":[{"href":"https:\/\/profaj.co\/miknatis\/wp-json\/wp\/v2\/types\/product"}],"wp:featuredmedia":[{"embeddable":true,"href":"https:\/\/profaj.co\/miknatis\/wp-json\/wp\/v2\/media\/6906"}],"wp:attachment":[{"href":"https:\/\/profaj.co\/miknatis\/wp-json\/wp\/v2\/media?parent=6905"}],"wp:term":[{"taxonomy":"product_cat","embeddable":true,"href":"https:\/\/profaj.co\/miknatis\/wp-json\/wp\/v2\/product_cat?post=6905"},{"taxonomy":"product_tag","embeddable":true,"href":"https:\/\/profaj.co\/miknatis\/wp-json\/wp\/v2\/product_tag?post=6905"}],"curies":[{"name":"wp","href":"https:\/\/api.w.org\/{rel}","templated":true}]}}