{"id":6914,"date":"2024-05-17T10:47:40","date_gmt":"2024-05-17T07:47:40","guid":{"rendered":"https:\/\/profaj.co\/miknatis\/?post_type=product&#038;p=6914"},"modified":"2024-05-17T10:57:34","modified_gmt":"2024-05-17T07:57:34","slug":"kovan-tipi-manyetik-plakalar","status":"publish","type":"product","link":"https:\/\/profaj.co\/miknatis\/tr\/urun\/kovan-tipi-manyetik-plakalar\/","title":{"rendered":"Kovan Tipi Manyetik Plakalar"},"content":{"rendered":"<p>Tah\u0131l, yem, un, m\u0131s\u0131r, a\u011fa\u00e7 yongas\u0131, plastik, fiber, kimyasallar, tekstil \u00fcr\u00fcnleri, pamuk elyaf\u0131 vb. \u00fcr\u00fcnlerin a\u011f\u0131rl\u0131\u011f\u0131yla, yer\u00e7ekimine uygun bi\u00e7imde oluklardan akarken i\u00e7erisindeki metal at\u0131klar\u0131 temizlemek i\u00e7in tasarlanm\u0131\u015flard\u0131r. Plaka m\u0131knat\u0131slar\u0131n, kolayl\u0131kla temizlenebilmesi i\u00e7in mente\u015feli, mandall\u0131 vb. ba\u011flant\u0131l\u0131 kapak bi\u00e7iminde tasarlanmaktad\u0131r. \u00dcr\u00fcn ak\u0131\u015f\u0131n\u0131 engellemeyecek \u015fekilde\u00a0dar alanlar i\u00e7in tasarlanm\u0131\u015flard\u0131r. A\u015f\u0131n\u0131d\u0131r\u0131c\u0131 \u00f6zelli\u011fe sahip m\u0131s\u0131r vb., t\u0131kanma ve k\u00f6pr\u00fc yapan \u00fcr\u00fcnler un vb. gibi \u00fcr\u00fcnlerin i\u00e7inde bulunan ferromanyetik (Fe) metallerin ayr\u0131\u015ft\u0131r\u0131lmas\u0131nda kullan\u0131lmaktad\u0131r.<\/p>\n<p>Daimi m\u0131knat\u0131sl\u0131 olduklar\u0131 i\u00e7in temizleme manuel yap\u0131lmaktad\u0131r. Plaka m\u0131knat\u0131slar\u0131n temizlemesi manuel elle (eldiven yard\u0131m\u0131yla s\u0131y\u0131rarak), s\u0131y\u0131r\u0131c\u0131 kapak (paslanmaz)\u00a0 veya kare ve dikd\u00f6rtgen olan plakal\u0131 sistemler\u00a0pn\u00f6matik b\u0131rakt\u0131rmal\u0131 otomatik temizlemeli \u015fekilde tasarlanabilmektedir.<\/p>\n<p>Boru tipi, giri\u015f \u00e7\u0131k\u0131\u015f\u0131 boru, kare, dikd\u00f6rtgen \u015feklinde\u00a0olan\u00a0\u00a0kapal\u0131 hatlar \u00e7in tasarlanabilmektedir.<\/p>\n<p><img fetchpriority=\"high\" decoding=\"async\" class=\"alignnone wp-image-6919 size-medium\" src=\"https:\/\/profaj.co\/miknatis\/wp-content\/uploads\/2024\/05\/847591007-298x300.jpg\" alt=\"\" width=\"298\" height=\"300\" srcset=\"https:\/\/profaj.co\/miknatis\/wp-content\/uploads\/2024\/05\/847591007-298x300.jpg 298w, https:\/\/profaj.co\/miknatis\/wp-content\/uploads\/2024\/05\/847591007-150x150.jpg 150w, https:\/\/profaj.co\/miknatis\/wp-content\/uploads\/2024\/05\/847591007-100x100.jpg 100w, https:\/\/profaj.co\/miknatis\/wp-content\/uploads\/2024\/05\/847591007.jpg 539w\" sizes=\"(max-width: 298px) 100vw, 298px\" \/> <img decoding=\"async\" class=\"alignnone wp-image-6920 size-medium\" src=\"https:\/\/profaj.co\/miknatis\/wp-content\/uploads\/2024\/05\/1531648890-300x271.jpg\" alt=\"\" width=\"300\" height=\"271\" srcset=\"https:\/\/profaj.co\/miknatis\/wp-content\/uploads\/2024\/05\/1531648890-300x271.jpg 300w, https:\/\/profaj.co\/miknatis\/wp-content\/uploads\/2024\/05\/1531648890.jpg 369w\" sizes=\"(max-width: 300px) 100vw, 300px\" \/> <img decoding=\"async\" class=\"alignnone wp-image-6921 size-medium\" src=\"https:\/\/profaj.co\/miknatis\/wp-content\/uploads\/2024\/05\/339316764-300x146.jpg\" alt=\"\" width=\"300\" height=\"146\" srcset=\"https:\/\/profaj.co\/miknatis\/wp-content\/uploads\/2024\/05\/339316764-300x146.jpg 300w, https:\/\/profaj.co\/miknatis\/wp-content\/uploads\/2024\/05\/339316764-600x292.jpg 600w, https:\/\/profaj.co\/miknatis\/wp-content\/uploads\/2024\/05\/339316764.jpg 750w\" sizes=\"(max-width: 300px) 100vw, 300px\" \/> <img loading=\"lazy\" decoding=\"async\" class=\"alignnone wp-image-6922 size-medium\" src=\"https:\/\/profaj.co\/miknatis\/wp-content\/uploads\/2024\/05\/1493183812-300x214.jpg\" alt=\"\" width=\"300\" height=\"214\" srcset=\"https:\/\/profaj.co\/miknatis\/wp-content\/uploads\/2024\/05\/1493183812-300x214.jpg 300w, https:\/\/profaj.co\/miknatis\/wp-content\/uploads\/2024\/05\/1493183812-600x428.jpg 600w, https:\/\/profaj.co\/miknatis\/wp-content\/uploads\/2024\/05\/1493183812.jpg 688w\" sizes=\"(max-width: 300px) 100vw, 300px\" \/><\/p>\n<p>Manyetik Plaka\u00a0yar\u0131may \u015feklinde a\u00e7\u0131l\u0131 tasarlanarak\u00a0kendi i\u00e7inde olu\u015fan bir boru \u015feklinde ya da proseslerde yer alan borular\u0131n \u00e7evresini saracak \u015feklilde\u00a0tasarlanarak, i\u00e7inden\u00a0akan malzemenin i\u00e7indeki serbest ferromanyetik (Fe)\u00a0demir par\u00e7alar\u0131n\u0131n ayr\u0131lmas\u0131 i\u00e7in kullan\u0131lmaktad\u0131r.\u00a0Kapakl\u0131 tasar\u0131m \u015feklinde oldu\u011fu i\u00e7in kolayl\u0131kla a\u00e7\u0131l\u0131p kapanabilen sistemlerdir. M\u0131knat\u0131s Ar-ge firmas\u0131na \u00f6zel bir tasar\u0131m olup bu\u00a0ekipmanlarda\u00a0 y\u00fcksek \u00e7ekim g\u00fc\u00e7lerine\u00a0 ula\u015f\u0131lmakta ve\u00a0\u00a0prosesteki \u00f6l\u00e7\u00fclere g\u00f6re m\u00fc\u015fteriye \u00f6zel \u00fcr\u00fcnler yap\u0131labilmektedir.<\/p>\n<p><img loading=\"lazy\" decoding=\"async\" class=\"alignnone wp-image-6925 size-medium\" src=\"https:\/\/profaj.co\/miknatis\/wp-content\/uploads\/2024\/05\/1489329559-300x225.jpg\" alt=\"\" width=\"300\" height=\"225\" srcset=\"https:\/\/profaj.co\/miknatis\/wp-content\/uploads\/2024\/05\/1489329559-300x225.jpg 300w, https:\/\/profaj.co\/miknatis\/wp-content\/uploads\/2024\/05\/1489329559-1024x768.jpg 1024w, https:\/\/profaj.co\/miknatis\/wp-content\/uploads\/2024\/05\/1489329559-768x576.jpg 768w, https:\/\/profaj.co\/miknatis\/wp-content\/uploads\/2024\/05\/1489329559-1536x1152.jpg 1536w, https:\/\/profaj.co\/miknatis\/wp-content\/uploads\/2024\/05\/1489329559-600x450.jpg 600w, https:\/\/profaj.co\/miknatis\/wp-content\/uploads\/2024\/05\/1489329559.jpg 1600w\" sizes=\"(max-width: 300px) 100vw, 300px\" \/> <img loading=\"lazy\" decoding=\"async\" class=\"alignnone wp-image-6924 size-medium\" src=\"https:\/\/profaj.co\/miknatis\/wp-content\/uploads\/2024\/05\/1609968541-300x300.jpg\" alt=\"\" width=\"300\" height=\"300\" srcset=\"https:\/\/profaj.co\/miknatis\/wp-content\/uploads\/2024\/05\/1609968541-300x300.jpg 300w, https:\/\/profaj.co\/miknatis\/wp-content\/uploads\/2024\/05\/1609968541-150x150.jpg 150w, https:\/\/profaj.co\/miknatis\/wp-content\/uploads\/2024\/05\/1609968541-768x768.jpg 768w, https:\/\/profaj.co\/miknatis\/wp-content\/uploads\/2024\/05\/1609968541-600x600.jpg 600w, https:\/\/profaj.co\/miknatis\/wp-content\/uploads\/2024\/05\/1609968541-100x100.jpg 100w, https:\/\/profaj.co\/miknatis\/wp-content\/uploads\/2024\/05\/1609968541-460x460.jpg 460w, https:\/\/profaj.co\/miknatis\/wp-content\/uploads\/2024\/05\/1609968541.jpg 1000w\" sizes=\"(max-width: 300px) 100vw, 300px\" \/> <img loading=\"lazy\" decoding=\"async\" class=\"alignnone wp-image-6923 size-medium\" src=\"https:\/\/profaj.co\/miknatis\/wp-content\/uploads\/2024\/05\/819145121-300x166.jpg\" alt=\"\" width=\"300\" height=\"166\" srcset=\"https:\/\/profaj.co\/miknatis\/wp-content\/uploads\/2024\/05\/819145121-300x166.jpg 300w, https:\/\/profaj.co\/miknatis\/wp-content\/uploads\/2024\/05\/819145121-1024x565.jpg 1024w, https:\/\/profaj.co\/miknatis\/wp-content\/uploads\/2024\/05\/819145121-768x424.jpg 768w, https:\/\/profaj.co\/miknatis\/wp-content\/uploads\/2024\/05\/819145121-1536x848.jpg 1536w, https:\/\/profaj.co\/miknatis\/wp-content\/uploads\/2024\/05\/819145121-2048x1130.jpg 2048w, https:\/\/profaj.co\/miknatis\/wp-content\/uploads\/2024\/05\/819145121-600x331.jpg 600w\" sizes=\"(max-width: 300px) 100vw, 300px\" \/><\/p>\n<p><em><strong>Hatlar\u0131n\u0131za uygun \u00f6l\u00e7\u00fclere g\u00f6re \u00f6zel tasar\u0131mlar yap\u0131labilmektedir. L\u00fctfen ileti\u015fime ge\u00e7iniz.<\/strong><\/em><\/p>\n<p><iframe src=\"https:\/\/www.youtube.com\/embed\/f-gni5L08Wc\" width=\"560\" height=\"315\" frameborder=\"0\" allowfullscreen=\"allowfullscreen\"><\/iframe><\/p>\n","protected":false},"excerpt":{"rendered":"<p>Tah\u0131l, yem, un, m\u0131s\u0131r, a\u011fa\u00e7 yongas\u0131, plastik, fiber, kimyasallar, tekstil \u00fcr\u00fcnleri, pamuk elyaf\u0131 vb. \u00fcr\u00fcnlerin a\u011f\u0131rl\u0131\u011f\u0131yla, yer\u00e7ekimine uygun bi\u00e7imde oluklardan akarken i\u00e7erisindeki metal at\u0131klar\u0131 temizlemek i\u00e7in tasarlanm\u0131\u015flard\u0131r.<\/p>\n","protected":false},"featured_media":6915,"template":"","meta":[],"product_cat":[64],"product_tag":[],"class_list":["post-6914","product","type-product","status-publish","has-post-thumbnail","hentry","product_cat-manyetik-plakalar"],"acf":[],"yoast_head":"<!-- This site is optimized with the Yoast SEO Premium plugin v22.1 (Yoast SEO v22.1) - https:\/\/yoast.com\/wordpress\/plugins\/seo\/ -->\n<title>Kovan Tipi Manyetik Plakalar - M\u0131knat\u0131s Ar-Ge<\/title>\n<meta name=\"robots\" content=\"index, follow, max-snippet:-1, max-image-preview:large, max-video-preview:-1\" \/>\n<link rel=\"canonical\" href=\"https:\/\/profaj.co\/miknatis\/tr\/urun\/kovan-tipi-manyetik-plakalar\/\" \/>\n<meta property=\"og:locale\" content=\"tr_TR\" \/>\n<meta property=\"og:type\" content=\"article\" \/>\n<meta property=\"og:title\" content=\"Kovan Tipi Manyetik Plakalar\" \/>\n<meta property=\"og:description\" content=\"Tah\u0131l, yem, un, m\u0131s\u0131r, a\u011fa\u00e7 yongas\u0131, plastik, fiber, kimyasallar, tekstil \u00fcr\u00fcnleri, pamuk elyaf\u0131 vb. \u00fcr\u00fcnlerin a\u011f\u0131rl\u0131\u011f\u0131yla, yer\u00e7ekimine uygun bi\u00e7imde oluklardan akarken i\u00e7erisindeki metal at\u0131klar\u0131 temizlemek i\u00e7in tasarlanm\u0131\u015flard\u0131r.\" \/>\n<meta property=\"og:url\" content=\"https:\/\/profaj.co\/miknatis\/tr\/urun\/kovan-tipi-manyetik-plakalar\/\" \/>\n<meta property=\"og:site_name\" content=\"M\u0131knat\u0131s Ar-Ge\" \/>\n<meta property=\"article:modified_time\" content=\"2024-05-17T07:57:34+00:00\" \/>\n<meta property=\"og:image\" content=\"https:\/\/profaj.co\/miknatis\/wp-content\/uploads\/2024\/05\/miknatis-arge_622781411ce39.jpg\" \/>\n\t<meta property=\"og:image:width\" content=\"1500\" \/>\n\t<meta property=\"og:image:height\" content=\"1500\" \/>\n\t<meta property=\"og:image:type\" content=\"image\/jpeg\" \/>\n<meta name=\"twitter:card\" content=\"summary_large_image\" \/>\n<meta name=\"twitter:label1\" content=\"Tahmini okuma s\u00fcresi\" \/>\n\t<meta name=\"twitter:data1\" content=\"1 dakika\" \/>\n<script type=\"application\/ld+json\" class=\"yoast-schema-graph\">{\"@context\":\"https:\/\/schema.org\",\"@graph\":[{\"@type\":\"WebPage\",\"@id\":\"https:\/\/profaj.co\/miknatis\/tr\/urun\/kovan-tipi-manyetik-plakalar\/\",\"url\":\"https:\/\/profaj.co\/miknatis\/tr\/urun\/kovan-tipi-manyetik-plakalar\/\",\"name\":\"Kovan Tipi Manyetik Plakalar - M\u0131knat\u0131s Ar-Ge\",\"isPartOf\":{\"@id\":\"https:\/\/profaj.co\/miknatis\/#website\"},\"datePublished\":\"2024-05-17T07:47:40+00:00\",\"dateModified\":\"2024-05-17T07:57:34+00:00\",\"breadcrumb\":{\"@id\":\"https:\/\/profaj.co\/miknatis\/tr\/urun\/kovan-tipi-manyetik-plakalar\/#breadcrumb\"},\"inLanguage\":\"tr\",\"potentialAction\":[{\"@type\":\"ReadAction\",\"target\":[\"https:\/\/profaj.co\/miknatis\/tr\/urun\/kovan-tipi-manyetik-plakalar\/\"]}]},{\"@type\":\"BreadcrumbList\",\"@id\":\"https:\/\/profaj.co\/miknatis\/tr\/urun\/kovan-tipi-manyetik-plakalar\/#breadcrumb\",\"itemListElement\":[{\"@type\":\"ListItem\",\"position\":1,\"name\":\"Anasayfa\",\"item\":\"https:\/\/profaj.co\/miknatis\/tr\/anasayfa\/\"},{\"@type\":\"ListItem\",\"position\":2,\"name\":\"\u00dcr\u00fcnler\",\"item\":\"https:\/\/profaj.co\/miknatis\/tr\/urunler\/\"},{\"@type\":\"ListItem\",\"position\":3,\"name\":\"Kovan Tipi Manyetik Plakalar\"}]},{\"@type\":\"WebSite\",\"@id\":\"https:\/\/profaj.co\/miknatis\/#website\",\"url\":\"https:\/\/profaj.co\/miknatis\/\",\"name\":\"M\u0131knat\u0131s Ar-Ge\",\"description\":\"\",\"publisher\":{\"@id\":\"https:\/\/profaj.co\/miknatis\/#organization\"},\"potentialAction\":[{\"@type\":\"SearchAction\",\"target\":{\"@type\":\"EntryPoint\",\"urlTemplate\":\"https:\/\/profaj.co\/miknatis\/?s={search_term_string}\"},\"query-input\":\"required name=search_term_string\"}],\"inLanguage\":\"tr\"},{\"@type\":\"Organization\",\"@id\":\"https:\/\/profaj.co\/miknatis\/#organization\",\"name\":\"M\u0131knat\u0131s Ar-Ge\",\"url\":\"https:\/\/profaj.co\/miknatis\/\",\"logo\":{\"@type\":\"ImageObject\",\"inLanguage\":\"tr\",\"@id\":\"https:\/\/profaj.co\/miknatis\/#\/schema\/logo\/image\/\",\"url\":\"https:\/\/profaj.co\/miknatis\/wp-content\/uploads\/2023\/12\/logo-white.webp\",\"contentUrl\":\"https:\/\/profaj.co\/miknatis\/wp-content\/uploads\/2023\/12\/logo-white.webp\",\"width\":300,\"height\":266,\"caption\":\"M\u0131knat\u0131s Ar-Ge\"},\"image\":{\"@id\":\"https:\/\/profaj.co\/miknatis\/#\/schema\/logo\/image\/\"}}]}<\/script>\n<!-- \/ Yoast SEO Premium plugin. -->","yoast_head_json":{"title":"Kovan Tipi Manyetik Plakalar - M\u0131knat\u0131s Ar-Ge","robots":{"index":"index","follow":"follow","max-snippet":"max-snippet:-1","max-image-preview":"max-image-preview:large","max-video-preview":"max-video-preview:-1"},"canonical":"https:\/\/profaj.co\/miknatis\/tr\/urun\/kovan-tipi-manyetik-plakalar\/","og_locale":"tr_TR","og_type":"article","og_title":"Kovan Tipi Manyetik Plakalar","og_description":"Tah\u0131l, yem, un, m\u0131s\u0131r, a\u011fa\u00e7 yongas\u0131, plastik, fiber, kimyasallar, tekstil \u00fcr\u00fcnleri, pamuk elyaf\u0131 vb. \u00fcr\u00fcnlerin a\u011f\u0131rl\u0131\u011f\u0131yla, yer\u00e7ekimine uygun bi\u00e7imde oluklardan akarken i\u00e7erisindeki metal at\u0131klar\u0131 temizlemek i\u00e7in tasarlanm\u0131\u015flard\u0131r.","og_url":"https:\/\/profaj.co\/miknatis\/tr\/urun\/kovan-tipi-manyetik-plakalar\/","og_site_name":"M\u0131knat\u0131s Ar-Ge","article_modified_time":"2024-05-17T07:57:34+00:00","og_image":[{"width":1500,"height":1500,"url":"https:\/\/profaj.co\/miknatis\/wp-content\/uploads\/2024\/05\/miknatis-arge_622781411ce39.jpg","type":"image\/jpeg"}],"twitter_card":"summary_large_image","twitter_misc":{"Tahmini okuma s\u00fcresi":"1 dakika"},"schema":{"@context":"https:\/\/schema.org","@graph":[{"@type":"WebPage","@id":"https:\/\/profaj.co\/miknatis\/tr\/urun\/kovan-tipi-manyetik-plakalar\/","url":"https:\/\/profaj.co\/miknatis\/tr\/urun\/kovan-tipi-manyetik-plakalar\/","name":"Kovan Tipi Manyetik Plakalar - M\u0131knat\u0131s Ar-Ge","isPartOf":{"@id":"https:\/\/profaj.co\/miknatis\/#website"},"datePublished":"2024-05-17T07:47:40+00:00","dateModified":"2024-05-17T07:57:34+00:00","breadcrumb":{"@id":"https:\/\/profaj.co\/miknatis\/tr\/urun\/kovan-tipi-manyetik-plakalar\/#breadcrumb"},"inLanguage":"tr","potentialAction":[{"@type":"ReadAction","target":["https:\/\/profaj.co\/miknatis\/tr\/urun\/kovan-tipi-manyetik-plakalar\/"]}]},{"@type":"BreadcrumbList","@id":"https:\/\/profaj.co\/miknatis\/tr\/urun\/kovan-tipi-manyetik-plakalar\/#breadcrumb","itemListElement":[{"@type":"ListItem","position":1,"name":"Anasayfa","item":"https:\/\/profaj.co\/miknatis\/tr\/anasayfa\/"},{"@type":"ListItem","position":2,"name":"\u00dcr\u00fcnler","item":"https:\/\/profaj.co\/miknatis\/tr\/urunler\/"},{"@type":"ListItem","position":3,"name":"Kovan Tipi Manyetik Plakalar"}]},{"@type":"WebSite","@id":"https:\/\/profaj.co\/miknatis\/#website","url":"https:\/\/profaj.co\/miknatis\/","name":"M\u0131knat\u0131s Ar-Ge","description":"","publisher":{"@id":"https:\/\/profaj.co\/miknatis\/#organization"},"potentialAction":[{"@type":"SearchAction","target":{"@type":"EntryPoint","urlTemplate":"https:\/\/profaj.co\/miknatis\/?s={search_term_string}"},"query-input":"required name=search_term_string"}],"inLanguage":"tr"},{"@type":"Organization","@id":"https:\/\/profaj.co\/miknatis\/#organization","name":"M\u0131knat\u0131s Ar-Ge","url":"https:\/\/profaj.co\/miknatis\/","logo":{"@type":"ImageObject","inLanguage":"tr","@id":"https:\/\/profaj.co\/miknatis\/#\/schema\/logo\/image\/","url":"https:\/\/profaj.co\/miknatis\/wp-content\/uploads\/2023\/12\/logo-white.webp","contentUrl":"https:\/\/profaj.co\/miknatis\/wp-content\/uploads\/2023\/12\/logo-white.webp","width":300,"height":266,"caption":"M\u0131knat\u0131s Ar-Ge"},"image":{"@id":"https:\/\/profaj.co\/miknatis\/#\/schema\/logo\/image\/"}}]}},"lang":"tr","translations":{"tr":6914,"en":7274},"pll_sync_post":[],"_links":{"self":[{"href":"https:\/\/profaj.co\/miknatis\/wp-json\/wp\/v2\/product\/6914","targetHints":{"allow":["GET"]}}],"collection":[{"href":"https:\/\/profaj.co\/miknatis\/wp-json\/wp\/v2\/product"}],"about":[{"href":"https:\/\/profaj.co\/miknatis\/wp-json\/wp\/v2\/types\/product"}],"wp:featuredmedia":[{"embeddable":true,"href":"https:\/\/profaj.co\/miknatis\/wp-json\/wp\/v2\/media\/6915"}],"wp:attachment":[{"href":"https:\/\/profaj.co\/miknatis\/wp-json\/wp\/v2\/media?parent=6914"}],"wp:term":[{"taxonomy":"product_cat","embeddable":true,"href":"https:\/\/profaj.co\/miknatis\/wp-json\/wp\/v2\/product_cat?post=6914"},{"taxonomy":"product_tag","embeddable":true,"href":"https:\/\/profaj.co\/miknatis\/wp-json\/wp\/v2\/product_tag?post=6914"}],"curies":[{"name":"wp","href":"https:\/\/api.w.org\/{rel}","templated":true}]}}