{"id":7010,"date":"2024-05-17T12:43:34","date_gmt":"2024-05-17T09:43:34","guid":{"rendered":"https:\/\/profaj.co\/miknatis\/?post_type=product&#038;p=7010"},"modified":"2024-05-17T12:53:59","modified_gmt":"2024-05-17T09:53:59","slug":"yari-manyetik-tamburlu-hurda-separatoru","status":"publish","type":"product","link":"https:\/\/profaj.co\/miknatis\/tr\/urun\/yari-manyetik-tamburlu-hurda-separatoru\/","title":{"rendered":"Yar\u0131 Manyetik Tamburlu Hurda Separat\u00f6r\u00fc"},"content":{"rendered":"<p>Yar\u0131 Manyetik Tamburun y\u00fczeyine beslenen manyetik olmayan malzemeden demirli metalleri s\u00fcrekli olarak ayr\u0131\u015ft\u0131rabilir. Ay\u0131rma gereksinimlerinize, besleme geni\u015fli\u011fine, \u00fcr\u00fcn boyutuna ve veriminize uygun bir tambur m\u0131knat\u0131s\u0131 belirleyebilir ve tasarlayabiliriz.<\/p>\n<p>Sadece tambur olarak temin edilebilir veya iste\u011fe ba\u011fl\u0131 sistem yap\u0131labilir ( Sistem: Uygun y\u00fckseklikte ana g\u00f6vde ve ayaklar, \u015fasi, motor, red\u00fckt\u00f6r, vibro tava, besleme bunkeri, h\u0131z kontroll\u00fc pano vb.)\u00a0Talebe g\u00f6re tek, iki, \u00fc\u00e7 katl\u0131 her katta farkl\u0131 g\u00fc\u00e7te manyeti\u011fi olan tasar\u0131mlar yap\u0131maktad\u0131r.<\/p>\n<p><img decoding=\"async\" class=\"alignnone size-full wp-image-7011\" src=\"https:\/\/profaj.co\/miknatis\/wp-content\/uploads\/2024\/05\/660692875.jpg\" alt=\"\" width=\"188\" height=\"250\" \/> <img fetchpriority=\"high\" decoding=\"async\" class=\"alignnone size-medium wp-image-7012\" src=\"https:\/\/profaj.co\/miknatis\/wp-content\/uploads\/2024\/05\/791002434.jpg\" alt=\"\" width=\"222\" height=\"250\" \/> <img decoding=\"async\" class=\"alignnone size-medium wp-image-7013\" src=\"https:\/\/profaj.co\/miknatis\/wp-content\/uploads\/2024\/05\/1738198438.jpg\" alt=\"\" width=\"231\" height=\"250\" \/> <img loading=\"lazy\" decoding=\"async\" class=\"alignnone size-medium wp-image-7014\" src=\"https:\/\/profaj.co\/miknatis\/wp-content\/uploads\/2024\/05\/1314460219.jpg\" alt=\"\" width=\"188\" height=\"250\" \/><\/p>\n<p>Manyetik Tamburlar, y\u00fcksek manyetik al\u0131nganl\u0131\u011fa sahip demir, \u00e7ivi, vb.\u00a0ayr\u0131\u015ft\u0131rmak i\u00e7in 1000-1500 Gauss yeterli oldu\u011fundan Ferrit M\u0131knat\u0131slardan imal edilmektedir. Tel vb. k\u00fc\u00e7\u00fck ve manyetik al\u0131nganl\u0131\u011f\u0131 zay\u0131f ferromanyetik malzemeler i\u00e7in neodimyum M\u0131knat\u0131slardan \u00fcretilen Manyetik Tambur kullan\u0131lmaktad\u0131r.<\/p>\n<p>Paslanmaz z\u0131rh y\u00fczeyinde \u00f6l\u00e7\u00fclen manyetik ak\u0131 yo\u011funlu\u011fu de\u011feri B:\u00a0\u00a02000-2500 Gauss \/ 3000-3500 Gauss \/ 4000-4500 Gauss\u00a0\u00f6zelliklerde imal edilebilmektedir. Bu de\u011ferler beslenen \u00fcr\u00fcn\u00fcn partik\u00fcl boyutlar\u0131na, metalin manyetik al\u0131nganl\u0131\u011f\u0131na, vb. \u00f6zelliklere g\u00f6re se\u00e7ilmekte ve \u00f6nerilmektedir.<\/p>\n<p><strong><em>Kullan\u0131m Alanlar\u0131 :<\/em><\/strong><\/p>\n<ul>\n<li>Her t\u00fcrl\u00fc geri d\u00f6n\u00fc\u015f\u00fcm tesisi<\/li>\n<li>Odun at\u0131klar\u0131<\/li>\n<li>Hurda malzeme,<\/li>\n<li>Al\u00fcminyum tala\u015f\u00a0i\u00e7inden Fe metal tela\u015flar\u0131n\u0131 ay\u0131rma,<\/li>\n<li>Plastik k\u0131rma i\u00e7inden Fe metal at\u0131klar\u0131 ay\u0131rma,<\/li>\n<li>Belediye Kat\u0131 At\u0131k<\/li>\n<li>Lastik geri d\u00f6n\u00fc\u015f\u00fcm\u00fc vb.<\/li>\n<\/ul>\n<p>Talep edilen \u00f6l\u00e7\u00fc ve kapasitede imlat yap\u0131labilmektedir. Detayl\u0131 bilgi i\u00e7in l\u00fctfen teknik ekibimizle ileti\u015feme ge\u00e7iniz.<\/p>\n","protected":false},"excerpt":{"rendered":"<p>Yar\u0131 Manyetik Tamburun y\u00fczeyine beslenen manyetik olmayan malzemeden demirli metalleri s\u00fcrekli olarak ayr\u0131\u015ft\u0131rabilir.<\/p>\n","protected":false},"featured_media":7015,"template":"","meta":[],"product_cat":[68],"product_tag":[],"class_list":["post-7010","product","type-product","status-publish","has-post-thumbnail","hentry","product_cat-yari-manyetik-tamburlar-ve-sistemler"],"acf":[],"yoast_head":"<!-- This site is optimized with the Yoast SEO Premium plugin v22.1 (Yoast SEO v22.1) - https:\/\/yoast.com\/wordpress\/plugins\/seo\/ -->\n<title>Yar\u0131 Manyetik Tamburlu Hurda Separat\u00f6r\u00fc - M\u0131knat\u0131s Ar-Ge<\/title>\n<meta name=\"robots\" content=\"index, follow, max-snippet:-1, max-image-preview:large, max-video-preview:-1\" \/>\n<link rel=\"canonical\" href=\"https:\/\/profaj.co\/miknatis\/tr\/urun\/yari-manyetik-tamburlu-hurda-separatoru\/\" \/>\n<meta property=\"og:locale\" content=\"tr_TR\" \/>\n<meta property=\"og:type\" content=\"article\" \/>\n<meta property=\"og:title\" content=\"Yar\u0131 Manyetik Tamburlu Hurda Separat\u00f6r\u00fc\" \/>\n<meta property=\"og:description\" content=\"Yar\u0131 Manyetik Tamburun y\u00fczeyine beslenen manyetik olmayan malzemeden demirli metalleri s\u00fcrekli olarak ayr\u0131\u015ft\u0131rabilir.\" \/>\n<meta property=\"og:url\" content=\"https:\/\/profaj.co\/miknatis\/tr\/urun\/yari-manyetik-tamburlu-hurda-separatoru\/\" \/>\n<meta property=\"og:site_name\" content=\"M\u0131knat\u0131s Ar-Ge\" \/>\n<meta property=\"article:modified_time\" content=\"2024-05-17T09:53:59+00:00\" \/>\n<meta property=\"og:image\" content=\"https:\/\/profaj.co\/miknatis\/wp-content\/uploads\/2024\/05\/miknatis-arge_6261956785c50.jpg\" \/>\n\t<meta property=\"og:image:width\" content=\"1500\" \/>\n\t<meta property=\"og:image:height\" content=\"1500\" \/>\n\t<meta property=\"og:image:type\" content=\"image\/jpeg\" \/>\n<meta name=\"twitter:card\" content=\"summary_large_image\" \/>\n<meta name=\"twitter:label1\" content=\"Tahmini okuma s\u00fcresi\" \/>\n\t<meta name=\"twitter:data1\" content=\"1 dakika\" \/>\n<script type=\"application\/ld+json\" class=\"yoast-schema-graph\">{\"@context\":\"https:\/\/schema.org\",\"@graph\":[{\"@type\":\"WebPage\",\"@id\":\"https:\/\/profaj.co\/miknatis\/tr\/urun\/yari-manyetik-tamburlu-hurda-separatoru\/\",\"url\":\"https:\/\/profaj.co\/miknatis\/tr\/urun\/yari-manyetik-tamburlu-hurda-separatoru\/\",\"name\":\"Yar\u0131 Manyetik Tamburlu Hurda Separat\u00f6r\u00fc - M\u0131knat\u0131s Ar-Ge\",\"isPartOf\":{\"@id\":\"https:\/\/profaj.co\/miknatis\/#website\"},\"datePublished\":\"2024-05-17T09:43:34+00:00\",\"dateModified\":\"2024-05-17T09:53:59+00:00\",\"breadcrumb\":{\"@id\":\"https:\/\/profaj.co\/miknatis\/tr\/urun\/yari-manyetik-tamburlu-hurda-separatoru\/#breadcrumb\"},\"inLanguage\":\"tr\",\"potentialAction\":[{\"@type\":\"ReadAction\",\"target\":[\"https:\/\/profaj.co\/miknatis\/tr\/urun\/yari-manyetik-tamburlu-hurda-separatoru\/\"]}]},{\"@type\":\"BreadcrumbList\",\"@id\":\"https:\/\/profaj.co\/miknatis\/tr\/urun\/yari-manyetik-tamburlu-hurda-separatoru\/#breadcrumb\",\"itemListElement\":[{\"@type\":\"ListItem\",\"position\":1,\"name\":\"Anasayfa\",\"item\":\"https:\/\/profaj.co\/miknatis\/tr\/anasayfa\/\"},{\"@type\":\"ListItem\",\"position\":2,\"name\":\"\u00dcr\u00fcnler\",\"item\":\"https:\/\/profaj.co\/miknatis\/tr\/urunler\/\"},{\"@type\":\"ListItem\",\"position\":3,\"name\":\"Yar\u0131 Manyetik Tamburlu Hurda Separat\u00f6r\u00fc\"}]},{\"@type\":\"WebSite\",\"@id\":\"https:\/\/profaj.co\/miknatis\/#website\",\"url\":\"https:\/\/profaj.co\/miknatis\/\",\"name\":\"M\u0131knat\u0131s Ar-Ge\",\"description\":\"\",\"publisher\":{\"@id\":\"https:\/\/profaj.co\/miknatis\/#organization\"},\"potentialAction\":[{\"@type\":\"SearchAction\",\"target\":{\"@type\":\"EntryPoint\",\"urlTemplate\":\"https:\/\/profaj.co\/miknatis\/?s={search_term_string}\"},\"query-input\":\"required name=search_term_string\"}],\"inLanguage\":\"tr\"},{\"@type\":\"Organization\",\"@id\":\"https:\/\/profaj.co\/miknatis\/#organization\",\"name\":\"M\u0131knat\u0131s Ar-Ge\",\"url\":\"https:\/\/profaj.co\/miknatis\/\",\"logo\":{\"@type\":\"ImageObject\",\"inLanguage\":\"tr\",\"@id\":\"https:\/\/profaj.co\/miknatis\/#\/schema\/logo\/image\/\",\"url\":\"https:\/\/profaj.co\/miknatis\/wp-content\/uploads\/2023\/12\/logo-white.webp\",\"contentUrl\":\"https:\/\/profaj.co\/miknatis\/wp-content\/uploads\/2023\/12\/logo-white.webp\",\"width\":300,\"height\":266,\"caption\":\"M\u0131knat\u0131s Ar-Ge\"},\"image\":{\"@id\":\"https:\/\/profaj.co\/miknatis\/#\/schema\/logo\/image\/\"}}]}<\/script>\n<!-- \/ Yoast SEO Premium plugin. -->","yoast_head_json":{"title":"Yar\u0131 Manyetik Tamburlu Hurda Separat\u00f6r\u00fc - M\u0131knat\u0131s Ar-Ge","robots":{"index":"index","follow":"follow","max-snippet":"max-snippet:-1","max-image-preview":"max-image-preview:large","max-video-preview":"max-video-preview:-1"},"canonical":"https:\/\/profaj.co\/miknatis\/tr\/urun\/yari-manyetik-tamburlu-hurda-separatoru\/","og_locale":"tr_TR","og_type":"article","og_title":"Yar\u0131 Manyetik Tamburlu Hurda Separat\u00f6r\u00fc","og_description":"Yar\u0131 Manyetik Tamburun y\u00fczeyine beslenen manyetik olmayan malzemeden demirli metalleri s\u00fcrekli olarak ayr\u0131\u015ft\u0131rabilir.","og_url":"https:\/\/profaj.co\/miknatis\/tr\/urun\/yari-manyetik-tamburlu-hurda-separatoru\/","og_site_name":"M\u0131knat\u0131s Ar-Ge","article_modified_time":"2024-05-17T09:53:59+00:00","og_image":[{"width":1500,"height":1500,"url":"https:\/\/profaj.co\/miknatis\/wp-content\/uploads\/2024\/05\/miknatis-arge_6261956785c50.jpg","type":"image\/jpeg"}],"twitter_card":"summary_large_image","twitter_misc":{"Tahmini okuma s\u00fcresi":"1 dakika"},"schema":{"@context":"https:\/\/schema.org","@graph":[{"@type":"WebPage","@id":"https:\/\/profaj.co\/miknatis\/tr\/urun\/yari-manyetik-tamburlu-hurda-separatoru\/","url":"https:\/\/profaj.co\/miknatis\/tr\/urun\/yari-manyetik-tamburlu-hurda-separatoru\/","name":"Yar\u0131 Manyetik Tamburlu Hurda Separat\u00f6r\u00fc - M\u0131knat\u0131s Ar-Ge","isPartOf":{"@id":"https:\/\/profaj.co\/miknatis\/#website"},"datePublished":"2024-05-17T09:43:34+00:00","dateModified":"2024-05-17T09:53:59+00:00","breadcrumb":{"@id":"https:\/\/profaj.co\/miknatis\/tr\/urun\/yari-manyetik-tamburlu-hurda-separatoru\/#breadcrumb"},"inLanguage":"tr","potentialAction":[{"@type":"ReadAction","target":["https:\/\/profaj.co\/miknatis\/tr\/urun\/yari-manyetik-tamburlu-hurda-separatoru\/"]}]},{"@type":"BreadcrumbList","@id":"https:\/\/profaj.co\/miknatis\/tr\/urun\/yari-manyetik-tamburlu-hurda-separatoru\/#breadcrumb","itemListElement":[{"@type":"ListItem","position":1,"name":"Anasayfa","item":"https:\/\/profaj.co\/miknatis\/tr\/anasayfa\/"},{"@type":"ListItem","position":2,"name":"\u00dcr\u00fcnler","item":"https:\/\/profaj.co\/miknatis\/tr\/urunler\/"},{"@type":"ListItem","position":3,"name":"Yar\u0131 Manyetik Tamburlu Hurda Separat\u00f6r\u00fc"}]},{"@type":"WebSite","@id":"https:\/\/profaj.co\/miknatis\/#website","url":"https:\/\/profaj.co\/miknatis\/","name":"M\u0131knat\u0131s Ar-Ge","description":"","publisher":{"@id":"https:\/\/profaj.co\/miknatis\/#organization"},"potentialAction":[{"@type":"SearchAction","target":{"@type":"EntryPoint","urlTemplate":"https:\/\/profaj.co\/miknatis\/?s={search_term_string}"},"query-input":"required name=search_term_string"}],"inLanguage":"tr"},{"@type":"Organization","@id":"https:\/\/profaj.co\/miknatis\/#organization","name":"M\u0131knat\u0131s Ar-Ge","url":"https:\/\/profaj.co\/miknatis\/","logo":{"@type":"ImageObject","inLanguage":"tr","@id":"https:\/\/profaj.co\/miknatis\/#\/schema\/logo\/image\/","url":"https:\/\/profaj.co\/miknatis\/wp-content\/uploads\/2023\/12\/logo-white.webp","contentUrl":"https:\/\/profaj.co\/miknatis\/wp-content\/uploads\/2023\/12\/logo-white.webp","width":300,"height":266,"caption":"M\u0131knat\u0131s Ar-Ge"},"image":{"@id":"https:\/\/profaj.co\/miknatis\/#\/schema\/logo\/image\/"}}]}},"lang":"tr","translations":{"tr":7010,"en":7290},"pll_sync_post":[],"_links":{"self":[{"href":"https:\/\/profaj.co\/miknatis\/wp-json\/wp\/v2\/product\/7010","targetHints":{"allow":["GET"]}}],"collection":[{"href":"https:\/\/profaj.co\/miknatis\/wp-json\/wp\/v2\/product"}],"about":[{"href":"https:\/\/profaj.co\/miknatis\/wp-json\/wp\/v2\/types\/product"}],"wp:featuredmedia":[{"embeddable":true,"href":"https:\/\/profaj.co\/miknatis\/wp-json\/wp\/v2\/media\/7015"}],"wp:attachment":[{"href":"https:\/\/profaj.co\/miknatis\/wp-json\/wp\/v2\/media?parent=7010"}],"wp:term":[{"taxonomy":"product_cat","embeddable":true,"href":"https:\/\/profaj.co\/miknatis\/wp-json\/wp\/v2\/product_cat?post=7010"},{"taxonomy":"product_tag","embeddable":true,"href":"https:\/\/profaj.co\/miknatis\/wp-json\/wp\/v2\/product_tag?post=7010"}],"curies":[{"name":"wp","href":"https:\/\/api.w.org\/{rel}","templated":true}]}}