{"id":7044,"date":"2024-05-17T13:18:36","date_gmt":"2024-05-17T10:18:36","guid":{"rendered":"https:\/\/profaj.co\/miknatis\/?post_type=product&#038;p=7044"},"modified":"2024-05-20T10:47:50","modified_gmt":"2024-05-20T07:47:50","slug":"elektromanyetik-tasiyicilar","status":"publish","type":"product","link":"https:\/\/profaj.co\/miknatis\/tr\/urun\/elektromanyetik-tasiyicilar\/","title":{"rendered":"Elektromanyetik Ta\u015f\u0131y\u0131c\u0131lar"},"content":{"rendered":"<p>Elektromanyetik Ta\u015f\u0131ma Sistemleri, s\u00fcrekli enerji gereksinimi duyan, ak\u00fc sistemi veya\u00a0kesintisiz g\u00fc\u00e7 kayna\u011f\u0131 ile \u00e7al\u0131\u015fan\u00a0manyetiklerdir. Enerji verildi\u011finde ferromanyetik par\u00e7alar\u0131 tuttar enerjiyi kesti\u011finizde par\u00e7ay\u0131 serbest b\u0131rak\u0131rlar.<\/p>\n<p>Elektromanyetik Ta\u015f\u0131y\u0131c\u0131lar ve Tutucular b\u00fcy\u00fck ve a\u011f\u0131r ferromanyetik (demir) par\u00e7alar\u0131\u00a0ta\u015f\u0131ma ve b\u0131rakt\u0131rma s\u00fcreleri a\u00e7\u0131s\u0131ndan i\u015f kayb\u0131n\u0131 \u00f6nledi\u011fi i\u00e7in ciddi zaman tasarrufu sa\u011flarlar. M\u0131knat\u0131slanma ve demanyetize d\u00f6ng\u00fcleri \u00e7ok k\u0131sa s\u00fcrmekte olup par\u00e7a boyutuna g\u00f6re de\u011fi\u015fkenlik\u00a0g\u00f6stermektedir. \u00a0Bu \u00f6zellikleri sayesinde elektromanyeti\u011fin g\u00fcc\u00fc kontrol edilebilir a\u00e7ma kapama sistemi sayesinde operat\u00f6r ve makine i\u00e7in maksimum\u00a0kontroll\u00fc g\u00fcvenlik seviyesi sa\u011flamaktad\u0131r. \u00a0Uzaktan kumandal\u0131 tek operat\u00f6r kontrol\u00fcnde y\u00fckten uzakta ba\u015fka insan g\u00fcc\u00fcne gerek duymadan sac levhalar\u0131, bobinleri ta\u015f\u0131mak i\u00e7in tasarlanm\u0131\u015f sistemlerdir.<\/p>\n<p>Elektromanyetik kald\u0131r\u0131c\u0131lar, haddehanelerde, Demir-\u00e7elik sekt\u00f6r\u00fcnde, \u00e7elik yap\u0131 i\u015fleri, da\u011f\u0131t\u0131m ve depolama,\u00a0 Metal sekt\u00f6r\u00fcnde, metal i\u015fleme, Gemi tersanelerinde y\u00fcksek tonajl\u0131 sac plakalar\u0131, blok par\u00e7alar\u0131 ta\u015f\u0131mada, kald\u0131rmada kullan\u0131lan son teknoloji \u00fcr\u00fcnlerdir.\u00a0 Talep ve ihtiyaca g\u00f6re uygun \u00f6l\u00e7\u00fclerde tasar\u0131m yap\u0131lmaktad\u0131r.<\/p>\n<p><img fetchpriority=\"high\" decoding=\"async\" class=\"alignnone size-medium wp-image-7045\" src=\"https:\/\/profaj.co\/miknatis\/wp-content\/uploads\/2024\/05\/557589639-300x225.jpg\" alt=\"\" width=\"300\" height=\"225\" srcset=\"https:\/\/profaj.co\/miknatis\/wp-content\/uploads\/2024\/05\/557589639-300x225.jpg 300w, https:\/\/profaj.co\/miknatis\/wp-content\/uploads\/2024\/05\/557589639.jpg 333w\" sizes=\"(max-width: 300px) 100vw, 300px\" \/> <img decoding=\"async\" class=\"alignnone size-medium wp-image-7046\" src=\"https:\/\/profaj.co\/miknatis\/wp-content\/uploads\/2024\/05\/2016060924.jpg\" alt=\"\" width=\"218\" height=\"250\" \/> <img decoding=\"async\" class=\"alignnone size-medium wp-image-7047\" src=\"https:\/\/profaj.co\/miknatis\/wp-content\/uploads\/2024\/05\/947054773-300x225.jpg\" alt=\"\" width=\"300\" height=\"225\" srcset=\"https:\/\/profaj.co\/miknatis\/wp-content\/uploads\/2024\/05\/947054773-300x225.jpg 300w, https:\/\/profaj.co\/miknatis\/wp-content\/uploads\/2024\/05\/947054773.jpg 333w\" sizes=\"(max-width: 300px) 100vw, 300px\" \/><\/p>\n<p>Dikd\u00f6rtgen Elektromanyetik Tutucular geni\u015f uygulama alanlar\u0131na sahiptir. Bir\u00e7ok farkl\u0131 kald\u0131rma i\u015finin \u00fcstesinden gelmek i\u00e7in \u00e7e\u015fitli boyut ve g\u00fc\u00e7lere sahip\u00a0 tasar\u0131m serisidir.\u00a0B\u00fcy\u00fck k\u00fct\u00fckler, \u00e7elik levhalar, yuvarlak \u00e7elik, sarmal \u00e7elik, haddelenmi\u015f \u00e7elik tel bobin, I-\u015fekilli \u00e7elik vb. kald\u0131r\u0131lmas\u0131\u00a0ve ta\u015f\u0131nmas\u0131nda etkin \u00e7\u00f6z\u00fcmler sunmaktad\u0131r. \u00c7elik levhalar par\u00e7a par\u00e7a veya birka\u00e7 par\u00e7a ile birlikte ta\u015f\u0131nabilmektedir.<\/p>\n<p>ElektromanyetikTa\u015f\u0131ma Sistemlerimiz\u00a0T\u00fcrkiye&#8217;de \u0130zmir Fabrikam\u0131zda \u00fcretilmekte olup\u00a0firmam\u0131z\u0131n garantisi alt\u0131ndad\u0131r.\u00a0M\u0131knat\u0131s Ar-Ge markas\u0131 ta\u015f\u0131makla birlikte garanti s\u00fcresince ve sonras\u0131nda teknik servisimiz mevcuttur. \u00d6zel imalat yap\u0131labilmektedir.<\/p>\n<p>Detayl\u0131 bilgi ve talepleriniz i\u00e7in l\u00fctfen\u00a0teknik ekibimizle\u00a0ileti\u015fime\u00a0ge\u00e7iniz.<\/p>\n","protected":false},"excerpt":{"rendered":"<p>Elektromanyetik Ta\u015f\u0131ma Sistemleri, s\u00fcrekli enerji gereksinimi duyan, ak\u00fc sistemi veya\u00a0kesintisiz g\u00fc\u00e7 kayna\u011f\u0131 ile \u00e7al\u0131\u015fan\u00a0manyetiklerdir. Enerji verildi\u011finde ferromanyetik par\u00e7alar\u0131 tuttar enerjiyi kesti\u011finizde par\u00e7ay\u0131 serbest b\u0131rak\u0131rlar.<\/p>\n","protected":false},"featured_media":7048,"template":"","meta":[],"product_cat":[72,119],"product_tag":[],"class_list":["post-7044","product","type-product","status-publish","has-post-thumbnail","hentry","product_cat-elektromanyetik-tasiyici-ve-tutucular","product_cat-manyetik-tasiyici-ve-tutucular"],"acf":[],"yoast_head":"<!-- This site is optimized with the Yoast SEO Premium plugin v22.1 (Yoast SEO v22.1) - https:\/\/yoast.com\/wordpress\/plugins\/seo\/ -->\n<title>Elektromanyetik Ta\u015f\u0131y\u0131c\u0131lar - M\u0131knat\u0131s Ar-Ge<\/title>\n<meta name=\"robots\" content=\"index, follow, max-snippet:-1, max-image-preview:large, max-video-preview:-1\" \/>\n<link rel=\"canonical\" href=\"https:\/\/profaj.co\/miknatis\/tr\/urun\/elektromanyetik-tasiyicilar\/\" \/>\n<meta property=\"og:locale\" content=\"tr_TR\" \/>\n<meta property=\"og:type\" content=\"article\" \/>\n<meta property=\"og:title\" content=\"Elektromanyetik Ta\u015f\u0131y\u0131c\u0131lar\" \/>\n<meta property=\"og:description\" content=\"Elektromanyetik Ta\u015f\u0131ma Sistemleri, s\u00fcrekli enerji gereksinimi duyan, ak\u00fc sistemi veya\u00a0kesintisiz g\u00fc\u00e7 kayna\u011f\u0131 ile \u00e7al\u0131\u015fan\u00a0manyetiklerdir. Enerji verildi\u011finde ferromanyetik par\u00e7alar\u0131 tuttar enerjiyi kesti\u011finizde par\u00e7ay\u0131 serbest b\u0131rak\u0131rlar.\" \/>\n<meta property=\"og:url\" content=\"https:\/\/profaj.co\/miknatis\/tr\/urun\/elektromanyetik-tasiyicilar\/\" \/>\n<meta property=\"og:site_name\" content=\"M\u0131knat\u0131s Ar-Ge\" \/>\n<meta property=\"article:modified_time\" content=\"2024-05-20T07:47:50+00:00\" \/>\n<meta property=\"og:image\" content=\"https:\/\/profaj.co\/miknatis\/wp-content\/uploads\/2024\/05\/miknatis-arge_62504404750a7.jpg\" \/>\n\t<meta property=\"og:image:width\" content=\"1500\" \/>\n\t<meta property=\"og:image:height\" content=\"1500\" \/>\n\t<meta property=\"og:image:type\" content=\"image\/jpeg\" \/>\n<meta name=\"twitter:card\" content=\"summary_large_image\" \/>\n<meta name=\"twitter:label1\" content=\"Tahmini okuma s\u00fcresi\" \/>\n\t<meta name=\"twitter:data1\" content=\"2 dakika\" \/>\n<script type=\"application\/ld+json\" class=\"yoast-schema-graph\">{\"@context\":\"https:\/\/schema.org\",\"@graph\":[{\"@type\":\"WebPage\",\"@id\":\"https:\/\/profaj.co\/miknatis\/tr\/urun\/elektromanyetik-tasiyicilar\/\",\"url\":\"https:\/\/profaj.co\/miknatis\/tr\/urun\/elektromanyetik-tasiyicilar\/\",\"name\":\"Elektromanyetik Ta\u015f\u0131y\u0131c\u0131lar - M\u0131knat\u0131s Ar-Ge\",\"isPartOf\":{\"@id\":\"https:\/\/profaj.co\/miknatis\/#website\"},\"datePublished\":\"2024-05-17T10:18:36+00:00\",\"dateModified\":\"2024-05-20T07:47:50+00:00\",\"breadcrumb\":{\"@id\":\"https:\/\/profaj.co\/miknatis\/tr\/urun\/elektromanyetik-tasiyicilar\/#breadcrumb\"},\"inLanguage\":\"tr\",\"potentialAction\":[{\"@type\":\"ReadAction\",\"target\":[\"https:\/\/profaj.co\/miknatis\/tr\/urun\/elektromanyetik-tasiyicilar\/\"]}]},{\"@type\":\"BreadcrumbList\",\"@id\":\"https:\/\/profaj.co\/miknatis\/tr\/urun\/elektromanyetik-tasiyicilar\/#breadcrumb\",\"itemListElement\":[{\"@type\":\"ListItem\",\"position\":1,\"name\":\"Anasayfa\",\"item\":\"https:\/\/profaj.co\/miknatis\/tr\/anasayfa\/\"},{\"@type\":\"ListItem\",\"position\":2,\"name\":\"\u00dcr\u00fcnler\",\"item\":\"https:\/\/profaj.co\/miknatis\/tr\/urunler\/\"},{\"@type\":\"ListItem\",\"position\":3,\"name\":\"Elektromanyetik Ta\u015f\u0131y\u0131c\u0131lar\"}]},{\"@type\":\"WebSite\",\"@id\":\"https:\/\/profaj.co\/miknatis\/#website\",\"url\":\"https:\/\/profaj.co\/miknatis\/\",\"name\":\"M\u0131knat\u0131s Ar-Ge\",\"description\":\"\",\"publisher\":{\"@id\":\"https:\/\/profaj.co\/miknatis\/#organization\"},\"potentialAction\":[{\"@type\":\"SearchAction\",\"target\":{\"@type\":\"EntryPoint\",\"urlTemplate\":\"https:\/\/profaj.co\/miknatis\/?s={search_term_string}\"},\"query-input\":\"required name=search_term_string\"}],\"inLanguage\":\"tr\"},{\"@type\":\"Organization\",\"@id\":\"https:\/\/profaj.co\/miknatis\/#organization\",\"name\":\"M\u0131knat\u0131s Ar-Ge\",\"url\":\"https:\/\/profaj.co\/miknatis\/\",\"logo\":{\"@type\":\"ImageObject\",\"inLanguage\":\"tr\",\"@id\":\"https:\/\/profaj.co\/miknatis\/#\/schema\/logo\/image\/\",\"url\":\"https:\/\/profaj.co\/miknatis\/wp-content\/uploads\/2023\/12\/logo-white.webp\",\"contentUrl\":\"https:\/\/profaj.co\/miknatis\/wp-content\/uploads\/2023\/12\/logo-white.webp\",\"width\":300,\"height\":266,\"caption\":\"M\u0131knat\u0131s Ar-Ge\"},\"image\":{\"@id\":\"https:\/\/profaj.co\/miknatis\/#\/schema\/logo\/image\/\"}}]}<\/script>\n<!-- \/ Yoast SEO Premium plugin. -->","yoast_head_json":{"title":"Elektromanyetik Ta\u015f\u0131y\u0131c\u0131lar - M\u0131knat\u0131s Ar-Ge","robots":{"index":"index","follow":"follow","max-snippet":"max-snippet:-1","max-image-preview":"max-image-preview:large","max-video-preview":"max-video-preview:-1"},"canonical":"https:\/\/profaj.co\/miknatis\/tr\/urun\/elektromanyetik-tasiyicilar\/","og_locale":"tr_TR","og_type":"article","og_title":"Elektromanyetik Ta\u015f\u0131y\u0131c\u0131lar","og_description":"Elektromanyetik Ta\u015f\u0131ma Sistemleri, s\u00fcrekli enerji gereksinimi duyan, ak\u00fc sistemi veya\u00a0kesintisiz g\u00fc\u00e7 kayna\u011f\u0131 ile \u00e7al\u0131\u015fan\u00a0manyetiklerdir. Enerji verildi\u011finde ferromanyetik par\u00e7alar\u0131 tuttar enerjiyi kesti\u011finizde par\u00e7ay\u0131 serbest b\u0131rak\u0131rlar.","og_url":"https:\/\/profaj.co\/miknatis\/tr\/urun\/elektromanyetik-tasiyicilar\/","og_site_name":"M\u0131knat\u0131s Ar-Ge","article_modified_time":"2024-05-20T07:47:50+00:00","og_image":[{"width":1500,"height":1500,"url":"https:\/\/profaj.co\/miknatis\/wp-content\/uploads\/2024\/05\/miknatis-arge_62504404750a7.jpg","type":"image\/jpeg"}],"twitter_card":"summary_large_image","twitter_misc":{"Tahmini okuma s\u00fcresi":"2 dakika"},"schema":{"@context":"https:\/\/schema.org","@graph":[{"@type":"WebPage","@id":"https:\/\/profaj.co\/miknatis\/tr\/urun\/elektromanyetik-tasiyicilar\/","url":"https:\/\/profaj.co\/miknatis\/tr\/urun\/elektromanyetik-tasiyicilar\/","name":"Elektromanyetik Ta\u015f\u0131y\u0131c\u0131lar - M\u0131knat\u0131s Ar-Ge","isPartOf":{"@id":"https:\/\/profaj.co\/miknatis\/#website"},"datePublished":"2024-05-17T10:18:36+00:00","dateModified":"2024-05-20T07:47:50+00:00","breadcrumb":{"@id":"https:\/\/profaj.co\/miknatis\/tr\/urun\/elektromanyetik-tasiyicilar\/#breadcrumb"},"inLanguage":"tr","potentialAction":[{"@type":"ReadAction","target":["https:\/\/profaj.co\/miknatis\/tr\/urun\/elektromanyetik-tasiyicilar\/"]}]},{"@type":"BreadcrumbList","@id":"https:\/\/profaj.co\/miknatis\/tr\/urun\/elektromanyetik-tasiyicilar\/#breadcrumb","itemListElement":[{"@type":"ListItem","position":1,"name":"Anasayfa","item":"https:\/\/profaj.co\/miknatis\/tr\/anasayfa\/"},{"@type":"ListItem","position":2,"name":"\u00dcr\u00fcnler","item":"https:\/\/profaj.co\/miknatis\/tr\/urunler\/"},{"@type":"ListItem","position":3,"name":"Elektromanyetik Ta\u015f\u0131y\u0131c\u0131lar"}]},{"@type":"WebSite","@id":"https:\/\/profaj.co\/miknatis\/#website","url":"https:\/\/profaj.co\/miknatis\/","name":"M\u0131knat\u0131s Ar-Ge","description":"","publisher":{"@id":"https:\/\/profaj.co\/miknatis\/#organization"},"potentialAction":[{"@type":"SearchAction","target":{"@type":"EntryPoint","urlTemplate":"https:\/\/profaj.co\/miknatis\/?s={search_term_string}"},"query-input":"required name=search_term_string"}],"inLanguage":"tr"},{"@type":"Organization","@id":"https:\/\/profaj.co\/miknatis\/#organization","name":"M\u0131knat\u0131s Ar-Ge","url":"https:\/\/profaj.co\/miknatis\/","logo":{"@type":"ImageObject","inLanguage":"tr","@id":"https:\/\/profaj.co\/miknatis\/#\/schema\/logo\/image\/","url":"https:\/\/profaj.co\/miknatis\/wp-content\/uploads\/2023\/12\/logo-white.webp","contentUrl":"https:\/\/profaj.co\/miknatis\/wp-content\/uploads\/2023\/12\/logo-white.webp","width":300,"height":266,"caption":"M\u0131knat\u0131s Ar-Ge"},"image":{"@id":"https:\/\/profaj.co\/miknatis\/#\/schema\/logo\/image\/"}}]}},"lang":"tr","translations":{"tr":7044,"en":8617},"pll_sync_post":[],"_links":{"self":[{"href":"https:\/\/profaj.co\/miknatis\/wp-json\/wp\/v2\/product\/7044","targetHints":{"allow":["GET"]}}],"collection":[{"href":"https:\/\/profaj.co\/miknatis\/wp-json\/wp\/v2\/product"}],"about":[{"href":"https:\/\/profaj.co\/miknatis\/wp-json\/wp\/v2\/types\/product"}],"wp:featuredmedia":[{"embeddable":true,"href":"https:\/\/profaj.co\/miknatis\/wp-json\/wp\/v2\/media\/7048"}],"wp:attachment":[{"href":"https:\/\/profaj.co\/miknatis\/wp-json\/wp\/v2\/media?parent=7044"}],"wp:term":[{"taxonomy":"product_cat","embeddable":true,"href":"https:\/\/profaj.co\/miknatis\/wp-json\/wp\/v2\/product_cat?post=7044"},{"taxonomy":"product_tag","embeddable":true,"href":"https:\/\/profaj.co\/miknatis\/wp-json\/wp\/v2\/product_tag?post=7044"}],"curies":[{"name":"wp","href":"https:\/\/api.w.org\/{rel}","templated":true}]}}