{"id":7133,"date":"2024-05-17T15:24:02","date_gmt":"2024-05-17T12:24:02","guid":{"rendered":"https:\/\/profaj.co\/miknatis\/?post_type=product&#038;p=7133"},"modified":"2024-05-17T15:24:03","modified_gmt":"2024-05-17T12:24:03","slug":"tek-sensorlu-metal-dedektor","status":"publish","type":"product","link":"https:\/\/profaj.co\/miknatis\/tr\/urun\/tek-sensorlu-metal-dedektor\/","title":{"rendered":"Tek Sens\u00f6rl\u00fc Metal Dedekt\u00f6r"},"content":{"rendered":"<p>Tek Sens\u00f6rl\u00fc Metal Dedekt\u00f6rler besleme bant\u0131n alt\u0131na yerle\u015ftirelen tek y\u00f6nden (alttan) alg\u0131lama yapan dedekt\u00f6r tipleridir. Bant\u0131n alt k\u0131sm\u0131na tak\u0131l\u0131r ve bant u\u0308stu\u0308nden ge\u00e7en max. 15 cm y\u0131\u011f\u0131n y\u00fckseli\u011fi olan\u00a0\u00a0malzeme i\u00e7erisine kar\u0131\u015fm\u0131\u015f k\u0131r\u0131c\u0131 vb. makinalara zarar verecek\u00a0\u2265 30 mm boyuttaki metalleri alg\u0131lar \u0131\u015f\u0131kl\u0131, sesli ve role \u00e7\u0131k\u0131\u015fl\u0131 sinyal verir.<\/p>\n<p><em><strong>Teknik \u00d6zellikleri :<\/strong><\/em><\/p>\n<ul>\n<li>2 x 1 mm LIYCY kablo, \u00a0LCD dijital ekran, Say\u0131sal de\u011fer vererek hassasiyet ayar\u0131, Bekleme ve gecikme s\u00fcresi verebilme, Otomatik ve manuel reset ayar\u0131, 2 adet\u00a0metal r\u00f6lesi ve 1 adet ar\u0131za r\u00f6lesi, Parazit ayar\u0131, \u00dcr\u00fcn s\u0131f\u0131rlama ve sayma, \u00d6nceden veya sonrada per\u00e7in sens\u00f6r\u00fc ba\u011flanabilme \u00f6zelli\u011fi<\/li>\n<li>\u0130kaz r\u00f6lesi : 6 Amp Envers\u00f6r\u00a0\u00a0 \u00a0\u00a0\u00a0\u00a0\u00a0Ar\u0131za r\u00f6lesi : 6 Amp Envers\u00f6r.\u00a0\u00a0 Pano : IP 65<\/li>\n<li>Alg\u0131layaca\u011f\u0131 metal boyutlar\u0131:\u00a0\u2265 30 mm Ortam \u00e7al\u0131\u015fma s\u0131cakl\u0131\u011f\u0131 : -20 \u00baC \/ +40\u00a0 \u00baC<\/li>\n<li>Voltaj : 220\u00b110% 50Hz\u00a0\u00a0 \u00d6nerilen Besleme Bant H\u0131z\u0131: 1,49 -1,07 m\/s<\/li>\n<\/ul>\n<p><em><strong>Detayl\u0131 bilgi i\u00e7in ileti\u015fime ge\u00e7iniz.<\/strong><\/em><\/p>\n","protected":false},"excerpt":{"rendered":"<p>Tek Sens\u00f6rl\u00fc Metal Dedekt\u00f6rler besleme bant\u0131n alt\u0131na yerle\u015ftirelen tek y\u00f6nden (alttan) alg\u0131lama yapan dedekt\u00f6r tipleridir.<\/p>\n","protected":false},"featured_media":7134,"template":"","meta":[],"product_cat":[80],"product_tag":[],"class_list":["post-7133","product","type-product","status-publish","has-post-thumbnail","hentry","product_cat-metal-dedektorleri"],"acf":[],"yoast_head":"<!-- This site is optimized with the Yoast SEO Premium plugin v22.1 (Yoast SEO v22.1) - https:\/\/yoast.com\/wordpress\/plugins\/seo\/ -->\n<title>Tek Sens\u00f6rl\u00fc Metal Dedekt\u00f6r - M\u0131knat\u0131s Ar-Ge<\/title>\n<meta name=\"robots\" content=\"index, follow, max-snippet:-1, max-image-preview:large, max-video-preview:-1\" \/>\n<link rel=\"canonical\" href=\"https:\/\/profaj.co\/miknatis\/tr\/urun\/tek-sensorlu-metal-dedektor\/\" \/>\n<meta property=\"og:locale\" content=\"tr_TR\" \/>\n<meta property=\"og:type\" content=\"article\" \/>\n<meta property=\"og:title\" content=\"Tek Sens\u00f6rl\u00fc Metal Dedekt\u00f6r\" \/>\n<meta property=\"og:description\" content=\"Tek Sens\u00f6rl\u00fc Metal Dedekt\u00f6rler besleme bant\u0131n alt\u0131na yerle\u015ftirelen tek y\u00f6nden (alttan) alg\u0131lama yapan dedekt\u00f6r tipleridir.\" \/>\n<meta property=\"og:url\" content=\"https:\/\/profaj.co\/miknatis\/tr\/urun\/tek-sensorlu-metal-dedektor\/\" \/>\n<meta property=\"og:site_name\" content=\"M\u0131knat\u0131s Ar-Ge\" \/>\n<meta property=\"article:modified_time\" content=\"2024-05-17T12:24:03+00:00\" \/>\n<meta property=\"og:image\" content=\"https:\/\/profaj.co\/miknatis\/wp-content\/uploads\/2024\/05\/miknatis-arge_623b01318d7b1.jpg\" \/>\n\t<meta property=\"og:image:width\" content=\"1500\" \/>\n\t<meta property=\"og:image:height\" content=\"1500\" \/>\n\t<meta property=\"og:image:type\" content=\"image\/jpeg\" \/>\n<meta name=\"twitter:card\" content=\"summary_large_image\" \/>\n<meta name=\"twitter:label1\" content=\"Tahmini okuma s\u00fcresi\" \/>\n\t<meta name=\"twitter:data1\" content=\"1 dakika\" \/>\n<script type=\"application\/ld+json\" class=\"yoast-schema-graph\">{\"@context\":\"https:\/\/schema.org\",\"@graph\":[{\"@type\":\"WebPage\",\"@id\":\"https:\/\/profaj.co\/miknatis\/tr\/urun\/tek-sensorlu-metal-dedektor\/\",\"url\":\"https:\/\/profaj.co\/miknatis\/tr\/urun\/tek-sensorlu-metal-dedektor\/\",\"name\":\"Tek Sens\u00f6rl\u00fc Metal Dedekt\u00f6r - M\u0131knat\u0131s Ar-Ge\",\"isPartOf\":{\"@id\":\"https:\/\/profaj.co\/miknatis\/#website\"},\"datePublished\":\"2024-05-17T12:24:02+00:00\",\"dateModified\":\"2024-05-17T12:24:03+00:00\",\"breadcrumb\":{\"@id\":\"https:\/\/profaj.co\/miknatis\/tr\/urun\/tek-sensorlu-metal-dedektor\/#breadcrumb\"},\"inLanguage\":\"tr\",\"potentialAction\":[{\"@type\":\"ReadAction\",\"target\":[\"https:\/\/profaj.co\/miknatis\/tr\/urun\/tek-sensorlu-metal-dedektor\/\"]}]},{\"@type\":\"BreadcrumbList\",\"@id\":\"https:\/\/profaj.co\/miknatis\/tr\/urun\/tek-sensorlu-metal-dedektor\/#breadcrumb\",\"itemListElement\":[{\"@type\":\"ListItem\",\"position\":1,\"name\":\"Anasayfa\",\"item\":\"https:\/\/profaj.co\/miknatis\/tr\/anasayfa\/\"},{\"@type\":\"ListItem\",\"position\":2,\"name\":\"\u00dcr\u00fcnler\",\"item\":\"https:\/\/profaj.co\/miknatis\/tr\/urunler\/\"},{\"@type\":\"ListItem\",\"position\":3,\"name\":\"Tek Sens\u00f6rl\u00fc Metal Dedekt\u00f6r\"}]},{\"@type\":\"WebSite\",\"@id\":\"https:\/\/profaj.co\/miknatis\/#website\",\"url\":\"https:\/\/profaj.co\/miknatis\/\",\"name\":\"M\u0131knat\u0131s Ar-Ge\",\"description\":\"\",\"publisher\":{\"@id\":\"https:\/\/profaj.co\/miknatis\/#organization\"},\"potentialAction\":[{\"@type\":\"SearchAction\",\"target\":{\"@type\":\"EntryPoint\",\"urlTemplate\":\"https:\/\/profaj.co\/miknatis\/?s={search_term_string}\"},\"query-input\":\"required name=search_term_string\"}],\"inLanguage\":\"tr\"},{\"@type\":\"Organization\",\"@id\":\"https:\/\/profaj.co\/miknatis\/#organization\",\"name\":\"M\u0131knat\u0131s Ar-Ge\",\"url\":\"https:\/\/profaj.co\/miknatis\/\",\"logo\":{\"@type\":\"ImageObject\",\"inLanguage\":\"tr\",\"@id\":\"https:\/\/profaj.co\/miknatis\/#\/schema\/logo\/image\/\",\"url\":\"https:\/\/profaj.co\/miknatis\/wp-content\/uploads\/2023\/12\/logo-white.webp\",\"contentUrl\":\"https:\/\/profaj.co\/miknatis\/wp-content\/uploads\/2023\/12\/logo-white.webp\",\"width\":300,\"height\":266,\"caption\":\"M\u0131knat\u0131s Ar-Ge\"},\"image\":{\"@id\":\"https:\/\/profaj.co\/miknatis\/#\/schema\/logo\/image\/\"}}]}<\/script>\n<!-- \/ Yoast SEO Premium plugin. -->","yoast_head_json":{"title":"Tek Sens\u00f6rl\u00fc Metal Dedekt\u00f6r - M\u0131knat\u0131s Ar-Ge","robots":{"index":"index","follow":"follow","max-snippet":"max-snippet:-1","max-image-preview":"max-image-preview:large","max-video-preview":"max-video-preview:-1"},"canonical":"https:\/\/profaj.co\/miknatis\/tr\/urun\/tek-sensorlu-metal-dedektor\/","og_locale":"tr_TR","og_type":"article","og_title":"Tek Sens\u00f6rl\u00fc Metal Dedekt\u00f6r","og_description":"Tek Sens\u00f6rl\u00fc Metal Dedekt\u00f6rler besleme bant\u0131n alt\u0131na yerle\u015ftirelen tek y\u00f6nden (alttan) alg\u0131lama yapan dedekt\u00f6r tipleridir.","og_url":"https:\/\/profaj.co\/miknatis\/tr\/urun\/tek-sensorlu-metal-dedektor\/","og_site_name":"M\u0131knat\u0131s Ar-Ge","article_modified_time":"2024-05-17T12:24:03+00:00","og_image":[{"width":1500,"height":1500,"url":"https:\/\/profaj.co\/miknatis\/wp-content\/uploads\/2024\/05\/miknatis-arge_623b01318d7b1.jpg","type":"image\/jpeg"}],"twitter_card":"summary_large_image","twitter_misc":{"Tahmini okuma s\u00fcresi":"1 dakika"},"schema":{"@context":"https:\/\/schema.org","@graph":[{"@type":"WebPage","@id":"https:\/\/profaj.co\/miknatis\/tr\/urun\/tek-sensorlu-metal-dedektor\/","url":"https:\/\/profaj.co\/miknatis\/tr\/urun\/tek-sensorlu-metal-dedektor\/","name":"Tek Sens\u00f6rl\u00fc Metal Dedekt\u00f6r - M\u0131knat\u0131s Ar-Ge","isPartOf":{"@id":"https:\/\/profaj.co\/miknatis\/#website"},"datePublished":"2024-05-17T12:24:02+00:00","dateModified":"2024-05-17T12:24:03+00:00","breadcrumb":{"@id":"https:\/\/profaj.co\/miknatis\/tr\/urun\/tek-sensorlu-metal-dedektor\/#breadcrumb"},"inLanguage":"tr","potentialAction":[{"@type":"ReadAction","target":["https:\/\/profaj.co\/miknatis\/tr\/urun\/tek-sensorlu-metal-dedektor\/"]}]},{"@type":"BreadcrumbList","@id":"https:\/\/profaj.co\/miknatis\/tr\/urun\/tek-sensorlu-metal-dedektor\/#breadcrumb","itemListElement":[{"@type":"ListItem","position":1,"name":"Anasayfa","item":"https:\/\/profaj.co\/miknatis\/tr\/anasayfa\/"},{"@type":"ListItem","position":2,"name":"\u00dcr\u00fcnler","item":"https:\/\/profaj.co\/miknatis\/tr\/urunler\/"},{"@type":"ListItem","position":3,"name":"Tek Sens\u00f6rl\u00fc Metal Dedekt\u00f6r"}]},{"@type":"WebSite","@id":"https:\/\/profaj.co\/miknatis\/#website","url":"https:\/\/profaj.co\/miknatis\/","name":"M\u0131knat\u0131s Ar-Ge","description":"","publisher":{"@id":"https:\/\/profaj.co\/miknatis\/#organization"},"potentialAction":[{"@type":"SearchAction","target":{"@type":"EntryPoint","urlTemplate":"https:\/\/profaj.co\/miknatis\/?s={search_term_string}"},"query-input":"required name=search_term_string"}],"inLanguage":"tr"},{"@type":"Organization","@id":"https:\/\/profaj.co\/miknatis\/#organization","name":"M\u0131knat\u0131s Ar-Ge","url":"https:\/\/profaj.co\/miknatis\/","logo":{"@type":"ImageObject","inLanguage":"tr","@id":"https:\/\/profaj.co\/miknatis\/#\/schema\/logo\/image\/","url":"https:\/\/profaj.co\/miknatis\/wp-content\/uploads\/2023\/12\/logo-white.webp","contentUrl":"https:\/\/profaj.co\/miknatis\/wp-content\/uploads\/2023\/12\/logo-white.webp","width":300,"height":266,"caption":"M\u0131knat\u0131s Ar-Ge"},"image":{"@id":"https:\/\/profaj.co\/miknatis\/#\/schema\/logo\/image\/"}}]}},"lang":"tr","translations":{"tr":7133,"en":7305},"pll_sync_post":[],"_links":{"self":[{"href":"https:\/\/profaj.co\/miknatis\/wp-json\/wp\/v2\/product\/7133","targetHints":{"allow":["GET"]}}],"collection":[{"href":"https:\/\/profaj.co\/miknatis\/wp-json\/wp\/v2\/product"}],"about":[{"href":"https:\/\/profaj.co\/miknatis\/wp-json\/wp\/v2\/types\/product"}],"wp:featuredmedia":[{"embeddable":true,"href":"https:\/\/profaj.co\/miknatis\/wp-json\/wp\/v2\/media\/7134"}],"wp:attachment":[{"href":"https:\/\/profaj.co\/miknatis\/wp-json\/wp\/v2\/media?parent=7133"}],"wp:term":[{"taxonomy":"product_cat","embeddable":true,"href":"https:\/\/profaj.co\/miknatis\/wp-json\/wp\/v2\/product_cat?post=7133"},{"taxonomy":"product_tag","embeddable":true,"href":"https:\/\/profaj.co\/miknatis\/wp-json\/wp\/v2\/product_tag?post=7133"}],"curies":[{"name":"wp","href":"https:\/\/api.w.org\/{rel}","templated":true}]}}