{"id":7140,"date":"2024-05-17T15:41:26","date_gmt":"2024-05-17T12:41:26","guid":{"rendered":"https:\/\/profaj.co\/miknatis\/?post_type=product&#038;p=7140"},"modified":"2024-05-17T15:41:26","modified_gmt":"2024-05-17T12:41:26","slug":"araclara-takilabilen-manyetik-supurgeler","status":"publish","type":"product","link":"https:\/\/profaj.co\/miknatis\/tr\/urun\/araclara-takilabilen-manyetik-supurgeler\/","title":{"rendered":"Ara\u00e7lara Tak\u0131labilen Manyetik S\u00fcp\u00fcrgeler"},"content":{"rendered":"<p>Kal\u0131c\u0131 m\u0131knat\u0131slar ya da elektrom\u0131knat\u0131slar ile yap\u0131lm\u0131\u015f, her t\u00fcrl\u00fc arac\u0131n kullan\u0131m\u0131na uygun farkl \u00e7al\u0131\u015fma bi\u00e7im ve metotlar\u0131na sahip size \u00f6zel tasar\u0131mlar yaparak \u00fcretti\u011fimiz bir \u00e7ok araca tak\u0131lan manyetik s\u00fcp\u00fcrge ve metal toplama ara\u00e7 modellerimiz mevcuttur.<\/p>\n<p><em><strong>Size en uygun olan modeli i\u00e7in l\u00fctfen ileti\u015fime ge\u00e7iniz.<\/strong><\/em><\/p>\n<p><em><strong><iframe src=\"https:\/\/www.youtube.com\/embed\/-HBKXiWFF38\" width=\"560\" height=\"315\" frameborder=\"0\" allowfullscreen=\"allowfullscreen\" data-mce-fragment=\"1\"><\/iframe><\/strong><\/em><\/p>\n","protected":false},"excerpt":{"rendered":"<p>Kal\u0131c\u0131 m\u0131knat\u0131slar ya da elektrom\u0131knat\u0131slar ile yap\u0131lm\u0131\u015f, her t\u00fcrl\u00fc arac\u0131n kullan\u0131m\u0131na uygun farkl \u00e7al\u0131\u015fma bi\u00e7im ve metotlar\u0131na sahip size \u00f6zel tasar\u0131mlar yaparak \u00fcretti\u011fimiz bir \u00e7ok araca tak\u0131lan manyetik s\u00fcp\u00fcrge ve metal toplama ara\u00e7 modellerimiz mevcuttur.<\/p>\n","protected":false},"featured_media":7141,"template":"","meta":[],"product_cat":[86,84],"product_tag":[],"class_list":["post-7140","product","type-product","status-publish","has-post-thumbnail","hentry","product_cat-manyetik-supurgeler","product_cat-manyetik-ekipmanlar"],"acf":[],"yoast_head":"<!-- This site is optimized with the Yoast SEO Premium plugin v22.1 (Yoast SEO v22.1) - https:\/\/yoast.com\/wordpress\/plugins\/seo\/ -->\n<title>Ara\u00e7lara Tak\u0131labilen Manyetik S\u00fcp\u00fcrgeler - M\u0131knat\u0131s Ar-Ge<\/title>\n<meta name=\"robots\" content=\"index, follow, max-snippet:-1, max-image-preview:large, max-video-preview:-1\" \/>\n<link rel=\"canonical\" href=\"https:\/\/profaj.co\/miknatis\/tr\/urun\/araclara-takilabilen-manyetik-supurgeler\/\" \/>\n<meta property=\"og:locale\" content=\"tr_TR\" \/>\n<meta property=\"og:type\" content=\"article\" \/>\n<meta property=\"og:title\" content=\"Ara\u00e7lara Tak\u0131labilen Manyetik S\u00fcp\u00fcrgeler\" \/>\n<meta property=\"og:description\" content=\"Kal\u0131c\u0131 m\u0131knat\u0131slar ya da elektrom\u0131knat\u0131slar ile yap\u0131lm\u0131\u015f, her t\u00fcrl\u00fc arac\u0131n kullan\u0131m\u0131na uygun farkl \u00e7al\u0131\u015fma bi\u00e7im ve metotlar\u0131na sahip size \u00f6zel tasar\u0131mlar yaparak \u00fcretti\u011fimiz bir \u00e7ok araca tak\u0131lan manyetik s\u00fcp\u00fcrge ve metal toplama ara\u00e7 modellerimiz mevcuttur.\" \/>\n<meta property=\"og:url\" content=\"https:\/\/profaj.co\/miknatis\/tr\/urun\/araclara-takilabilen-manyetik-supurgeler\/\" \/>\n<meta property=\"og:site_name\" content=\"M\u0131knat\u0131s Ar-Ge\" \/>\n<meta property=\"og:image\" content=\"https:\/\/profaj.co\/miknatis\/wp-content\/uploads\/2024\/05\/miknatis-arge_621511fd31d4c.jpg\" \/>\n\t<meta property=\"og:image:width\" content=\"1000\" \/>\n\t<meta property=\"og:image:height\" content=\"1000\" \/>\n\t<meta property=\"og:image:type\" content=\"image\/jpeg\" \/>\n<meta name=\"twitter:card\" content=\"summary_large_image\" \/>\n<script type=\"application\/ld+json\" class=\"yoast-schema-graph\">{\"@context\":\"https:\/\/schema.org\",\"@graph\":[{\"@type\":\"WebPage\",\"@id\":\"https:\/\/profaj.co\/miknatis\/tr\/urun\/araclara-takilabilen-manyetik-supurgeler\/\",\"url\":\"https:\/\/profaj.co\/miknatis\/tr\/urun\/araclara-takilabilen-manyetik-supurgeler\/\",\"name\":\"Ara\u00e7lara Tak\u0131labilen Manyetik S\u00fcp\u00fcrgeler - M\u0131knat\u0131s Ar-Ge\",\"isPartOf\":{\"@id\":\"https:\/\/profaj.co\/miknatis\/#website\"},\"datePublished\":\"2024-05-17T12:41:26+00:00\",\"dateModified\":\"2024-05-17T12:41:26+00:00\",\"breadcrumb\":{\"@id\":\"https:\/\/profaj.co\/miknatis\/tr\/urun\/araclara-takilabilen-manyetik-supurgeler\/#breadcrumb\"},\"inLanguage\":\"tr\",\"potentialAction\":[{\"@type\":\"ReadAction\",\"target\":[\"https:\/\/profaj.co\/miknatis\/tr\/urun\/araclara-takilabilen-manyetik-supurgeler\/\"]}]},{\"@type\":\"BreadcrumbList\",\"@id\":\"https:\/\/profaj.co\/miknatis\/tr\/urun\/araclara-takilabilen-manyetik-supurgeler\/#breadcrumb\",\"itemListElement\":[{\"@type\":\"ListItem\",\"position\":1,\"name\":\"Anasayfa\",\"item\":\"https:\/\/profaj.co\/miknatis\/tr\/anasayfa\/\"},{\"@type\":\"ListItem\",\"position\":2,\"name\":\"\u00dcr\u00fcnler\",\"item\":\"https:\/\/profaj.co\/miknatis\/tr\/urunler\/\"},{\"@type\":\"ListItem\",\"position\":3,\"name\":\"Ara\u00e7lara Tak\u0131labilen Manyetik S\u00fcp\u00fcrgeler\"}]},{\"@type\":\"WebSite\",\"@id\":\"https:\/\/profaj.co\/miknatis\/#website\",\"url\":\"https:\/\/profaj.co\/miknatis\/\",\"name\":\"M\u0131knat\u0131s Ar-Ge\",\"description\":\"\",\"publisher\":{\"@id\":\"https:\/\/profaj.co\/miknatis\/#organization\"},\"potentialAction\":[{\"@type\":\"SearchAction\",\"target\":{\"@type\":\"EntryPoint\",\"urlTemplate\":\"https:\/\/profaj.co\/miknatis\/?s={search_term_string}\"},\"query-input\":\"required name=search_term_string\"}],\"inLanguage\":\"tr\"},{\"@type\":\"Organization\",\"@id\":\"https:\/\/profaj.co\/miknatis\/#organization\",\"name\":\"M\u0131knat\u0131s Ar-Ge\",\"url\":\"https:\/\/profaj.co\/miknatis\/\",\"logo\":{\"@type\":\"ImageObject\",\"inLanguage\":\"tr\",\"@id\":\"https:\/\/profaj.co\/miknatis\/#\/schema\/logo\/image\/\",\"url\":\"https:\/\/profaj.co\/miknatis\/wp-content\/uploads\/2023\/12\/logo-white.webp\",\"contentUrl\":\"https:\/\/profaj.co\/miknatis\/wp-content\/uploads\/2023\/12\/logo-white.webp\",\"width\":300,\"height\":266,\"caption\":\"M\u0131knat\u0131s Ar-Ge\"},\"image\":{\"@id\":\"https:\/\/profaj.co\/miknatis\/#\/schema\/logo\/image\/\"}}]}<\/script>\n<!-- \/ Yoast SEO Premium plugin. -->","yoast_head_json":{"title":"Ara\u00e7lara Tak\u0131labilen Manyetik S\u00fcp\u00fcrgeler - M\u0131knat\u0131s Ar-Ge","robots":{"index":"index","follow":"follow","max-snippet":"max-snippet:-1","max-image-preview":"max-image-preview:large","max-video-preview":"max-video-preview:-1"},"canonical":"https:\/\/profaj.co\/miknatis\/tr\/urun\/araclara-takilabilen-manyetik-supurgeler\/","og_locale":"tr_TR","og_type":"article","og_title":"Ara\u00e7lara Tak\u0131labilen Manyetik S\u00fcp\u00fcrgeler","og_description":"Kal\u0131c\u0131 m\u0131knat\u0131slar ya da elektrom\u0131knat\u0131slar ile yap\u0131lm\u0131\u015f, her t\u00fcrl\u00fc arac\u0131n kullan\u0131m\u0131na uygun farkl \u00e7al\u0131\u015fma bi\u00e7im ve metotlar\u0131na sahip size \u00f6zel tasar\u0131mlar yaparak \u00fcretti\u011fimiz bir \u00e7ok araca tak\u0131lan manyetik s\u00fcp\u00fcrge ve metal toplama ara\u00e7 modellerimiz mevcuttur.","og_url":"https:\/\/profaj.co\/miknatis\/tr\/urun\/araclara-takilabilen-manyetik-supurgeler\/","og_site_name":"M\u0131knat\u0131s Ar-Ge","og_image":[{"width":1000,"height":1000,"url":"https:\/\/profaj.co\/miknatis\/wp-content\/uploads\/2024\/05\/miknatis-arge_621511fd31d4c.jpg","type":"image\/jpeg"}],"twitter_card":"summary_large_image","schema":{"@context":"https:\/\/schema.org","@graph":[{"@type":"WebPage","@id":"https:\/\/profaj.co\/miknatis\/tr\/urun\/araclara-takilabilen-manyetik-supurgeler\/","url":"https:\/\/profaj.co\/miknatis\/tr\/urun\/araclara-takilabilen-manyetik-supurgeler\/","name":"Ara\u00e7lara Tak\u0131labilen Manyetik S\u00fcp\u00fcrgeler - M\u0131knat\u0131s Ar-Ge","isPartOf":{"@id":"https:\/\/profaj.co\/miknatis\/#website"},"datePublished":"2024-05-17T12:41:26+00:00","dateModified":"2024-05-17T12:41:26+00:00","breadcrumb":{"@id":"https:\/\/profaj.co\/miknatis\/tr\/urun\/araclara-takilabilen-manyetik-supurgeler\/#breadcrumb"},"inLanguage":"tr","potentialAction":[{"@type":"ReadAction","target":["https:\/\/profaj.co\/miknatis\/tr\/urun\/araclara-takilabilen-manyetik-supurgeler\/"]}]},{"@type":"BreadcrumbList","@id":"https:\/\/profaj.co\/miknatis\/tr\/urun\/araclara-takilabilen-manyetik-supurgeler\/#breadcrumb","itemListElement":[{"@type":"ListItem","position":1,"name":"Anasayfa","item":"https:\/\/profaj.co\/miknatis\/tr\/anasayfa\/"},{"@type":"ListItem","position":2,"name":"\u00dcr\u00fcnler","item":"https:\/\/profaj.co\/miknatis\/tr\/urunler\/"},{"@type":"ListItem","position":3,"name":"Ara\u00e7lara Tak\u0131labilen Manyetik S\u00fcp\u00fcrgeler"}]},{"@type":"WebSite","@id":"https:\/\/profaj.co\/miknatis\/#website","url":"https:\/\/profaj.co\/miknatis\/","name":"M\u0131knat\u0131s Ar-Ge","description":"","publisher":{"@id":"https:\/\/profaj.co\/miknatis\/#organization"},"potentialAction":[{"@type":"SearchAction","target":{"@type":"EntryPoint","urlTemplate":"https:\/\/profaj.co\/miknatis\/?s={search_term_string}"},"query-input":"required name=search_term_string"}],"inLanguage":"tr"},{"@type":"Organization","@id":"https:\/\/profaj.co\/miknatis\/#organization","name":"M\u0131knat\u0131s Ar-Ge","url":"https:\/\/profaj.co\/miknatis\/","logo":{"@type":"ImageObject","inLanguage":"tr","@id":"https:\/\/profaj.co\/miknatis\/#\/schema\/logo\/image\/","url":"https:\/\/profaj.co\/miknatis\/wp-content\/uploads\/2023\/12\/logo-white.webp","contentUrl":"https:\/\/profaj.co\/miknatis\/wp-content\/uploads\/2023\/12\/logo-white.webp","width":300,"height":266,"caption":"M\u0131knat\u0131s Ar-Ge"},"image":{"@id":"https:\/\/profaj.co\/miknatis\/#\/schema\/logo\/image\/"}}]}},"lang":"tr","translations":{"tr":7140,"en":7308},"pll_sync_post":[],"_links":{"self":[{"href":"https:\/\/profaj.co\/miknatis\/wp-json\/wp\/v2\/product\/7140","targetHints":{"allow":["GET"]}}],"collection":[{"href":"https:\/\/profaj.co\/miknatis\/wp-json\/wp\/v2\/product"}],"about":[{"href":"https:\/\/profaj.co\/miknatis\/wp-json\/wp\/v2\/types\/product"}],"wp:featuredmedia":[{"embeddable":true,"href":"https:\/\/profaj.co\/miknatis\/wp-json\/wp\/v2\/media\/7141"}],"wp:attachment":[{"href":"https:\/\/profaj.co\/miknatis\/wp-json\/wp\/v2\/media?parent=7140"}],"wp:term":[{"taxonomy":"product_cat","embeddable":true,"href":"https:\/\/profaj.co\/miknatis\/wp-json\/wp\/v2\/product_cat?post=7140"},{"taxonomy":"product_tag","embeddable":true,"href":"https:\/\/profaj.co\/miknatis\/wp-json\/wp\/v2\/product_tag?post=7140"}],"curies":[{"name":"wp","href":"https:\/\/api.w.org\/{rel}","templated":true}]}}