{"id":7194,"date":"2024-05-17T16:46:45","date_gmt":"2024-05-17T13:46:45","guid":{"rendered":"https:\/\/profaj.co\/miknatis\/?post_type=product&#038;p=7194"},"modified":"2024-05-17T16:49:01","modified_gmt":"2024-05-17T13:49:01","slug":"manyetik-kapi-kilidi","status":"publish","type":"product","link":"https:\/\/profaj.co\/miknatis\/tr\/urun\/manyetik-kapi-kilidi\/","title":{"rendered":"Manyetik Kap\u0131 Kilidi"},"content":{"rendered":"<p>Kolay montaj\u0131 ile ihtiyac\u0131n\u0131z olan her t\u00fcr kap\u0131da kullanabilece\u011finiz sade tasar\u0131ma sahiptir. \u00dcr\u00fcn foto\u011fraflar\u0131ndaki teknik resmi inceleyiniz. \u0130\u00e7indeki m\u0131knat\u0131s ile kap\u0131n\u0131n a\u00e7\u0131l\u0131p kapanmas\u0131n\u0131 kontrol alt\u0131na al\u0131r. \u0130nsan g\u00fcc\u00fc ile kap\u0131 a\u00e7\u0131l\u0131r ve kapan\u0131r. Bunun d\u0131\u015f\u0131nda kap\u0131y\u0131 kapal\u0131 tutar.<\/p>\n<ul>\n<li>\u00dcr\u00fcn elektronik hi\u00e7bir aksam i\u00e7ermez.<\/li>\n<li>\u00d6zel s\u0131vama y\u00fcksek korozyon dayan\u0131m\u0131 sa\u011flar.<\/li>\n<\/ul>\n<p><em><strong>Daha fazla bilgi i\u00e7in ileti\u015fime ge\u00e7iniz.<\/strong><\/em><\/p>\n","protected":false},"excerpt":{"rendered":"<p>Kolay montaj\u0131 ile ihtiyac\u0131n\u0131z olan her t\u00fcr kap\u0131da kullanabilece\u011finiz sade tasar\u0131ma sahiptir. \u00dcr\u00fcn foto\u011fraflar\u0131ndaki teknik resmi inceleyiniz. \u0130\u00e7indeki m\u0131knat\u0131s ile kap\u0131n\u0131n a\u00e7\u0131l\u0131p kapanmas\u0131n\u0131 kontrol alt\u0131na al\u0131r. \u0130nsan g\u00fcc\u00fc ile kap\u0131 a\u00e7\u0131l\u0131r ve kapan\u0131r. Bunun d\u0131\u015f\u0131nda kap\u0131y\u0131 kapal\u0131 tutar.<\/p>\n","protected":false},"featured_media":7197,"template":"","meta":[],"product_cat":[84],"product_tag":[],"class_list":["post-7194","product","type-product","status-publish","has-post-thumbnail","hentry","product_cat-manyetik-ekipmanlar"],"acf":[],"yoast_head":"<!-- This site is optimized with the Yoast SEO Premium plugin v22.1 (Yoast SEO v22.1) - https:\/\/yoast.com\/wordpress\/plugins\/seo\/ -->\n<title>Manyetik Kap\u0131 Kilidi - M\u0131knat\u0131s Ar-Ge<\/title>\n<meta name=\"robots\" content=\"index, follow, max-snippet:-1, max-image-preview:large, max-video-preview:-1\" \/>\n<link rel=\"canonical\" href=\"https:\/\/profaj.co\/miknatis\/tr\/urun\/manyetik-kapi-kilidi\/\" \/>\n<meta property=\"og:locale\" content=\"tr_TR\" \/>\n<meta property=\"og:type\" content=\"article\" \/>\n<meta property=\"og:title\" content=\"Manyetik Kap\u0131 Kilidi\" \/>\n<meta property=\"og:description\" content=\"Kolay montaj\u0131 ile ihtiyac\u0131n\u0131z olan her t\u00fcr kap\u0131da kullanabilece\u011finiz sade tasar\u0131ma sahiptir. \u00dcr\u00fcn foto\u011fraflar\u0131ndaki teknik resmi inceleyiniz. \u0130\u00e7indeki m\u0131knat\u0131s ile kap\u0131n\u0131n a\u00e7\u0131l\u0131p kapanmas\u0131n\u0131 kontrol alt\u0131na al\u0131r. \u0130nsan g\u00fcc\u00fc ile kap\u0131 a\u00e7\u0131l\u0131r ve kapan\u0131r. Bunun d\u0131\u015f\u0131nda kap\u0131y\u0131 kapal\u0131 tutar.\" \/>\n<meta property=\"og:url\" content=\"https:\/\/profaj.co\/miknatis\/tr\/urun\/manyetik-kapi-kilidi\/\" \/>\n<meta property=\"og:site_name\" content=\"M\u0131knat\u0131s Ar-Ge\" \/>\n<meta property=\"article:modified_time\" content=\"2024-05-17T13:49:01+00:00\" \/>\n<meta property=\"og:image\" content=\"https:\/\/profaj.co\/miknatis\/wp-content\/uploads\/2024\/05\/miknatis-arge_627a6d9cd6d49.jpg\" \/>\n\t<meta property=\"og:image:width\" content=\"1000\" \/>\n\t<meta property=\"og:image:height\" content=\"1000\" \/>\n\t<meta property=\"og:image:type\" content=\"image\/jpeg\" \/>\n<meta name=\"twitter:card\" content=\"summary_large_image\" \/>\n<script type=\"application\/ld+json\" class=\"yoast-schema-graph\">{\"@context\":\"https:\/\/schema.org\",\"@graph\":[{\"@type\":\"WebPage\",\"@id\":\"https:\/\/profaj.co\/miknatis\/tr\/urun\/manyetik-kapi-kilidi\/\",\"url\":\"https:\/\/profaj.co\/miknatis\/tr\/urun\/manyetik-kapi-kilidi\/\",\"name\":\"Manyetik Kap\u0131 Kilidi - M\u0131knat\u0131s Ar-Ge\",\"isPartOf\":{\"@id\":\"https:\/\/profaj.co\/miknatis\/#website\"},\"datePublished\":\"2024-05-17T13:46:45+00:00\",\"dateModified\":\"2024-05-17T13:49:01+00:00\",\"breadcrumb\":{\"@id\":\"https:\/\/profaj.co\/miknatis\/tr\/urun\/manyetik-kapi-kilidi\/#breadcrumb\"},\"inLanguage\":\"tr\",\"potentialAction\":[{\"@type\":\"ReadAction\",\"target\":[\"https:\/\/profaj.co\/miknatis\/tr\/urun\/manyetik-kapi-kilidi\/\"]}]},{\"@type\":\"BreadcrumbList\",\"@id\":\"https:\/\/profaj.co\/miknatis\/tr\/urun\/manyetik-kapi-kilidi\/#breadcrumb\",\"itemListElement\":[{\"@type\":\"ListItem\",\"position\":1,\"name\":\"Anasayfa\",\"item\":\"https:\/\/profaj.co\/miknatis\/tr\/anasayfa\/\"},{\"@type\":\"ListItem\",\"position\":2,\"name\":\"\u00dcr\u00fcnler\",\"item\":\"https:\/\/profaj.co\/miknatis\/tr\/urunler\/\"},{\"@type\":\"ListItem\",\"position\":3,\"name\":\"Manyetik Kap\u0131 Kilidi\"}]},{\"@type\":\"WebSite\",\"@id\":\"https:\/\/profaj.co\/miknatis\/#website\",\"url\":\"https:\/\/profaj.co\/miknatis\/\",\"name\":\"M\u0131knat\u0131s Ar-Ge\",\"description\":\"\",\"publisher\":{\"@id\":\"https:\/\/profaj.co\/miknatis\/#organization\"},\"potentialAction\":[{\"@type\":\"SearchAction\",\"target\":{\"@type\":\"EntryPoint\",\"urlTemplate\":\"https:\/\/profaj.co\/miknatis\/?s={search_term_string}\"},\"query-input\":\"required name=search_term_string\"}],\"inLanguage\":\"tr\"},{\"@type\":\"Organization\",\"@id\":\"https:\/\/profaj.co\/miknatis\/#organization\",\"name\":\"M\u0131knat\u0131s Ar-Ge\",\"url\":\"https:\/\/profaj.co\/miknatis\/\",\"logo\":{\"@type\":\"ImageObject\",\"inLanguage\":\"tr\",\"@id\":\"https:\/\/profaj.co\/miknatis\/#\/schema\/logo\/image\/\",\"url\":\"https:\/\/profaj.co\/miknatis\/wp-content\/uploads\/2023\/12\/logo-white.webp\",\"contentUrl\":\"https:\/\/profaj.co\/miknatis\/wp-content\/uploads\/2023\/12\/logo-white.webp\",\"width\":300,\"height\":266,\"caption\":\"M\u0131knat\u0131s Ar-Ge\"},\"image\":{\"@id\":\"https:\/\/profaj.co\/miknatis\/#\/schema\/logo\/image\/\"}}]}<\/script>\n<!-- \/ Yoast SEO Premium plugin. -->","yoast_head_json":{"title":"Manyetik Kap\u0131 Kilidi - M\u0131knat\u0131s Ar-Ge","robots":{"index":"index","follow":"follow","max-snippet":"max-snippet:-1","max-image-preview":"max-image-preview:large","max-video-preview":"max-video-preview:-1"},"canonical":"https:\/\/profaj.co\/miknatis\/tr\/urun\/manyetik-kapi-kilidi\/","og_locale":"tr_TR","og_type":"article","og_title":"Manyetik Kap\u0131 Kilidi","og_description":"Kolay montaj\u0131 ile ihtiyac\u0131n\u0131z olan her t\u00fcr kap\u0131da kullanabilece\u011finiz sade tasar\u0131ma sahiptir. \u00dcr\u00fcn foto\u011fraflar\u0131ndaki teknik resmi inceleyiniz. \u0130\u00e7indeki m\u0131knat\u0131s ile kap\u0131n\u0131n a\u00e7\u0131l\u0131p kapanmas\u0131n\u0131 kontrol alt\u0131na al\u0131r. \u0130nsan g\u00fcc\u00fc ile kap\u0131 a\u00e7\u0131l\u0131r ve kapan\u0131r. Bunun d\u0131\u015f\u0131nda kap\u0131y\u0131 kapal\u0131 tutar.","og_url":"https:\/\/profaj.co\/miknatis\/tr\/urun\/manyetik-kapi-kilidi\/","og_site_name":"M\u0131knat\u0131s Ar-Ge","article_modified_time":"2024-05-17T13:49:01+00:00","og_image":[{"width":1000,"height":1000,"url":"https:\/\/profaj.co\/miknatis\/wp-content\/uploads\/2024\/05\/miknatis-arge_627a6d9cd6d49.jpg","type":"image\/jpeg"}],"twitter_card":"summary_large_image","schema":{"@context":"https:\/\/schema.org","@graph":[{"@type":"WebPage","@id":"https:\/\/profaj.co\/miknatis\/tr\/urun\/manyetik-kapi-kilidi\/","url":"https:\/\/profaj.co\/miknatis\/tr\/urun\/manyetik-kapi-kilidi\/","name":"Manyetik Kap\u0131 Kilidi - M\u0131knat\u0131s Ar-Ge","isPartOf":{"@id":"https:\/\/profaj.co\/miknatis\/#website"},"datePublished":"2024-05-17T13:46:45+00:00","dateModified":"2024-05-17T13:49:01+00:00","breadcrumb":{"@id":"https:\/\/profaj.co\/miknatis\/tr\/urun\/manyetik-kapi-kilidi\/#breadcrumb"},"inLanguage":"tr","potentialAction":[{"@type":"ReadAction","target":["https:\/\/profaj.co\/miknatis\/tr\/urun\/manyetik-kapi-kilidi\/"]}]},{"@type":"BreadcrumbList","@id":"https:\/\/profaj.co\/miknatis\/tr\/urun\/manyetik-kapi-kilidi\/#breadcrumb","itemListElement":[{"@type":"ListItem","position":1,"name":"Anasayfa","item":"https:\/\/profaj.co\/miknatis\/tr\/anasayfa\/"},{"@type":"ListItem","position":2,"name":"\u00dcr\u00fcnler","item":"https:\/\/profaj.co\/miknatis\/tr\/urunler\/"},{"@type":"ListItem","position":3,"name":"Manyetik Kap\u0131 Kilidi"}]},{"@type":"WebSite","@id":"https:\/\/profaj.co\/miknatis\/#website","url":"https:\/\/profaj.co\/miknatis\/","name":"M\u0131knat\u0131s Ar-Ge","description":"","publisher":{"@id":"https:\/\/profaj.co\/miknatis\/#organization"},"potentialAction":[{"@type":"SearchAction","target":{"@type":"EntryPoint","urlTemplate":"https:\/\/profaj.co\/miknatis\/?s={search_term_string}"},"query-input":"required name=search_term_string"}],"inLanguage":"tr"},{"@type":"Organization","@id":"https:\/\/profaj.co\/miknatis\/#organization","name":"M\u0131knat\u0131s Ar-Ge","url":"https:\/\/profaj.co\/miknatis\/","logo":{"@type":"ImageObject","inLanguage":"tr","@id":"https:\/\/profaj.co\/miknatis\/#\/schema\/logo\/image\/","url":"https:\/\/profaj.co\/miknatis\/wp-content\/uploads\/2023\/12\/logo-white.webp","contentUrl":"https:\/\/profaj.co\/miknatis\/wp-content\/uploads\/2023\/12\/logo-white.webp","width":300,"height":266,"caption":"M\u0131knat\u0131s Ar-Ge"},"image":{"@id":"https:\/\/profaj.co\/miknatis\/#\/schema\/logo\/image\/"}}]}},"lang":"tr","translations":{"tr":7194,"en":7330},"pll_sync_post":[],"_links":{"self":[{"href":"https:\/\/profaj.co\/miknatis\/wp-json\/wp\/v2\/product\/7194","targetHints":{"allow":["GET"]}}],"collection":[{"href":"https:\/\/profaj.co\/miknatis\/wp-json\/wp\/v2\/product"}],"about":[{"href":"https:\/\/profaj.co\/miknatis\/wp-json\/wp\/v2\/types\/product"}],"wp:featuredmedia":[{"embeddable":true,"href":"https:\/\/profaj.co\/miknatis\/wp-json\/wp\/v2\/media\/7197"}],"wp:attachment":[{"href":"https:\/\/profaj.co\/miknatis\/wp-json\/wp\/v2\/media?parent=7194"}],"wp:term":[{"taxonomy":"product_cat","embeddable":true,"href":"https:\/\/profaj.co\/miknatis\/wp-json\/wp\/v2\/product_cat?post=7194"},{"taxonomy":"product_tag","embeddable":true,"href":"https:\/\/profaj.co\/miknatis\/wp-json\/wp\/v2\/product_tag?post=7194"}],"curies":[{"name":"wp","href":"https:\/\/api.w.org\/{rel}","templated":true}]}}