{"id":7286,"date":"2024-05-20T10:01:05","date_gmt":"2024-05-20T07:01:05","guid":{"rendered":"https:\/\/profaj.co\/miknatis\/?post_type=product&#038;p=7286"},"modified":"2024-08-19T13:51:20","modified_gmt":"2024-08-19T10:51:20","slug":"closed-magnetic-drums","status":"publish","type":"product","link":"https:\/\/profaj.co\/miknatis\/product\/closed-magnetic-drums\/","title":{"rendered":"Closed Magnetic Drums"},"content":{"rendered":"<p>It provides automatic separation of the iron particles in the product fed on it, without the need for a belt system, thanks to the separator blade, without touching it. Magnetic product falls to the back of the drum, non-magnetic product falls to the front of the drum. It is used in the continuous and fully automatic separation of ferromagnetic (Fe) ferrous metals in high-capacity coarse raw materials such as granules and fibers in the plastic and ceramic industries, for cleaning metal wires in grain (wheat, etc.), dry food (sugar, etc.), chemicals, carbon black.<\/p>\n<p>It is called Semi-Magnetic Drum because it has an angled adjustable permanent magnet inside the drum. While the product fed by pipeline or vibration flows from the drum surface with free flow, the Fe-containing metals in it cling to the magnetic surface and fall to the back surface against the product flow and leave the product. Depending on the product, different feeding methods are suggested.<\/p>\n<p>Magnetic Drums are manufactured from Ferrite Magnets since 1000-1500 Gauss is sufficient to separate iron, nails, etc. with high magnetic sensitivity.<\/p>\n<p>Neodymium Magnets are used to separate weak magnetic particles. The magnetic flux density value measured on the stainless armor surface can be manufactured with B: 2000-2500 Gauss \/ 3000-3500 Gauss \/ 4000-4500 Gauss \/ 6000-7000 Gauss. These values depend on the particle size of the product fed, the magnetic sensitivity of the metal, etc. are selected and recommended according to their characteristics.<\/p>\n<p>Our food type drum magnets inside the body have a hygienic design against bacterial growth. The body is produced as completely stainless.<\/p>\n<p><img fetchpriority=\"high\" decoding=\"async\" class=\"alignnone size-medium wp-image-6993\" src=\"https:\/\/profaj.co\/miknatis\/wp-content\/uploads\/2024\/05\/260586530-300x202.jpg\" alt=\"\" width=\"300\" height=\"202\" srcset=\"https:\/\/profaj.co\/miknatis\/wp-content\/uploads\/2024\/05\/260586530-300x202.jpg 300w, https:\/\/profaj.co\/miknatis\/wp-content\/uploads\/2024\/05\/260586530.jpg 372w\" sizes=\"(max-width: 300px) 100vw, 300px\" \/> <img decoding=\"async\" class=\"alignnone size-medium wp-image-6992\" src=\"https:\/\/profaj.co\/miknatis\/wp-content\/uploads\/2024\/05\/1385661120-300x225.jpg\" alt=\"\" width=\"300\" height=\"225\" srcset=\"https:\/\/profaj.co\/miknatis\/wp-content\/uploads\/2024\/05\/1385661120-300x225.jpg 300w, https:\/\/profaj.co\/miknatis\/wp-content\/uploads\/2024\/05\/1385661120.jpg 333w\" sizes=\"(max-width: 300px) 100vw, 300px\" \/> <img decoding=\"async\" class=\"alignnone size-medium wp-image-6991\" src=\"https:\/\/profaj.co\/miknatis\/wp-content\/uploads\/2024\/05\/1587062632-300x225.jpg\" alt=\"\" width=\"300\" height=\"225\" srcset=\"https:\/\/profaj.co\/miknatis\/wp-content\/uploads\/2024\/05\/1587062632-300x225.jpg 300w, https:\/\/profaj.co\/miknatis\/wp-content\/uploads\/2024\/05\/1587062632.jpg 333w\" sizes=\"(max-width: 300px) 100vw, 300px\" \/><\/p>\n<p>G\u00f6vde i\u00e7erisinde bulunan g\u0131da tipi tambur m\u0131knat\u0131slar\u0131m\u0131z bakteri \u00fcremesine kar\u015f\u0131 hijyenik bir tasar\u0131ma sahiptir. G\u00f6vde komple paslanmaz olarak \u00fcretilmektedir.<\/p>\n<p><img loading=\"lazy\" decoding=\"async\" class=\"alignnone size-medium wp-image-6994\" src=\"https:\/\/profaj.co\/miknatis\/wp-content\/uploads\/2024\/05\/1486750562-300x243.jpg\" alt=\"\" width=\"300\" height=\"243\" srcset=\"https:\/\/profaj.co\/miknatis\/wp-content\/uploads\/2024\/05\/1486750562-300x243.jpg 300w, https:\/\/profaj.co\/miknatis\/wp-content\/uploads\/2024\/05\/1486750562-768x621.jpg 768w, https:\/\/profaj.co\/miknatis\/wp-content\/uploads\/2024\/05\/1486750562-600x485.jpg 600w, https:\/\/profaj.co\/miknatis\/wp-content\/uploads\/2024\/05\/1486750562.jpg 1000w\" sizes=\"(max-width: 300px) 100vw, 300px\" \/><\/p>\n<p>&nbsp;<\/p>\n","protected":false},"excerpt":{"rendered":"<p>It provides automatic separation of the iron particles in the product fed on it, without the need for a belt system, thanks to the separator blade, without touching it.<\/p>\n","protected":false},"featured_media":6995,"template":"","meta":[],"product_cat":[314,158],"product_tag":[],"class_list":["post-7286","product","type-product","status-publish","has-post-thumbnail","hentry","product_cat-semi-magnetic-drums-and-systems","product_cat-magnetic-seperation"],"acf":[],"yoast_head":"<!-- This site is optimized with the Yoast SEO Premium plugin v22.1 (Yoast SEO v22.1) - https:\/\/yoast.com\/wordpress\/plugins\/seo\/ -->\n<title>Closed Magnetic Drums - M\u0131knat\u0131s Ar-Ge<\/title>\n<meta name=\"robots\" content=\"index, follow, max-snippet:-1, max-image-preview:large, max-video-preview:-1\" \/>\n<link rel=\"canonical\" href=\"https:\/\/profaj.co\/miknatis\/product\/closed-magnetic-drums\/\" \/>\n<meta property=\"og:locale\" content=\"tr_TR\" \/>\n<meta property=\"og:type\" content=\"article\" \/>\n<meta property=\"og:title\" content=\"Closed Magnetic Drums\" \/>\n<meta property=\"og:description\" content=\"It provides automatic separation of the iron particles in the product fed on it, without the need for a belt system, thanks to the separator blade, without touching it.\" \/>\n<meta property=\"og:url\" content=\"https:\/\/profaj.co\/miknatis\/product\/closed-magnetic-drums\/\" \/>\n<meta property=\"og:site_name\" content=\"M\u0131knat\u0131s Ar-Ge\" \/>\n<meta property=\"article:modified_time\" content=\"2024-08-19T10:51:20+00:00\" \/>\n<meta property=\"og:image\" content=\"https:\/\/profaj.co\/miknatis\/wp-content\/uploads\/2024\/05\/miknatis-arge_62618916c598a.jpg\" \/>\n\t<meta property=\"og:image:width\" content=\"1500\" \/>\n\t<meta property=\"og:image:height\" content=\"1500\" \/>\n\t<meta property=\"og:image:type\" content=\"image\/jpeg\" \/>\n<meta name=\"twitter:card\" content=\"summary_large_image\" \/>\n<meta name=\"twitter:label1\" content=\"Tahmini okuma s\u00fcresi\" \/>\n\t<meta name=\"twitter:data1\" content=\"1 dakika\" \/>\n<script type=\"application\/ld+json\" class=\"yoast-schema-graph\">{\"@context\":\"https:\/\/schema.org\",\"@graph\":[{\"@type\":\"WebPage\",\"@id\":\"https:\/\/profaj.co\/miknatis\/product\/closed-magnetic-drums\/\",\"url\":\"https:\/\/profaj.co\/miknatis\/product\/closed-magnetic-drums\/\",\"name\":\"Closed Magnetic Drums - M\u0131knat\u0131s Ar-Ge\",\"isPartOf\":{\"@id\":\"https:\/\/profaj.co\/miknatis\/#website\"},\"datePublished\":\"2024-05-20T07:01:05+00:00\",\"dateModified\":\"2024-08-19T10:51:20+00:00\",\"breadcrumb\":{\"@id\":\"https:\/\/profaj.co\/miknatis\/product\/closed-magnetic-drums\/#breadcrumb\"},\"inLanguage\":\"tr\",\"potentialAction\":[{\"@type\":\"ReadAction\",\"target\":[\"https:\/\/profaj.co\/miknatis\/product\/closed-magnetic-drums\/\"]}]},{\"@type\":\"BreadcrumbList\",\"@id\":\"https:\/\/profaj.co\/miknatis\/product\/closed-magnetic-drums\/#breadcrumb\",\"itemListElement\":[{\"@type\":\"ListItem\",\"position\":1,\"name\":\"Anasayfa\",\"item\":\"https:\/\/profaj.co\/miknatis\/tr\/anasayfa\/\"},{\"@type\":\"ListItem\",\"position\":2,\"name\":\"\u00dcr\u00fcnler\",\"item\":\"https:\/\/profaj.co\/miknatis\/tr\/urunler\/\"},{\"@type\":\"ListItem\",\"position\":3,\"name\":\"Closed Magnetic Drums\"}]},{\"@type\":\"WebSite\",\"@id\":\"https:\/\/profaj.co\/miknatis\/#website\",\"url\":\"https:\/\/profaj.co\/miknatis\/\",\"name\":\"M\u0131knat\u0131s Ar-Ge\",\"description\":\"\",\"publisher\":{\"@id\":\"https:\/\/profaj.co\/miknatis\/#organization\"},\"potentialAction\":[{\"@type\":\"SearchAction\",\"target\":{\"@type\":\"EntryPoint\",\"urlTemplate\":\"https:\/\/profaj.co\/miknatis\/?s={search_term_string}\"},\"query-input\":\"required name=search_term_string\"}],\"inLanguage\":\"tr\"},{\"@type\":\"Organization\",\"@id\":\"https:\/\/profaj.co\/miknatis\/#organization\",\"name\":\"M\u0131knat\u0131s Ar-Ge\",\"url\":\"https:\/\/profaj.co\/miknatis\/\",\"logo\":{\"@type\":\"ImageObject\",\"inLanguage\":\"tr\",\"@id\":\"https:\/\/profaj.co\/miknatis\/#\/schema\/logo\/image\/\",\"url\":\"https:\/\/profaj.co\/miknatis\/wp-content\/uploads\/2023\/12\/logo-white.webp\",\"contentUrl\":\"https:\/\/profaj.co\/miknatis\/wp-content\/uploads\/2023\/12\/logo-white.webp\",\"width\":300,\"height\":266,\"caption\":\"M\u0131knat\u0131s Ar-Ge\"},\"image\":{\"@id\":\"https:\/\/profaj.co\/miknatis\/#\/schema\/logo\/image\/\"}}]}<\/script>\n<!-- \/ Yoast SEO Premium plugin. -->","yoast_head_json":{"title":"Closed Magnetic Drums - M\u0131knat\u0131s Ar-Ge","robots":{"index":"index","follow":"follow","max-snippet":"max-snippet:-1","max-image-preview":"max-image-preview:large","max-video-preview":"max-video-preview:-1"},"canonical":"https:\/\/profaj.co\/miknatis\/product\/closed-magnetic-drums\/","og_locale":"tr_TR","og_type":"article","og_title":"Closed Magnetic Drums","og_description":"It provides automatic separation of the iron particles in the product fed on it, without the need for a belt system, thanks to the separator blade, without touching it.","og_url":"https:\/\/profaj.co\/miknatis\/product\/closed-magnetic-drums\/","og_site_name":"M\u0131knat\u0131s Ar-Ge","article_modified_time":"2024-08-19T10:51:20+00:00","og_image":[{"width":1500,"height":1500,"url":"https:\/\/profaj.co\/miknatis\/wp-content\/uploads\/2024\/05\/miknatis-arge_62618916c598a.jpg","type":"image\/jpeg"}],"twitter_card":"summary_large_image","twitter_misc":{"Tahmini okuma s\u00fcresi":"1 dakika"},"schema":{"@context":"https:\/\/schema.org","@graph":[{"@type":"WebPage","@id":"https:\/\/profaj.co\/miknatis\/product\/closed-magnetic-drums\/","url":"https:\/\/profaj.co\/miknatis\/product\/closed-magnetic-drums\/","name":"Closed Magnetic Drums - M\u0131knat\u0131s Ar-Ge","isPartOf":{"@id":"https:\/\/profaj.co\/miknatis\/#website"},"datePublished":"2024-05-20T07:01:05+00:00","dateModified":"2024-08-19T10:51:20+00:00","breadcrumb":{"@id":"https:\/\/profaj.co\/miknatis\/product\/closed-magnetic-drums\/#breadcrumb"},"inLanguage":"tr","potentialAction":[{"@type":"ReadAction","target":["https:\/\/profaj.co\/miknatis\/product\/closed-magnetic-drums\/"]}]},{"@type":"BreadcrumbList","@id":"https:\/\/profaj.co\/miknatis\/product\/closed-magnetic-drums\/#breadcrumb","itemListElement":[{"@type":"ListItem","position":1,"name":"Anasayfa","item":"https:\/\/profaj.co\/miknatis\/tr\/anasayfa\/"},{"@type":"ListItem","position":2,"name":"\u00dcr\u00fcnler","item":"https:\/\/profaj.co\/miknatis\/tr\/urunler\/"},{"@type":"ListItem","position":3,"name":"Closed Magnetic Drums"}]},{"@type":"WebSite","@id":"https:\/\/profaj.co\/miknatis\/#website","url":"https:\/\/profaj.co\/miknatis\/","name":"M\u0131knat\u0131s Ar-Ge","description":"","publisher":{"@id":"https:\/\/profaj.co\/miknatis\/#organization"},"potentialAction":[{"@type":"SearchAction","target":{"@type":"EntryPoint","urlTemplate":"https:\/\/profaj.co\/miknatis\/?s={search_term_string}"},"query-input":"required name=search_term_string"}],"inLanguage":"tr"},{"@type":"Organization","@id":"https:\/\/profaj.co\/miknatis\/#organization","name":"M\u0131knat\u0131s Ar-Ge","url":"https:\/\/profaj.co\/miknatis\/","logo":{"@type":"ImageObject","inLanguage":"tr","@id":"https:\/\/profaj.co\/miknatis\/#\/schema\/logo\/image\/","url":"https:\/\/profaj.co\/miknatis\/wp-content\/uploads\/2023\/12\/logo-white.webp","contentUrl":"https:\/\/profaj.co\/miknatis\/wp-content\/uploads\/2023\/12\/logo-white.webp","width":300,"height":266,"caption":"M\u0131knat\u0131s Ar-Ge"},"image":{"@id":"https:\/\/profaj.co\/miknatis\/#\/schema\/logo\/image\/"}}]}},"lang":"en","translations":{"en":7286,"tr":6990},"pll_sync_post":[],"_links":{"self":[{"href":"https:\/\/profaj.co\/miknatis\/wp-json\/wp\/v2\/product\/7286","targetHints":{"allow":["GET"]}}],"collection":[{"href":"https:\/\/profaj.co\/miknatis\/wp-json\/wp\/v2\/product"}],"about":[{"href":"https:\/\/profaj.co\/miknatis\/wp-json\/wp\/v2\/types\/product"}],"wp:featuredmedia":[{"embeddable":true,"href":"https:\/\/profaj.co\/miknatis\/wp-json\/wp\/v2\/media\/6995"}],"wp:attachment":[{"href":"https:\/\/profaj.co\/miknatis\/wp-json\/wp\/v2\/media?parent=7286"}],"wp:term":[{"taxonomy":"product_cat","embeddable":true,"href":"https:\/\/profaj.co\/miknatis\/wp-json\/wp\/v2\/product_cat?post=7286"},{"taxonomy":"product_tag","embeddable":true,"href":"https:\/\/profaj.co\/miknatis\/wp-json\/wp\/v2\/product_tag?post=7286"}],"curies":[{"name":"wp","href":"https:\/\/api.w.org\/{rel}","templated":true}]}}