{"id":7321,"date":"2024-05-20T12:33:15","date_gmt":"2024-05-20T09:33:15","guid":{"rendered":"https:\/\/profaj.co\/miknatis\/?post_type=product&#038;p=7321"},"modified":"2024-05-20T12:33:15","modified_gmt":"2024-05-20T09:33:15","slug":"spiralli-esnek-manyetik-yakalama-miknatisi-2","status":"publish","type":"product","link":"https:\/\/profaj.co\/miknatis\/tr\/urun\/spiralli-esnek-manyetik-yakalama-miknatisi-2\/","title":{"rendered":"Spiralli Esnek Manyetik Yakalama M\u0131knat\u0131s\u0131"},"content":{"rendered":"<div><strong>Spiralli Esnek Manyetik Par\u00e7a Yakalama M\u0131knat\u0131s\u0131<\/strong><\/div>\n<div><\/div>\n<div>Ula\u015f\u0131lmas\u0131 zor yerlerdeki metal par\u00e7alar\u0131n\u0131 (vida, civata, somun vb)\u00a0 yakalamak\u00a0ve kald\u0131rmak i\u00e7in en pratik \u00e7\u00f6z\u00fcm. Krom kaplamal\u0131 ve f\u0131r\u0131n boyal\u0131 modelleri mevcuttur.Esnek bir yap\u0131ya sahip oldu\u011fu kadar ayn\u0131 zamanda da verdi\u011finiz \u015fekli muhafaza eder. Elinizin girmedi\u011fi her yere ka\u00e7an ufak par\u00e7alar\u0131 m\u0131knat\u0131s\u0131 yard\u0131m\u0131 ile yakalayabilirsiniz. Piyasada m\u00fchendis parma\u011f\u0131, makinist parma\u011f\u0131 diye bilinir.<\/div>\n","protected":false},"excerpt":{"rendered":"<p>Ula\u015f\u0131lmas\u0131 zor yerlerdeki metal par\u00e7alar\u0131n\u0131 (vida, civata, somun vb)\u00a0 yakalamak\u00a0ve kald\u0131rmak i\u00e7in en pratik \u00e7\u00f6z\u00fcm. Krom kaplamal\u0131 ve f\u0131r\u0131n boyal\u0131 modelleri mevcuttur.<\/p>\n","protected":false},"featured_media":7322,"template":"","meta":[],"product_cat":[84],"product_tag":[],"class_list":["post-7321","product","type-product","status-publish","has-post-thumbnail","hentry","product_cat-manyetik-ekipmanlar"],"acf":[],"yoast_head":"<!-- This site is optimized with the Yoast SEO Premium plugin v22.1 (Yoast SEO v22.1) - https:\/\/yoast.com\/wordpress\/plugins\/seo\/ -->\n<title>Spiralli Esnek Manyetik Yakalama M\u0131knat\u0131s\u0131 - M\u0131knat\u0131s Ar-Ge<\/title>\n<meta name=\"robots\" content=\"index, follow, max-snippet:-1, max-image-preview:large, max-video-preview:-1\" \/>\n<link rel=\"canonical\" href=\"https:\/\/profaj.co\/miknatis\/tr\/urun\/spiralli-esnek-manyetik-yakalama-miknatisi-2\/\" \/>\n<meta property=\"og:locale\" content=\"tr_TR\" \/>\n<meta property=\"og:type\" content=\"article\" \/>\n<meta property=\"og:title\" content=\"Spiralli Esnek Manyetik Yakalama M\u0131knat\u0131s\u0131\" \/>\n<meta property=\"og:description\" content=\"Ula\u015f\u0131lmas\u0131 zor yerlerdeki metal par\u00e7alar\u0131n\u0131 (vida, civata, somun vb)\u00a0 yakalamak\u00a0ve kald\u0131rmak i\u00e7in en pratik \u00e7\u00f6z\u00fcm. Krom kaplamal\u0131 ve f\u0131r\u0131n boyal\u0131 modelleri mevcuttur.\" \/>\n<meta property=\"og:url\" content=\"https:\/\/profaj.co\/miknatis\/tr\/urun\/spiralli-esnek-manyetik-yakalama-miknatisi-2\/\" \/>\n<meta property=\"og:site_name\" content=\"M\u0131knat\u0131s Ar-Ge\" \/>\n<meta property=\"og:image\" content=\"https:\/\/profaj.co\/miknatis\/wp-content\/uploads\/2024\/05\/miknatis-arge_627a6d3da48ed-1.jpg\" \/>\n\t<meta property=\"og:image:width\" content=\"1000\" \/>\n\t<meta property=\"og:image:height\" content=\"1000\" \/>\n\t<meta property=\"og:image:type\" content=\"image\/jpeg\" \/>\n<meta name=\"twitter:card\" content=\"summary_large_image\" \/>\n<script type=\"application\/ld+json\" class=\"yoast-schema-graph\">{\"@context\":\"https:\/\/schema.org\",\"@graph\":[{\"@type\":\"WebPage\",\"@id\":\"https:\/\/profaj.co\/miknatis\/tr\/urun\/spiralli-esnek-manyetik-yakalama-miknatisi-2\/\",\"url\":\"https:\/\/profaj.co\/miknatis\/tr\/urun\/spiralli-esnek-manyetik-yakalama-miknatisi-2\/\",\"name\":\"Spiralli Esnek Manyetik Yakalama M\u0131knat\u0131s\u0131 - M\u0131knat\u0131s Ar-Ge\",\"isPartOf\":{\"@id\":\"https:\/\/profaj.co\/miknatis\/#website\"},\"datePublished\":\"2024-05-20T09:33:15+00:00\",\"dateModified\":\"2024-05-20T09:33:15+00:00\",\"breadcrumb\":{\"@id\":\"https:\/\/profaj.co\/miknatis\/tr\/urun\/spiralli-esnek-manyetik-yakalama-miknatisi-2\/#breadcrumb\"},\"inLanguage\":\"tr\",\"potentialAction\":[{\"@type\":\"ReadAction\",\"target\":[\"https:\/\/profaj.co\/miknatis\/tr\/urun\/spiralli-esnek-manyetik-yakalama-miknatisi-2\/\"]}]},{\"@type\":\"BreadcrumbList\",\"@id\":\"https:\/\/profaj.co\/miknatis\/tr\/urun\/spiralli-esnek-manyetik-yakalama-miknatisi-2\/#breadcrumb\",\"itemListElement\":[{\"@type\":\"ListItem\",\"position\":1,\"name\":\"Anasayfa\",\"item\":\"https:\/\/profaj.co\/miknatis\/tr\/anasayfa\/\"},{\"@type\":\"ListItem\",\"position\":2,\"name\":\"\u00dcr\u00fcnler\",\"item\":\"https:\/\/profaj.co\/miknatis\/tr\/urunler\/\"},{\"@type\":\"ListItem\",\"position\":3,\"name\":\"Spiralli Esnek Manyetik Yakalama M\u0131knat\u0131s\u0131\"}]},{\"@type\":\"WebSite\",\"@id\":\"https:\/\/profaj.co\/miknatis\/#website\",\"url\":\"https:\/\/profaj.co\/miknatis\/\",\"name\":\"M\u0131knat\u0131s Ar-Ge\",\"description\":\"\",\"publisher\":{\"@id\":\"https:\/\/profaj.co\/miknatis\/#organization\"},\"potentialAction\":[{\"@type\":\"SearchAction\",\"target\":{\"@type\":\"EntryPoint\",\"urlTemplate\":\"https:\/\/profaj.co\/miknatis\/?s={search_term_string}\"},\"query-input\":\"required name=search_term_string\"}],\"inLanguage\":\"tr\"},{\"@type\":\"Organization\",\"@id\":\"https:\/\/profaj.co\/miknatis\/#organization\",\"name\":\"M\u0131knat\u0131s Ar-Ge\",\"url\":\"https:\/\/profaj.co\/miknatis\/\",\"logo\":{\"@type\":\"ImageObject\",\"inLanguage\":\"tr\",\"@id\":\"https:\/\/profaj.co\/miknatis\/#\/schema\/logo\/image\/\",\"url\":\"https:\/\/profaj.co\/miknatis\/wp-content\/uploads\/2023\/12\/logo-white.webp\",\"contentUrl\":\"https:\/\/profaj.co\/miknatis\/wp-content\/uploads\/2023\/12\/logo-white.webp\",\"width\":300,\"height\":266,\"caption\":\"M\u0131knat\u0131s Ar-Ge\"},\"image\":{\"@id\":\"https:\/\/profaj.co\/miknatis\/#\/schema\/logo\/image\/\"}}]}<\/script>\n<!-- \/ Yoast SEO Premium plugin. -->","yoast_head_json":{"title":"Spiralli Esnek Manyetik Yakalama M\u0131knat\u0131s\u0131 - M\u0131knat\u0131s Ar-Ge","robots":{"index":"index","follow":"follow","max-snippet":"max-snippet:-1","max-image-preview":"max-image-preview:large","max-video-preview":"max-video-preview:-1"},"canonical":"https:\/\/profaj.co\/miknatis\/tr\/urun\/spiralli-esnek-manyetik-yakalama-miknatisi-2\/","og_locale":"tr_TR","og_type":"article","og_title":"Spiralli Esnek Manyetik Yakalama M\u0131knat\u0131s\u0131","og_description":"Ula\u015f\u0131lmas\u0131 zor yerlerdeki metal par\u00e7alar\u0131n\u0131 (vida, civata, somun vb)\u00a0 yakalamak\u00a0ve kald\u0131rmak i\u00e7in en pratik \u00e7\u00f6z\u00fcm. Krom kaplamal\u0131 ve f\u0131r\u0131n boyal\u0131 modelleri mevcuttur.","og_url":"https:\/\/profaj.co\/miknatis\/tr\/urun\/spiralli-esnek-manyetik-yakalama-miknatisi-2\/","og_site_name":"M\u0131knat\u0131s Ar-Ge","og_image":[{"width":1000,"height":1000,"url":"https:\/\/profaj.co\/miknatis\/wp-content\/uploads\/2024\/05\/miknatis-arge_627a6d3da48ed-1.jpg","type":"image\/jpeg"}],"twitter_card":"summary_large_image","schema":{"@context":"https:\/\/schema.org","@graph":[{"@type":"WebPage","@id":"https:\/\/profaj.co\/miknatis\/tr\/urun\/spiralli-esnek-manyetik-yakalama-miknatisi-2\/","url":"https:\/\/profaj.co\/miknatis\/tr\/urun\/spiralli-esnek-manyetik-yakalama-miknatisi-2\/","name":"Spiralli Esnek Manyetik Yakalama M\u0131knat\u0131s\u0131 - M\u0131knat\u0131s Ar-Ge","isPartOf":{"@id":"https:\/\/profaj.co\/miknatis\/#website"},"datePublished":"2024-05-20T09:33:15+00:00","dateModified":"2024-05-20T09:33:15+00:00","breadcrumb":{"@id":"https:\/\/profaj.co\/miknatis\/tr\/urun\/spiralli-esnek-manyetik-yakalama-miknatisi-2\/#breadcrumb"},"inLanguage":"tr","potentialAction":[{"@type":"ReadAction","target":["https:\/\/profaj.co\/miknatis\/tr\/urun\/spiralli-esnek-manyetik-yakalama-miknatisi-2\/"]}]},{"@type":"BreadcrumbList","@id":"https:\/\/profaj.co\/miknatis\/tr\/urun\/spiralli-esnek-manyetik-yakalama-miknatisi-2\/#breadcrumb","itemListElement":[{"@type":"ListItem","position":1,"name":"Anasayfa","item":"https:\/\/profaj.co\/miknatis\/tr\/anasayfa\/"},{"@type":"ListItem","position":2,"name":"\u00dcr\u00fcnler","item":"https:\/\/profaj.co\/miknatis\/tr\/urunler\/"},{"@type":"ListItem","position":3,"name":"Spiralli Esnek Manyetik Yakalama M\u0131knat\u0131s\u0131"}]},{"@type":"WebSite","@id":"https:\/\/profaj.co\/miknatis\/#website","url":"https:\/\/profaj.co\/miknatis\/","name":"M\u0131knat\u0131s Ar-Ge","description":"","publisher":{"@id":"https:\/\/profaj.co\/miknatis\/#organization"},"potentialAction":[{"@type":"SearchAction","target":{"@type":"EntryPoint","urlTemplate":"https:\/\/profaj.co\/miknatis\/?s={search_term_string}"},"query-input":"required name=search_term_string"}],"inLanguage":"tr"},{"@type":"Organization","@id":"https:\/\/profaj.co\/miknatis\/#organization","name":"M\u0131knat\u0131s Ar-Ge","url":"https:\/\/profaj.co\/miknatis\/","logo":{"@type":"ImageObject","inLanguage":"tr","@id":"https:\/\/profaj.co\/miknatis\/#\/schema\/logo\/image\/","url":"https:\/\/profaj.co\/miknatis\/wp-content\/uploads\/2023\/12\/logo-white.webp","contentUrl":"https:\/\/profaj.co\/miknatis\/wp-content\/uploads\/2023\/12\/logo-white.webp","width":300,"height":266,"caption":"M\u0131knat\u0131s Ar-Ge"},"image":{"@id":"https:\/\/profaj.co\/miknatis\/#\/schema\/logo\/image\/"}}]}},"lang":"tr","translations":{"tr":7321,"en":7326},"pll_sync_post":[],"_links":{"self":[{"href":"https:\/\/profaj.co\/miknatis\/wp-json\/wp\/v2\/product\/7321","targetHints":{"allow":["GET"]}}],"collection":[{"href":"https:\/\/profaj.co\/miknatis\/wp-json\/wp\/v2\/product"}],"about":[{"href":"https:\/\/profaj.co\/miknatis\/wp-json\/wp\/v2\/types\/product"}],"wp:featuredmedia":[{"embeddable":true,"href":"https:\/\/profaj.co\/miknatis\/wp-json\/wp\/v2\/media\/7322"}],"wp:attachment":[{"href":"https:\/\/profaj.co\/miknatis\/wp-json\/wp\/v2\/media?parent=7321"}],"wp:term":[{"taxonomy":"product_cat","embeddable":true,"href":"https:\/\/profaj.co\/miknatis\/wp-json\/wp\/v2\/product_cat?post=7321"},{"taxonomy":"product_tag","embeddable":true,"href":"https:\/\/profaj.co\/miknatis\/wp-json\/wp\/v2\/product_tag?post=7321"}],"curies":[{"name":"wp","href":"https:\/\/api.w.org\/{rel}","templated":true}]}}