{"id":2135,"date":"2025-12-05T11:14:49","date_gmt":"2025-12-05T11:14:49","guid":{"rendered":"https:\/\/profaj.co\/rotaegitim\/?post_type=duyurular&#038;p=2135"},"modified":"2026-03-18T06:08:15","modified_gmt":"2026-03-18T06:08:15","slug":"1-4-eylul-2025-anaokulu-ve-1-sinif-oryantasyon-programi","status":"publish","type":"duyurular","link":"https:\/\/profaj.co\/rotaegitim\/duyurular\/1-4-eylul-2025-anaokulu-ve-1-sinif-oryantasyon-programi\/","title":{"rendered":"1\u20134 Eyl\u00fcl 2025 | Anaokulu ve 1. S\u0131n\u0131f Oryantasyon Program\u0131"},"content":{"rendered":"<p><span style=\"font-weight: 400;\">2025\u20132026 e\u011fitim \u00f6\u011fretim y\u0131l\u0131 \u00f6ncesinde anaokulu ve 1. s\u0131n\u0131f \u00f6\u011frencilerimizin okula uyum s\u00fcre\u00e7lerini desteklemek amac\u0131yla 1\u20134 Eyl\u00fcl 2025 tarihleri aras\u0131nda oryantasyon program\u0131 ger\u00e7ekle\u015ftirilecektir.<\/span><\/p>\n","protected":false},"featured_media":0,"parent":0,"template":"","meta":{"_acf_changed":false},"class_list":["post-2135","duyurular","type-duyurular","status-publish","hentry"],"acf":[],"_links":{"self":[{"href":"https:\/\/profaj.co\/rotaegitim\/wp-json\/wp\/v2\/duyurular\/2135","targetHints":{"allow":["GET"]}}],"collection":[{"href":"https:\/\/profaj.co\/rotaegitim\/wp-json\/wp\/v2\/duyurular"}],"about":[{"href":"https:\/\/profaj.co\/rotaegitim\/wp-json\/wp\/v2\/types\/duyurular"}],"wp:attachment":[{"href":"https:\/\/profaj.co\/rotaegitim\/wp-json\/wp\/v2\/media?parent=2135"}],"curies":[{"name":"wp","href":"https:\/\/api.w.org\/{rel}","templated":true}]}}

1–4 Eylül 2025 | Anaokulu ve 1. Sınıf Oryantasyon Programı

<p><span style="font-weight: 400;">2025–2026 eğitim öğretim yılı öncesinde anaokulu ve 1. sınıf öğrencilerimizin okula uyum süreçlerini desteklemek amacıyla 1–4 Eylül 2025 tarihleri arasında oryantasyon programı gerçekleştirilecektir.</span></p>
