{"id":2137,"date":"2025-12-05T11:15:05","date_gmt":"2025-12-05T11:15:05","guid":{"rendered":"https:\/\/profaj.co\/rotaegitim\/?post_type=duyurular&#038;p=2137"},"modified":"2026-03-18T06:08:39","modified_gmt":"2026-03-18T06:08:39","slug":"8-eylul-2025-2025-2026-egitim-ogretim-yili-basliyor","status":"publish","type":"duyurular","link":"https:\/\/profaj.co\/rotaegitim\/duyurular\/8-eylul-2025-2025-2026-egitim-ogretim-yili-basliyor\/","title":{"rendered":"8 Eyl\u00fcl 2025 | 2025\u20132026 E\u011fitim \u00d6\u011fretim Y\u0131l\u0131 Ba\u015fl\u0131yor"},"content":{"rendered":"<p><span style=\"font-weight: 400;\">2025\u20132026 e\u011fitim \u00f6\u011fretim y\u0131l\u0131 8 Eyl\u00fcl 2025 Pazartesi g\u00fcn\u00fc ba\u015flayacakt\u0131r. Yeni e\u011fitim \u00f6\u011fretim y\u0131l\u0131n\u0131n t\u00fcm \u00f6\u011frencilerimize ba\u015far\u0131 ve mutluluk getirmesini diliyoruz.<\/span><\/p>\n","protected":false},"featured_media":0,"parent":0,"template":"","meta":{"_acf_changed":false},"class_list":["post-2137","duyurular","type-duyurular","status-publish","hentry"],"acf":[],"_links":{"self":[{"href":"https:\/\/profaj.co\/rotaegitim\/wp-json\/wp\/v2\/duyurular\/2137","targetHints":{"allow":["GET"]}}],"collection":[{"href":"https:\/\/profaj.co\/rotaegitim\/wp-json\/wp\/v2\/duyurular"}],"about":[{"href":"https:\/\/profaj.co\/rotaegitim\/wp-json\/wp\/v2\/types\/duyurular"}],"wp:attachment":[{"href":"https:\/\/profaj.co\/rotaegitim\/wp-json\/wp\/v2\/media?parent=2137"}],"curies":[{"name":"wp","href":"https:\/\/api.w.org\/{rel}","templated":true}]}}

8 Eylül 2025 | 2025–2026 Eğitim Öğretim Yılı Başlıyor

<p><span style="font-weight: 400;">2025–2026 eğitim öğretim yılı 8 Eylül 2025 Pazartesi günü başlayacaktır. Yeni eğitim öğretim yılının tüm öğrencilerimize başarı ve mutluluk getirmesini diliyoruz.</span></p>
