{"id":2138,"date":"2025-12-05T11:15:15","date_gmt":"2025-12-05T11:15:15","guid":{"rendered":"https:\/\/profaj.co\/rotaegitim\/?post_type=duyurular&#038;p=2138"},"modified":"2026-03-18T06:08:51","modified_gmt":"2026-03-18T06:08:51","slug":"19-eylul-2025-anasinifi-veli-toplantisi","status":"publish","type":"duyurular","link":"https:\/\/profaj.co\/rotaegitim\/duyurular\/19-eylul-2025-anasinifi-veli-toplantisi\/","title":{"rendered":"19 Eyl\u00fcl 2025 | Anas\u0131n\u0131f\u0131 Veli Toplant\u0131s\u0131"},"content":{"rendered":"<p><span style=\"font-weight: 400;\">Anas\u0131n\u0131f\u0131 velilerimize y\u00f6nelik e\u011fitim program\u0131, okul i\u015fleyi\u015fi ve y\u0131l boyunca y\u00fcr\u00fct\u00fclecek \u00e7al\u0131\u015fmalar hakk\u0131nda bilgilendirme amac\u0131yla veli toplant\u0131s\u0131 ger\u00e7ekle\u015ftirilecektir.<\/span><\/p>\n","protected":false},"featured_media":0,"parent":0,"template":"","meta":{"_acf_changed":false},"class_list":["post-2138","duyurular","type-duyurular","status-publish","hentry"],"acf":[],"_links":{"self":[{"href":"https:\/\/profaj.co\/rotaegitim\/wp-json\/wp\/v2\/duyurular\/2138","targetHints":{"allow":["GET"]}}],"collection":[{"href":"https:\/\/profaj.co\/rotaegitim\/wp-json\/wp\/v2\/duyurular"}],"about":[{"href":"https:\/\/profaj.co\/rotaegitim\/wp-json\/wp\/v2\/types\/duyurular"}],"wp:attachment":[{"href":"https:\/\/profaj.co\/rotaegitim\/wp-json\/wp\/v2\/media?parent=2138"}],"curies":[{"name":"wp","href":"https:\/\/api.w.org\/{rel}","templated":true}]}}

19 Eylül 2025 | Anasınıfı Veli Toplantısı

<p><span style="font-weight: 400;">Anasınıfı velilerimize yönelik eğitim programı, okul işleyişi ve yıl boyunca yürütülecek çalışmalar hakkında bilgilendirme amacıyla veli toplantısı gerçekleştirilecektir.</span></p>
