{"id":2709,"date":"2026-03-18T06:18:04","date_gmt":"2026-03-18T06:18:04","guid":{"rendered":"https:\/\/profaj.co\/rotaegitim\/?post_type=duyurular&#038;p=2709"},"modified":"2026-03-18T06:18:04","modified_gmt":"2026-03-18T06:18:04","slug":"21-subat-2026-ortaokul-veli-toplantisi","status":"publish","type":"duyurular","link":"https:\/\/profaj.co\/rotaegitim\/duyurular\/21-subat-2026-ortaokul-veli-toplantisi\/","title":{"rendered":"21 \u015eubat 2026 | Ortaokul Veli Toplant\u0131s\u0131"},"content":{"rendered":"<p>Ortaokul velilerimizle e\u011fitim s\u00fcrecine y\u00f6nelik de\u011ferlendirme toplant\u0131s\u0131 ger\u00e7ekle\u015ftirilecektir.<\/p>\n","protected":false},"featured_media":0,"parent":0,"template":"","meta":{"_acf_changed":false},"class_list":["post-2709","duyurular","type-duyurular","status-publish","hentry"],"acf":[],"_links":{"self":[{"href":"https:\/\/profaj.co\/rotaegitim\/wp-json\/wp\/v2\/duyurular\/2709","targetHints":{"allow":["GET"]}}],"collection":[{"href":"https:\/\/profaj.co\/rotaegitim\/wp-json\/wp\/v2\/duyurular"}],"about":[{"href":"https:\/\/profaj.co\/rotaegitim\/wp-json\/wp\/v2\/types\/duyurular"}],"wp:attachment":[{"href":"https:\/\/profaj.co\/rotaegitim\/wp-json\/wp\/v2\/media?parent=2709"}],"curies":[{"name":"wp","href":"https:\/\/api.w.org\/{rel}","templated":true}]}}

21 Şubat 2026 | Ortaokul Veli Toplantısı

<p>Ortaokul velilerimizle eğitim sürecine yönelik değerlendirme toplantısı gerçekleştirilecektir.</p>
