{"id":1706,"date":"2024-03-22T12:09:38","date_gmt":"2024-03-22T12:09:38","guid":{"rendered":"https:\/\/profaj.co\/tordemir\/?page_id=1706"},"modified":"2024-03-22T12:11:20","modified_gmt":"2024-03-22T12:11:20","slug":"gdpr","status":"publish","type":"page","link":"https:\/\/profaj.co\/tordemir\/gdpr\/","title":{"rendered":"GDPR"},"content":{"rendered":"\t\t<div data-elementor-type=\"wp-page\" data-elementor-id=\"1706\" class=\"elementor elementor-1706\" data-elementor-post-type=\"page\">\n\t\t\t\t\t\t\t<div class=\"elementor-element elementor-element-71fa5e46 e-flex e-con-boxed e-con e-parent\" data-id=\"71fa5e46\" data-element_type=\"container\" data-settings=\"{&quot;background_background&quot;:&quot;classic&quot;,&quot;content_width&quot;:&quot;boxed&quot;}\" data-core-v316-plus=\"true\">\n\t\t\t\t\t<div class=\"e-con-inner\">\n\t\t<div class=\"elementor-element elementor-element-7cf6d42b e-con-full e-flex e-con e-child\" data-id=\"7cf6d42b\" data-element_type=\"container\" data-settings=\"{&quot;content_width&quot;:&quot;full&quot;}\">\n\t\t<div class=\"elementor-element elementor-element-4035d15b e-con-full e-flex e-con e-child\" data-id=\"4035d15b\" data-element_type=\"container\" data-settings=\"{&quot;content_width&quot;:&quot;full&quot;}\">\n\t\t\t\t<\/div>\n\t\t\t\t<\/div>\n\t\t\t\t\t<\/div>\n\t\t\t\t<\/div>\n\t\t<div class=\"elementor-element elementor-element-30e0cb10 e-flex e-con-boxed e-con e-parent\" data-id=\"30e0cb10\" data-element_type=\"container\" data-settings=\"{&quot;background_background&quot;:&quot;classic&quot;,&quot;content_width&quot;:&quot;boxed&quot;}\" data-core-v316-plus=\"true\">\n\t\t\t\t\t<div class=\"e-con-inner\">\n\t\t<div class=\"elementor-element elementor-element-79538548 e-con-full e-flex e-con e-child\" data-id=\"79538548\" data-element_type=\"container\" data-settings=\"{&quot;content_width&quot;:&quot;full&quot;}\">\n\t\t<div class=\"elementor-element elementor-element-666a5e92 e-con-full e-flex elementor-invisible e-con e-child\" data-id=\"666a5e92\" data-element_type=\"container\" data-settings=\"{&quot;animation_mobile&quot;:&quot;none&quot;,&quot;animation&quot;:&quot;slideInUp&quot;,&quot;content_width&quot;:&quot;full&quot;}\">\n\t\t<div class=\"elementor-element elementor-element-4d22d788 e-con-full e-flex e-con e-child\" data-id=\"4d22d788\" data-element_type=\"container\" data-settings=\"{&quot;content_width&quot;:&quot;full&quot;}\">\n\t\t\t\t<div class=\"elementor-element elementor-element-5e89002e elementor-widget elementor-widget-text-editor\" data-id=\"5e89002e\" data-element_type=\"widget\" data-widget_type=\"text-editor.default\">\n\t\t\t\t<div class=\"elementor-widget-container\">\n\t\t\t<style>\/*! elementor - v3.18.0 - 08-12-2023 *\/\n.elementor-widget-text-editor.elementor-drop-cap-view-stacked .elementor-drop-cap{background-color:#69727d;color:#fff}.elementor-widget-text-editor.elementor-drop-cap-view-framed .elementor-drop-cap{color:#69727d;border:3px solid;background-color:transparent}.elementor-widget-text-editor:not(.elementor-drop-cap-view-default) .elementor-drop-cap{margin-top:8px}.elementor-widget-text-editor:not(.elementor-drop-cap-view-default) .elementor-drop-cap-letter{width:1em;height:1em}.elementor-widget-text-editor .elementor-drop-cap{float:left;text-align:center;line-height:1;font-size:50px}.elementor-widget-text-editor .elementor-drop-cap-letter{display:inline-block}<\/style>\t\t\t\t<p>As the relevant person (data subject), in accordance with Article 13 of Law No. 6698 on the Protection of Personal Data (KVKK) and the provisions of the &#8220;Regulation on Procedures and Principles of Application to Data Controller&#8221; dated 10.03.2018 and numbered 30356, you can send your requests regarding your rights specified in Article 11 of the same law in written form to our company headquarters at &#8220;Ke\u00e7ilik\u00f6y OSB Neighborhood, \u0130smail Sar\u0131g\u00f6zo\u011flu Street, No:15 Yunusemre\/Manisa&#8221; or to our company&#8217;s registered email address &#8220;<a target=\"_new\">tordemir@hs03.kep.tr<\/a>&#8220;.<\/p><p>In your application;\u00a0<\/p><p>\u25cf Name, surname, and if the application is written, signature,\u00a0<\/p><p>\u25cf Republic of Turkey identification number for Turkish citizens, nationality for foreigners, passport number, or if available, identification number,\u00a0<\/p><p>\u25cf Residence or workplace address for notification purposes,\u00a0<\/p><p>\u25cf If available, email address, phone, and fax number for notification,\u00a0<\/p><p>\u25cf Subject of the request,\u00a0<\/p><p>must be included as required by Article 5\/2 of the aforementioned regulation. Applications that do not contain one or more of this information unfortunately cannot be processed in accordance with the legislation.<\/p><p>Requests that you can submit within the scope of Article 11 of the KVKK are as follows:<\/p><ol><li>You can learn whether your personal data is being processed.<\/li><li>If your personal data has been processed, you can request information regarding this.<\/li><li>You can learn the purpose of processing your personal data and whether they are being used for their intended purpose.<\/li><li>You can learn third parties to whom your personal data has been transferred domestically or abroad.<\/li><li>In case your personal data is incomplete or incorrectly processed, you can request their correction.<\/li><li>You can request the deletion or destruction of your personal data.<\/li><li>You can request that your correction, deletion, or destruction requests be notified to third parties to whom your personal data has been transferred.<\/li><li>In case a result occurs against you as a result of exclusively analyzing your processed personal data through automated systems, you can object to this result.<\/li><li>In case you suffer damage due to the unlawful processing of your personal data, you can request the compensation of the damage.<\/li><\/ol>\t\t\t\t\t\t<\/div>\n\t\t\t\t<\/div>\n\t\t\t\t<\/div>\n\t\t\t\t<\/div>\n\t\t\t\t<\/div>\n\t\t\t\t\t<\/div>\n\t\t\t\t<\/div>\n\t\t\t\t\t\t\t<\/div>\n\t\t","protected":false},"excerpt":{"rendered":"<p>As the relevant person (data subject), in accordance with Article 13 of Law No. 6698 on the Protection of Personal Data (KVKK) and the provisions of the &#8220;Regulation on Procedures and Principles of Application to Data Controller&#8221; dated 10.03.2018 and numbered 30356, you can send your requests regarding your rights specified in Article 11 of [&hellip;]<\/p>\n","protected":false},"author":1,"featured_media":0,"parent":0,"menu_order":0,"comment_status":"closed","ping_status":"closed","template":"elementor_header_footer","meta":{"footnotes":""},"class_list":["post-1706","page","type-page","status-publish","hentry"],"acf":[],"_links":{"self":[{"href":"https:\/\/profaj.co\/tordemir\/wp-json\/wp\/v2\/pages\/1706","targetHints":{"allow":["GET"]}}],"collection":[{"href":"https:\/\/profaj.co\/tordemir\/wp-json\/wp\/v2\/pages"}],"about":[{"href":"https:\/\/profaj.co\/tordemir\/wp-json\/wp\/v2\/types\/page"}],"author":[{"embeddable":true,"href":"https:\/\/profaj.co\/tordemir\/wp-json\/wp\/v2\/users\/1"}],"replies":[{"embeddable":true,"href":"https:\/\/profaj.co\/tordemir\/wp-json\/wp\/v2\/comments?post=1706"}],"version-history":[{"count":13,"href":"https:\/\/profaj.co\/tordemir\/wp-json\/wp\/v2\/pages\/1706\/revisions"}],"predecessor-version":[{"id":1719,"href":"https:\/\/profaj.co\/tordemir\/wp-json\/wp\/v2\/pages\/1706\/revisions\/1719"}],"wp:attachment":[{"href":"https:\/\/profaj.co\/tordemir\/wp-json\/wp\/v2\/media?parent=1706"}],"curies":[{"name":"wp","href":"https:\/\/api.w.org\/{rel}","templated":true}]}}